From mboxrd@z Thu Jan 1 00:00:00 1970 Return-Path: Received: from mails.dpdk.org (mails.dpdk.org [217.70.189.124]) by inbox.dpdk.org (Postfix) with ESMTP id ABE8046701 for ; Fri, 9 May 2025 16:40:42 +0200 (CEST) Received: from mails.dpdk.org (localhost [127.0.0.1]) by mails.dpdk.org (Postfix) with ESMTP id A52C04025D; Fri, 9 May 2025 16:40:42 +0200 (CEST) Received: from mail-pl1-f228.google.com (mail-pl1-f228.google.com [209.85.214.228]) by mails.dpdk.org (Postfix) with ESMTP id BA61B4025A for ; Fri, 9 May 2025 16:40:40 +0200 (CEST) Received: by mail-pl1-f228.google.com with SMTP id d9443c01a7336-22fa47d6578so21051655ad.2 for ; Fri, 09 May 2025 07:40:40 -0700 (PDT) DKIM-Signature: v=1; a=rsa-sha256; c=relaxed/relaxed; d=iol.unh.edu; s=unh-iol; t=1746801639; x=1747406439; darn=dpdk.org; h=references:in-reply-to:cc:to:from:subject:message-id:date:from:to :cc:subject:date:message-id:reply-to; bh=fKVMvQR+m3mFFKUXpc5O8QTB2J0CxX5peVX107P2qGk=; b=jK4d3FO0rupKA75Z08q8wU7X/7aFrf2wQPcBqqpcqvn85keG7WUCxBraijbR7FhHeZ 1kVGGTrAlXVlsTuugx0b4y2LdHKgjw+UXY+/vYIYwlk53TkLGYPEKnDImPt9osz++tI3 6D3REgPWgzs/PMEefvMB0ijOncEjopBAzMuUE= X-Google-DKIM-Signature: v=1; a=rsa-sha256; c=relaxed/relaxed; d=1e100.net; s=20230601; t=1746801639; x=1747406439; h=references:in-reply-to:cc:to:from:subject:message-id:date :x-gm-message-state:from:to:cc:subject:date:message-id:reply-to; bh=fKVMvQR+m3mFFKUXpc5O8QTB2J0CxX5peVX107P2qGk=; b=nC3YIasDc+rF06WMO9TMoU81o1xaoJ9ou7iM58psVKmb+m6SGeZz+z3kvYCewh5syK Wc5fQj38BSfO4vkF2zew2sjyIwDOdunoLR7x2hd5KQUiyd2sqE7Unu0Ne54ZbRnwRoyg utC0ylxlt9v94X09olW3ZIQhqgPmrjBbnsXI1MV9JWGNS+VMywdBb4o62cKKok5PFz+T NCRajJ8WZbNHbhYdpThHFvaCupO7jhq0Wp3rFHhmAqDpaNm8TPZh9nidu5+FfsKkfgO5 HoNpSzfEeR9oHkt/hk8szHOag/1tG0fixDRtik8oDuk7ZrbzCf1/DLIqSu88ZBZ8mwxK NiOw== X-Gm-Message-State: AOJu0YwJug/XvAzX+LKPLF62+hgWJblNmM4TaZDq68MAmi+3pGzn1Eq9 VakuigkUdUuJo6RDf9+PbNFSQkz5itfT0F89Q7pjcAv/i+9BBYy7dFbe26kgCWh8uJpHYDi7bfw XYQSxY/8Xj9mGnJBOIvyHUUdYIvHhg+C54yEZK7EM X-Gm-Gg: ASbGncs6ebvsdn4n6OJ6+3ToDTrhyRg5UR8/5LTaFigNIElXoM7YRAGAhnP6K8AsZTT C5TkD09SY3qUn4ZlRqlf6NyUeUbf8oes/zL01vHV/rSSl1o+XlxAkIrL+72lr+U8E6etIzm9E9+ xg6r85+NeUmiXmttMsu+DgbpvolaeQ9xFcDHZCok8q/Zu+FcnB5QstT1B2DKET2PMORpWIHDhk5 A4UXSFhk+2jmughEJ75B7vuOGz2cLjIOJRIp7vKPt2SChurT+7Ro6G2ZXj+NqlQP4JrbQajUpUM q1lEi2WqWxOMh2swcXYzc/JtNE702Dk2/+5X8AZTlGi1NhIwAsj+lE6uS4E= X-Google-Smtp-Source: AGHT+IG+86AleWByyTrYzY+y7DpPEKU9UtC3oGR27WmS39pDVODBYOYvL+n3vogJkKtBS4+ZT7JK2sx/pQ+/ X-Received: by 2002:a17:903:19c6:b0:22e:7f20:52ed with SMTP id d9443c01a7336-22fc8b63d2amr47246615ad.20.1746801639417; Fri, 09 May 2025 07:40:39 -0700 (PDT) Received: from postal.iol.unh.edu (postal.iol.unh.edu. [132.177.123.84]) by smtp-relay.gmail.com with ESMTPS id d9443c01a7336-22fc5a27164sm1005505ad.38.2025.05.09.07.40.39 (version=TLS1_2 cipher=ECDHE-ECDSA-AES128-GCM-SHA256 bits=128/128); Fri, 09 May 2025 07:40:39 -0700 (PDT) X-Relaying-Domain: iol.unh.edu Date: Fri, 09 May 2025 07:40:39 -0700 (PDT) Message-ID: <681e13e7.170a0220.90bb4.8f1dSMTPIN_ADDED_MISSING@mx.google.com> Received: from [172.21.0.5] (unknown [172.18.0.240]) by postal.iol.unh.edu (Postfix) with ESMTP id 910DE6052471; Fri, 9 May 2025 10:40:38 -0400 (EDT) Subject: |WARNING| pw153383-153385 [PATCH] [v9,3/3] app/testpmd: add sleep co From: dpdklab@iol.unh.edu To: Test Report Cc: dpdk-test-reports@iol.unh.edu In-Reply-To: <78b85a747daa44382163d25090a2aa2da70aa291.1746797960.git.anatoly.burakov@intel.com> References: <78b85a747daa44382163d25090a2aa2da70aa291.1746797960.git.anatoly.burakov@intel.com> Content-Type: text/plain X-BeenThere: test-report@dpdk.org X-Mailman-Version: 2.1.29 Precedence: list List-Id: automatic DPDK test reports List-Unsubscribe: , List-Archive: List-Post: List-Help: List-Subscribe: , Errors-To: test-report-bounces@dpdk.org Test-Label: iol-compile-amd64-testing Test-Status: WARNING http://dpdk.org/patch/153385 _Testing issues_ Submitter: Burakov, Anatoly Date: Friday, May 09 2025 13:39:27 DPDK git baseline: Repo:dpdk Branch: master CommitID:75f179ebe347b6098cf3af26d3d3b7168fe3fe24 153383-153385 --> testing issues Upstream job id: Generic-DPDK-Compile-Meson#386744 Test environment and result as below: +-----------------------------------+--------------------+-------------------+------------------+-------------------+-------------------------+ | Environment | dpdk_meson_compile | dpdk_compile_spdk | dpdk_compile_ovs | dpdk_msvc_compile | dpdk_llvm_clang_compile | +===================================+====================+===================+==================+===================+=========================+ | CentOS Stream 9 | PASS | PASS | SKIPPED | SKIPPED | SKIPPED | +-----------------------------------+--------------------+-------------------+------------------+-------------------+-------------------------+ | CentOS Stream 10 | PEND | SKIPPED | SKIPPED | SKIPPED | SKIPPED | +-----------------------------------+--------------------+-------------------+------------------+-------------------+-------------------------+ | Debian 12 | PEND | PEND | SKIPPED | SKIPPED | SKIPPED | +-----------------------------------+--------------------+-------------------+------------------+-------------------+-------------------------+ | Fedora 40 | PASS | PASS | SKIPPED | SKIPPED | SKIPPED | +-----------------------------------+--------------------+-------------------+------------------+-------------------+-------------------------+ | Fedora 40 (Clang) | PEND | PEND | SKIPPED | SKIPPED | SKIPPED | +-----------------------------------+--------------------+-------------------+------------------+-------------------+-------------------------+ | Fedora 41 (Clang) | PEND | PEND | PEND | SKIPPED | SKIPPED | +-----------------------------------+--------------------+-------------------+------------------+-------------------+-------------------------+ | openSUSE Leap 15 | PEND | SKIPPED | SKIPPED | SKIPPED | SKIPPED | +-----------------------------------+--------------------+-------------------+------------------+-------------------+-------------------------+ | Fedora 41 | PASS | PASS | PASS | SKIPPED | SKIPPED | +-----------------------------------+--------------------+-------------------+------------------+-------------------+-------------------------+ | RHEL9 | PASS | SKIPPED | SKIPPED | SKIPPED | SKIPPED | +-----------------------------------+--------------------+-------------------+------------------+-------------------+-------------------------+ | Ubuntu 20.04 | PASS | SKIPPED | SKIPPED | SKIPPED | SKIPPED | +-----------------------------------+--------------------+-------------------+------------------+-------------------+-------------------------+ | Ubuntu 22.04 | PEND | PEND | SKIPPED | SKIPPED | SKIPPED | +-----------------------------------+--------------------+-------------------+------------------+-------------------+-------------------------+ | Ubuntu 24.04 | PEND | PEND | PEND | SKIPPED | SKIPPED | +-----------------------------------+--------------------+-------------------+------------------+-------------------+-------------------------+ | Ubuntu 24.04 32 Bit Cross Compile | PEND | SKIPPED | SKIPPED | SKIPPED | SKIPPED | +-----------------------------------+--------------------+-------------------+------------------+-------------------+-------------------------+ | Alpine | PEND | SKIPPED | SKIPPED | SKIPPED | SKIPPED | +-----------------------------------+--------------------+-------------------+------------------+-------------------+-------------------------+ | FreeBSD 13.5 | PASS | SKIPPED | SKIPPED | SKIPPED | SKIPPED | +-----------------------------------+--------------------+-------------------+------------------+-------------------+-------------------------+ | FreeBSD 14.2 | PASS | SKIPPED | SKIPPED | SKIPPED | SKIPPED | +-----------------------------------+--------------------+-------------------+------------------+-------------------+-------------------------+ | RHEL8 | PEND | SKIPPED | SKIPPED | SKIPPED | SKIPPED | +-----------------------------------+--------------------+-------------------+------------------+-------------------+-------------------------+ | Windows Server 2022 | SKIPPED | SKIPPED | SKIPPED | PASS | FAIL | +-----------------------------------+--------------------+-------------------+------------------+-------------------+-------------------------+ ==== 20 line log output for Windows Server 2022 (dpdk_llvm_clang_compile): ==== [450/858] Compiling C object lib/librte_cmdline.a.p/cmdline_cmdline_parse_num.c.obj FAILED: lib/librte_cmdline.a.p/cmdline_cmdline_parse_num.c.obj "clang" "-Ilib\librte_cmdline.a.p" "-Ilib" "-I..\lib" "-Ilib\cmdline" "-I..\lib\cmdline" "-Ilib\eal\common" "-I..\lib\eal\common" "-I." "-I.." "-Iconfig" "-I..\config" "-Ilib\eal\include" "-I..\lib\eal\include" "-Ilib\eal\windows\include" "-I..\lib\eal\windows\include" "-Ilib\eal\x86\include" "-I..\lib\eal\x86\include" "-Ilib\eal" "-I..\lib\eal" "-Ilib\log" "-I..\lib\log" "-Ilib\kvargs" "-I..\lib\kvargs" "-Ilib\net" "-I..\lib\net" "-Ilib\mbuf" "-I..\lib\mbuf" "-Ilib\mempool" "-I..\lib\mempool" "-Ilib\ring" "-I..\lib\ring" "-Ilib\metrics" "-I..\lib\metrics" "-Ilib\telemetry" "-I..\lib\telemetry" "-IC:\Program Files\Mellanox\MLNX_WinOF2_DevX_SDK\inc" "-Xclang" "-fcolor-diagnostics" "-pipe" "-D_FILE_OFFSET_BITS=64" "-Wall" "-Winvalid-pch" "-Wextra" "-Werror" "-std=c11" "-O3" "-include" "rte_config.h" "-Wvla" "-Wcast-qual" "-Wdeprecated" "-Wformat" "-Wformat-nonliteral" "-Wformat-security" "-Wmissing-declarations" "-Wmissing-prototypes" "-Wnested-externs" "-Wold-style-definition" "-Wpoin ter-arith" "-Wsign-compare" "-Wstrict-prototypes" "-Wundef" "-Wwrite-strings" "-Wno-missing-field-initializers" "-D_GNU_SOURCE" "-D_WIN32_WINNT=0x0A00" "-D_CRT_SECURE_NO_WARNINGS" "-march=native" "-mrtm" "-DALLOW_EXPERIMENTAL_API" "-DALLOW_INTERNAL_API" "-DRTE_LOG_DEFAULT_LOGTYPE=lib.cmdline" "-DRTE_ANNOTATE_LOCKS" "-Wthread-safety" -MD -MQ lib/librte_cmdline.a.p/cmdline_cmdline_parse_num.c.obj -MF "lib\librte_cmdline.a.p\cmdline_cmdline_parse_num.c.obj.d" -o lib/librte_cmdline.a.p/cmdline_cmdline_parse_num.c.obj "-c" ../lib/cmdline/cmdline_parse_num.c ../lib/cmdline/cmdline_parse_num.c:402:14: error: comparison of integers of different signs: 'enum cmdline_numtype' and 'unsigned long long' [-Werror,-Wsign-compare] if (nd.type >= RTE_DIM(num_help)) ~~~~~~~ ^ ~~~~~~~~~~~~~~~~~ 1 error generated. [451/858] Generating symbol file lib/rte_rcu-25.dll.p/rte_rcu-25.dll.symbols [452/858] Generating rte_cmdline_map with a custom command [453/858] Linking target drivers/rte_mempool_stack-25.dll Creating library drivers\rte_mempool_stack.lib and object drivers\rte_mempool_stack.exp [454/858] Linking target drivers/rte_mempool_ring-25.dll Creating library drivers\rte_mempool_ring.lib and object drivers\rte_mempool_ring.exp [455/858] Linking target lib/rte_mbuf-25.dll Creating library lib\rte_mbuf.lib and object lib\rte_mbuf.exp [456/858] Generating symbol file drivers/rte_bus_pci-25.dll.p/rte_bus_pci-25.dll.symbols [457/858] Linking static target lib/librte_ethdev.a [458/858] Compiling C object lib/librte_cmdline.a.p/cmdline_cmdline_socket.c.obj [459/858] Compiling C object lib/librte_cmdline.a.p/cmdline_cmdline_parse_ipaddr.c.obj ninja: build stopped: subcommand failed. ==== End log output ==== CentOS Stream 9 Kernel: Depends on container host Compiler: gcc 11.5.0 20240719 (Red Hat 11.5.0-2) CentOS Stream 10 Kernel: Depends on container host Compiler: gcc 14.2.1 20241104 (Red Hat 14.2.1-6) Debian 12 Kernel: Depends on container host Compiler: gcc (Debian 12.2.0-14) 12.2.0 Fedora 40 Kernel: Depends on container host Compiler: gcc 14.2.1 20240912 (Red Hat 14.2.1-3) Fedora 40 (Clang) Kernel: Depends on container host Compiler: clang 18.1.8 (Fedora 18.1.8-1.fc40) Fedora 41 (Clang) Kernel: Depends on container host Compiler: clang 19.1.5 (Fedora 19.1.5-1.fc41) openSUSE Leap 15 Kernel: Depends on container host Compiler: gcc (SUSE Linux) 7.5.0 Fedora 41 Kernel: Depends on container host Compiler: gcc 14.2.1 20240912 (Red Hat 14.2.1-3) RHEL9 Kernel: Depends on container host Compiler: gcc 11.5.0 20240719 (Red Hat 11.5.0-2) Ubuntu 20.04 Kernel: Depends on container host Compiler: gcc (Ubuntu 9.4.0-1ubuntu1~20.04.2) 9.4.0 Ubuntu 22.04 Kernel: Depends on container host Compiler: gcc (Ubuntu 11.4.0-1ubuntu1~22.04) 11.4.0 Ubuntu 24.04 Kernel: Depends on container host Compiler: gcc (Ubuntu 13.3.0-6ubuntu2~24.04) 13.3.0 Ubuntu 24.04 32 Bit Cross Compile Kernel: Depends on container host Compiler: gcc (Ubuntu 13.3.0-6ubuntu2~24.04) 13.3.0 Alpine Kernel: Depends on container host Compiler: gcc (Alpine 14.2.0) 14.2.0 FreeBSD 13.5 Kernel: 13.5-RELEASE Compiler: clang 19.1.7 FreeBSD 14.2 Kernel: 14.2-RELEASE Compiler: clang 18.1.6 RHEL8 Kernel: Depends on container host Compiler: gcc 8.5.0 20210514 (Red Hat 8.5.0-22) Windows Server 2022 Kernel: 10.0.20348.2031 Compiler: clang 15.0.7, gcc 14.1.0 (MinGW), and MSVC VS 19.39.33521 To view detailed results, visit: https://lab.dpdk.org/results/dashboard/patchsets/33147/ UNH-IOL DPDK Community Lab To manage your email subscriptions, visit: https://lab.dpdk.org/results/dashboard/preferences/subscriptions/