From mboxrd@z Thu Jan 1 00:00:00 1970 Return-Path: Received: from mails.dpdk.org (mails.dpdk.org [217.70.189.124]) by inbox.dpdk.org (Postfix) with ESMTP id D078C46701 for ; Fri, 9 May 2025 16:58:14 +0200 (CEST) Received: from mails.dpdk.org (localhost [127.0.0.1]) by mails.dpdk.org (Postfix) with ESMTP id CA3A04025D; Fri, 9 May 2025 16:58:14 +0200 (CEST) Received: from mail-oa1-f97.google.com (mail-oa1-f97.google.com [209.85.160.97]) by mails.dpdk.org (Postfix) with ESMTP id 60DCA4025A for ; Fri, 9 May 2025 16:58:14 +0200 (CEST) Received: by mail-oa1-f97.google.com with SMTP id 586e51a60fabf-2cc57330163so1754628fac.2 for ; Fri, 09 May 2025 07:58:14 -0700 (PDT) DKIM-Signature: v=1; a=rsa-sha256; c=relaxed/relaxed; d=iol.unh.edu; s=unh-iol; t=1746802693; x=1747407493; darn=dpdk.org; h=references:in-reply-to:cc:to:from:subject:message-id:date:from:to :cc:subject:date:message-id:reply-to; bh=coC9axOIYuHQPmoMUpkeh6tFjqZPyL3rMzln9oCo5pA=; b=L+n98iaS4kzf6zo75+mBFEABY3x+Sw0FM0jfYTD0Whlv3D2SVeF+v+Vs4TI50xz9iK ryeyRvoccNZ/wHMwRJFhtkvvmT4Qt08m6DUvptWI+mTzII7uyTvhVSH1gZO+c7ihhENw 4uzfBGOr1pnq0x0h3s4KgPr6buUe5n1O3gSSg= X-Google-DKIM-Signature: v=1; a=rsa-sha256; c=relaxed/relaxed; d=1e100.net; s=20230601; t=1746802693; x=1747407493; h=references:in-reply-to:cc:to:from:subject:message-id:date :x-gm-message-state:from:to:cc:subject:date:message-id:reply-to; bh=coC9axOIYuHQPmoMUpkeh6tFjqZPyL3rMzln9oCo5pA=; b=OVI71JnecaoFR2CjXCPLM/h/zTLcskPHjEjpbz6WIl+SKlS2WgWq+aQUEkM3hlbiCp hcMZRA6Z/YYSPXOc0mldGzNbYTZwbKqvhrW4dqebLw7yh3v1CM8eXXOwhz5zwRA3Wj21 KDXn6J1Mozxg+34K31MwyYn1pXB0D65TL9VJB/ZmrSmpFDUb8aFsIC0EmK3ahrudsvas Kk1K0AP3shTkc+j+l9Y1W2BhKL2nyM49PnWhbmvEkrRr1ETsByFSccULZJ+aXxFieRrM sxR91ulbhBv+10javEt0ej9KzE9pUtVdEU74AGstxdPnReJiNvwI4JIGNu1+2Woj3Pgz I2Ew== X-Gm-Message-State: AOJu0YyYAMhS2JBVy3NwYusMDtq/9jEa2Q8qgaNqjFimB7OWzuXXLWm2 pouNmgRzuxV99/EtkhZNH2sAwA8yfc7TYeGX/nndOAerVz+5xW9hO7vzT9PbTh6Ptu5q0C6ohl/ gp1jVvLay2ZzCaNzPVZ2u1xDho7jjTE29PUH9SSR2rNgXxj6gSR4AvJX/ X-Gm-Gg: ASbGncujR0F7+/zqjRiN0yYx/qo9P9LS3MfRhBlhzusJQdRhVNBtOMvviWnrOFjYQCO tb1cmoWqR9QdYyZq/T1fes+ws+kzSLUG8arFLiwFY8U7S/yt0/JXd3t8Pk0HZxQANTE3/+uhORg 9dFj4KaUH57zG/it+vgB8ivEHX0/AcCkCm/jlzpBO4PE1uGK0GsdDK6/KKDqa/pSh+vBlS0U4Lv EpjxRXOpx0UrLBGdOV+ofB7qVx5cnGQuKvSGa26aRmuaNn19qAQSXDGO7k6JTxSBiXDFSCnPxr4 6WGpEdupkUv4+W7xp31xGwYVF8MfJxoHR8i1 X-Google-Smtp-Source: AGHT+IGAvkDHXvoe3iT3nfZ/bobw43ZzmL47ARperfWgSKo5TRuU5Dw4PXG5dou+yr93VLNwINMGr1Mnd4wd X-Received: by 2002:a05:6870:1592:b0:2bc:8c4a:aac2 with SMTP id 586e51a60fabf-2dba44fd054mr2319592fac.27.1746802693517; Fri, 09 May 2025 07:58:13 -0700 (PDT) Received: from postal.iol.unh.edu (postal.iol.unh.edu. [2606:4100:3880:1234::84]) by smtp-relay.gmail.com with ESMTPS id 586e51a60fabf-2dba06ddb85sm101616fac.11.2025.05.09.07.58.13 (version=TLS1_2 cipher=ECDHE-ECDSA-AES128-GCM-SHA256 bits=128/128); Fri, 09 May 2025 07:58:13 -0700 (PDT) X-Relaying-Domain: iol.unh.edu Date: Fri, 09 May 2025 07:58:13 -0700 (PDT) Message-ID: <681e1805.050a0220.2f9103.5ab9SMTPIN_ADDED_MISSING@mx.google.com> Received: from [172.17.0.2] (unknown [172.18.0.76]) by postal.iol.unh.edu (Postfix) with ESMTP id F19296052471; Fri, 9 May 2025 10:58:12 -0400 (EDT) Subject: |FAILURE| pw153383-153385 [PATCH] [v9,3/3] app/testpmd: add sleep co From: dpdklab@iol.unh.edu To: Test Report Cc: dpdk-test-reports@iol.unh.edu, "Burakov, Anatoly" In-Reply-To: <78b85a747daa44382163d25090a2aa2da70aa291.1746797960.git.anatoly.burakov@intel.com> References: <78b85a747daa44382163d25090a2aa2da70aa291.1746797960.git.anatoly.burakov@intel.com> Content-Type: text/plain X-BeenThere: test-report@dpdk.org X-Mailman-Version: 2.1.29 Precedence: list List-Id: automatic DPDK test reports List-Unsubscribe: , List-Archive: List-Post: List-Help: List-Subscribe: , Errors-To: test-report-bounces@dpdk.org Test-Label: iol-unit-amd64-testing Test-Status: FAILURE http://dpdk.org/patch/153385 _Testing issues_ Submitter: Burakov, Anatoly Date: Friday, May 09 2025 13:39:27 DPDK git baseline: Repo:dpdk Branch: master CommitID:75f179ebe347b6098cf3af26d3d3b7168fe3fe24 153383-153385 --> testing issues Upstream job id: Generic-Unit-Test-DPDK#336748 Test environment and result as below: +---------------------+----------------+ | Environment | dpdk_unit_test | +=====================+================+ | Fedora 40 (Clang) | PASS | +---------------------+----------------+ | Fedora 40 | PASS | +---------------------+----------------+ | Fedora 41 | PASS | +---------------------+----------------+ | Fedora 41 (Clang) | PASS | +---------------------+----------------+ | Debian 12 | PASS | +---------------------+----------------+ | CentOS Stream 10 | PASS | +---------------------+----------------+ | CentOS Stream 9 | PASS | +---------------------+----------------+ | Ubuntu 20.04 | PASS | +---------------------+----------------+ | RHEL9 | PASS | +---------------------+----------------+ | Ubuntu 22.04 | PASS | +---------------------+----------------+ | RHEL8 | PASS | +---------------------+----------------+ | Ubuntu 24.04 | PASS | +---------------------+----------------+ | Windows Server 2022 | FAIL | +---------------------+----------------+ ==== Unit test summary for Windows Server 2022 (dpdk_unit_test): ==== Failed to get the unit test results. Displaying the unit test results is not supported for some environments, such as our aarch32 testing, where meson is not used to run the tests. Download the logs available on our CI site. ==== End log output ==== Fedora 40 (Clang) Kernel: Depends on container host Compiler: clang 18.1.8 (Fedora 18.1.8-1.fc40) Fedora 40 Kernel: Depends on container host Compiler: gcc 14.2.1 20240912 (Red Hat 14.2.1-3) Fedora 41 Kernel: Depends on container host Compiler: gcc 14.2.1 20240912 (Red Hat 14.2.1-3) Fedora 41 (Clang) Kernel: Depends on container host Compiler: clang 19.1.5 (Fedora 19.1.5-1.fc41) Debian 12 Kernel: Depends on container host Compiler: gcc (Debian 12.2.0-14) 12.2.0 CentOS Stream 10 Kernel: Depends on container host Compiler: gcc 14.2.1 20241104 (Red Hat 14.2.1-6) CentOS Stream 9 Kernel: Depends on container host Compiler: gcc 11.5.0 20240719 (Red Hat 11.5.0-2) Ubuntu 20.04 Kernel: Depends on container host Compiler: gcc (Ubuntu 9.4.0-1ubuntu1~20.04.2) 9.4.0 RHEL9 Kernel: Depends on container host Compiler: gcc 11.5.0 20240719 (Red Hat 11.5.0-2) Ubuntu 22.04 Kernel: Depends on container host Compiler: gcc (Ubuntu 11.4.0-1ubuntu1~22.04) 11.4.0 RHEL8 Kernel: Depends on container host Compiler: gcc 8.5.0 20210514 (Red Hat 8.5.0-22) Ubuntu 24.04 Kernel: Depends on container host Compiler: gcc (Ubuntu 13.3.0-6ubuntu2~24.04) 13.3.0 Windows Server 2022 Kernel: 10.0.20348.2031 Compiler: clang 15.0.7, gcc 14.1.0 (MinGW), and MSVC VS 19.39.33521 To view detailed results, visit: https://lab.dpdk.org/results/dashboard/patchsets/33147/ UNH-IOL DPDK Community Lab To manage your email subscriptions, visit: https://lab.dpdk.org/results/dashboard/preferences/subscriptions/