From mboxrd@z Thu Jan 1 00:00:00 1970 Return-Path: Received: from mails.dpdk.org (mails.dpdk.org [217.70.189.124]) by inbox.dpdk.org (Postfix) with ESMTP id B7CE046701 for ; Fri, 9 May 2025 17:19:09 +0200 (CEST) Received: from mails.dpdk.org (localhost [127.0.0.1]) by mails.dpdk.org (Postfix) with ESMTP id 9235C4025D; Fri, 9 May 2025 17:19:09 +0200 (CEST) Received: from mail-qv1-f98.google.com (mail-qv1-f98.google.com [209.85.219.98]) by mails.dpdk.org (Postfix) with ESMTP id 498414025A for ; Fri, 9 May 2025 17:19:08 +0200 (CEST) Received: by mail-qv1-f98.google.com with SMTP id 6a1803df08f44-6f5499c21bbso42991356d6.3 for ; Fri, 09 May 2025 08:19:08 -0700 (PDT) DKIM-Signature: v=1; a=rsa-sha256; c=relaxed/relaxed; d=iol.unh.edu; s=unh-iol; t=1746803947; x=1747408747; darn=dpdk.org; h=references:in-reply-to:cc:to:from:subject:message-id:date:from:to :cc:subject:date:message-id:reply-to; bh=fsEFFgMXn8+gGIp/53h5csoWA5kR/aFgRkpaeOum1iE=; b=NaiedYUc6fLmZPx5X5wSNEWFXrj0PcPbbFwFXz6SBzXdThVmsmAAcxtKm0unv0Pi7g 2MkjhNG8Z+RSGmc5QEb8shvmzepYr614fUJRA6R31L3eYsGushiT9Fo/aoZKDFPf+dmc 57Cx2FKD+BpleRILjC3z0xCt+1D2o4E9m8UU8= X-Google-DKIM-Signature: v=1; a=rsa-sha256; c=relaxed/relaxed; d=1e100.net; s=20230601; t=1746803947; x=1747408747; h=references:in-reply-to:cc:to:from:subject:message-id:date :x-gm-message-state:from:to:cc:subject:date:message-id:reply-to; bh=fsEFFgMXn8+gGIp/53h5csoWA5kR/aFgRkpaeOum1iE=; b=jox5citfJb+PMEBz/kBHLs2RhnYHJIOnj4lpvs9O+ArOkJqi6U4MXFfw+l9uLg4QfI 9Bx657Ds3CGuX3s7Ol4FwTcqBmsMAn/BHTUtbJrqAHI4lI8BdUW2F69TAaWAqtTVh3J0 is37CEWv5syTEUIijUqNWCB7jh13qyIhw89ehciRtRzrfd8y3lHLt2i6m6nB/Y/xh0jd y1MsjhEyZESCEZCZnyYXRu9v2o87xCxr5vdWTqbYNBODvJVJLOW4smqMMmjSd15KqRhU /ulSfsrAI0BmRR4PKePLCo0LX/FR0J2OedUP8WWm6YiiW+B77dfSpgf5rb9xK1TrCvAF v6oA== X-Gm-Message-State: AOJu0YzGdNCgDTS64yLHP/QrVeEnnXGqlANEZRC8O3AT97Q97/Mi3uAU A8twSLsqUEjBWlQpH9GeETjJ8lGDXg+6TgC+pppaEs2VxuCMcSoqz4FFJ5xPKOZ6NHau25pD6ix jxUxfKgfkesiq1Q9U6XLHScnpLn/8vOXQ/zfyRTa3 X-Gm-Gg: ASbGncsHE6dV5m+L+ZPFExkoSDqvbJ7Dk7Cnsp7ugxzHUlB6itKt0VlnvH+2wgsB1Ej xztKlfrF/NAVwLejTtZrRZX4f7FAT2+T0pUWzdYMALbQGDmT5xrqc+Js5mYOVeSd3D1fw4i96tt PQa1CkFwnGrHFTAJZ8AfJQyZABzEwNwy2zYcv+CBqdGZob+4uAlabb5cjJN9QzZA1+7lg0jXkzq T3fDpqE7tBTgXZu5zNEuNdqOKmqUVaCaYkr6h78Yx4I8sJj03t6CptbCJeDJD5zE+H/rKAIZgpm GZW+QAAAzNeaCtWnCbw7xya8LQlYT/qqmiOtpaWzXrbsuaZWtyniPF8ZCy4= X-Google-Smtp-Source: AGHT+IFQu2bMCh8W+UpODfwCqwgNx8wFZSGdw3k5nVH/p6lHFizAEtMXY69NXWZmm5bXnwc6XpoGPf1r35kG X-Received: by 2002:ad4:5763:0:b0:6f5:3b8b:8d0d with SMTP id 6a1803df08f44-6f6e47fb1f0mr67557816d6.20.1746803947558; Fri, 09 May 2025 08:19:07 -0700 (PDT) Received: from postal.iol.unh.edu (postal.iol.unh.edu. [132.177.123.84]) by smtp-relay.gmail.com with ESMTPS id 6a1803df08f44-6f6e39e7d10sm1145366d6.4.2025.05.09.08.19.07 (version=TLS1_2 cipher=ECDHE-ECDSA-AES128-GCM-SHA256 bits=128/128); Fri, 09 May 2025 08:19:07 -0700 (PDT) X-Relaying-Domain: iol.unh.edu Date: Fri, 09 May 2025 08:19:07 -0700 (PDT) Message-ID: <681e1ceb.050a0220.320331.66f6SMTPIN_ADDED_MISSING@mx.google.com> Received: from [172.17.0.2] (unknown [172.18.0.74]) by postal.iol.unh.edu (Postfix) with ESMTP id 3EB9A6052471; Fri, 9 May 2025 11:19:07 -0400 (EDT) Subject: |WARNING| pw153383-153385 [PATCH] [v9,3/3] app/testpmd: add sleep co From: dpdklab@iol.unh.edu To: Test Report Cc: dpdk-test-reports@iol.unh.edu In-Reply-To: <78b85a747daa44382163d25090a2aa2da70aa291.1746797960.git.anatoly.burakov@intel.com> References: <78b85a747daa44382163d25090a2aa2da70aa291.1746797960.git.anatoly.burakov@intel.com> Content-Type: text/plain X-BeenThere: test-report@dpdk.org X-Mailman-Version: 2.1.29 Precedence: list List-Id: automatic DPDK test reports List-Unsubscribe: , List-Archive: List-Post: List-Help: List-Subscribe: , Errors-To: test-report-bounces@dpdk.org Test-Label: iol-compile-amd64-testing Test-Status: WARNING http://dpdk.org/patch/153385 _Testing issues_ Submitter: Burakov, Anatoly Date: Friday, May 09 2025 13:39:27 DPDK git baseline: Repo:dpdk Branch: master CommitID:75f179ebe347b6098cf3af26d3d3b7168fe3fe24 153383-153385 --> testing issues Upstream job id: Generic-DPDK-Compile-Meson#386751 Test environment and result as below: +-----------------------------------+--------------------+-------------------+------------------+-------------------+-------------------------+----------------------+ | Environment | dpdk_meson_compile | dpdk_compile_spdk | dpdk_compile_ovs | dpdk_msvc_compile | dpdk_llvm_clang_compile | dpdk_mingw64_compile | +===================================+====================+===================+==================+===================+=========================+======================+ | CentOS Stream 9 | PASS | PASS | SKIPPED | SKIPPED | SKIPPED | SKIPPED | +-----------------------------------+--------------------+-------------------+------------------+-------------------+-------------------------+----------------------+ | CentOS Stream 10 | PASS | SKIPPED | SKIPPED | SKIPPED | SKIPPED | SKIPPED | +-----------------------------------+--------------------+-------------------+------------------+-------------------+-------------------------+----------------------+ | Debian 12 | PASS | PASS | SKIPPED | SKIPPED | SKIPPED | SKIPPED | +-----------------------------------+--------------------+-------------------+------------------+-------------------+-------------------------+----------------------+ | Fedora 40 | PASS | PASS | SKIPPED | SKIPPED | SKIPPED | SKIPPED | +-----------------------------------+--------------------+-------------------+------------------+-------------------+-------------------------+----------------------+ | Fedora 40 (Clang) | PASS | PASS | SKIPPED | SKIPPED | SKIPPED | SKIPPED | +-----------------------------------+--------------------+-------------------+------------------+-------------------+-------------------------+----------------------+ | Fedora 41 (Clang) | PASS | PASS | PASS | SKIPPED | SKIPPED | SKIPPED | +-----------------------------------+--------------------+-------------------+------------------+-------------------+-------------------------+----------------------+ | openSUSE Leap 15 | PASS | SKIPPED | SKIPPED | SKIPPED | SKIPPED | SKIPPED | +-----------------------------------+--------------------+-------------------+------------------+-------------------+-------------------------+----------------------+ | Fedora 41 | PASS | PASS | PASS | SKIPPED | SKIPPED | SKIPPED | +-----------------------------------+--------------------+-------------------+------------------+-------------------+-------------------------+----------------------+ | RHEL9 | PASS | SKIPPED | SKIPPED | SKIPPED | SKIPPED | SKIPPED | +-----------------------------------+--------------------+-------------------+------------------+-------------------+-------------------------+----------------------+ | Ubuntu 20.04 | PASS | SKIPPED | SKIPPED | SKIPPED | SKIPPED | SKIPPED | +-----------------------------------+--------------------+-------------------+------------------+-------------------+-------------------------+----------------------+ | Ubuntu 22.04 | PASS | PASS | SKIPPED | SKIPPED | SKIPPED | SKIPPED | +-----------------------------------+--------------------+-------------------+------------------+-------------------+-------------------------+----------------------+ | Ubuntu 24.04 | PASS | PASS | PASS | SKIPPED | SKIPPED | SKIPPED | +-----------------------------------+--------------------+-------------------+------------------+-------------------+-------------------------+----------------------+ | Ubuntu 24.04 32 Bit Cross Compile | PASS | SKIPPED | SKIPPED | SKIPPED | SKIPPED | SKIPPED | +-----------------------------------+--------------------+-------------------+------------------+-------------------+-------------------------+----------------------+ | Alpine | PASS | SKIPPED | SKIPPED | SKIPPED | SKIPPED | SKIPPED | +-----------------------------------+--------------------+-------------------+------------------+-------------------+-------------------------+----------------------+ | FreeBSD 13.5 | PASS | SKIPPED | SKIPPED | SKIPPED | SKIPPED | SKIPPED | +-----------------------------------+--------------------+-------------------+------------------+-------------------+-------------------------+----------------------+ | FreeBSD 14.2 | PASS | SKIPPED | SKIPPED | SKIPPED | SKIPPED | SKIPPED | +-----------------------------------+--------------------+-------------------+------------------+-------------------+-------------------------+----------------------+ | RHEL8 | PASS | SKIPPED | SKIPPED | SKIPPED | SKIPPED | SKIPPED | +-----------------------------------+--------------------+-------------------+------------------+-------------------+-------------------------+----------------------+ | Windows Server 2022 | SKIPPED | SKIPPED | SKIPPED | PASS | FAIL | PASS | +-----------------------------------+--------------------+-------------------+------------------+-------------------+-------------------------+----------------------+ ==== 20 line log output for Windows Server 2022 (dpdk_llvm_clang_compile): ==== [450/858] Compiling C object lib/librte_cmdline.a.p/cmdline_cmdline_parse_num.c.obj FAILED: lib/librte_cmdline.a.p/cmdline_cmdline_parse_num.c.obj "clang" "-Ilib\librte_cmdline.a.p" "-Ilib" "-I..\lib" "-Ilib\cmdline" "-I..\lib\cmdline" "-Ilib\eal\common" "-I..\lib\eal\common" "-I." "-I.." "-Iconfig" "-I..\config" "-Ilib\eal\include" "-I..\lib\eal\include" "-Ilib\eal\windows\include" "-I..\lib\eal\windows\include" "-Ilib\eal\x86\include" "-I..\lib\eal\x86\include" "-Ilib\eal" "-I..\lib\eal" "-Ilib\log" "-I..\lib\log" "-Ilib\kvargs" "-I..\lib\kvargs" "-Ilib\net" "-I..\lib\net" "-Ilib\mbuf" "-I..\lib\mbuf" "-Ilib\mempool" "-I..\lib\mempool" "-Ilib\ring" "-I..\lib\ring" "-Ilib\metrics" "-I..\lib\metrics" "-Ilib\telemetry" "-I..\lib\telemetry" "-IC:\Program Files\Mellanox\MLNX_WinOF2_DevX_SDK\inc" "-Xclang" "-fcolor-diagnostics" "-pipe" "-D_FILE_OFFSET_BITS=64" "-Wall" "-Winvalid-pch" "-Wextra" "-Werror" "-std=c11" "-O3" "-include" "rte_config.h" "-Wvla" "-Wcast-qual" "-Wdeprecated" "-Wformat" "-Wformat-nonliteral" "-Wformat-security" "-Wmissing-declarations" "-Wmissing-prototypes" "-Wnested-externs" "-Wold-style-definition" "-Wpoin ter-arith" "-Wsign-compare" "-Wstrict-prototypes" "-Wundef" "-Wwrite-strings" "-Wno-missing-field-initializers" "-D_GNU_SOURCE" "-D_WIN32_WINNT=0x0A00" "-D_CRT_SECURE_NO_WARNINGS" "-march=native" "-mrtm" "-DALLOW_EXPERIMENTAL_API" "-DALLOW_INTERNAL_API" "-DRTE_LOG_DEFAULT_LOGTYPE=lib.cmdline" "-DRTE_ANNOTATE_LOCKS" "-Wthread-safety" -MD -MQ lib/librte_cmdline.a.p/cmdline_cmdline_parse_num.c.obj -MF "lib\librte_cmdline.a.p\cmdline_cmdline_parse_num.c.obj.d" -o lib/librte_cmdline.a.p/cmdline_cmdline_parse_num.c.obj "-c" ../lib/cmdline/cmdline_parse_num.c ../lib/cmdline/cmdline_parse_num.c:402:14: error: comparison of integers of different signs: 'enum cmdline_numtype' and 'unsigned long long' [-Werror,-Wsign-compare] if (nd.type >= RTE_DIM(num_help)) ~~~~~~~ ^ ~~~~~~~~~~~~~~~~~ 1 error generated. [451/858] Generating symbol file lib/rte_rcu-25.dll.p/rte_rcu-25.dll.symbols [452/858] Generating rte_cmdline_map with a custom command [453/858] Linking target drivers/rte_mempool_stack-25.dll Creating library drivers\rte_mempool_stack.lib and object drivers\rte_mempool_stack.exp [454/858] Linking target drivers/rte_mempool_ring-25.dll Creating library drivers\rte_mempool_ring.lib and object drivers\rte_mempool_ring.exp [455/858] Linking target lib/rte_mbuf-25.dll Creating library lib\rte_mbuf.lib and object lib\rte_mbuf.exp [456/858] Generating symbol file drivers/rte_bus_pci-25.dll.p/rte_bus_pci-25.dll.symbols [457/858] Linking static target lib/librte_ethdev.a [458/858] Compiling C object lib/librte_cmdline.a.p/cmdline_cmdline_socket.c.obj [459/858] Compiling C object lib/librte_cmdline.a.p/cmdline_cmdline_parse_ipaddr.c.obj ninja: build stopped: subcommand failed. ==== End log output ==== CentOS Stream 9 Kernel: Depends on container host Compiler: gcc 11.5.0 20240719 (Red Hat 11.5.0-2) CentOS Stream 10 Kernel: Depends on container host Compiler: gcc 14.2.1 20241104 (Red Hat 14.2.1-6) Debian 12 Kernel: Depends on container host Compiler: gcc (Debian 12.2.0-14) 12.2.0 Fedora 40 Kernel: Depends on container host Compiler: gcc 14.2.1 20240912 (Red Hat 14.2.1-3) Fedora 40 (Clang) Kernel: Depends on container host Compiler: clang 18.1.8 (Fedora 18.1.8-1.fc40) Fedora 41 (Clang) Kernel: Depends on container host Compiler: clang 19.1.5 (Fedora 19.1.5-1.fc41) openSUSE Leap 15 Kernel: Depends on container host Compiler: gcc (SUSE Linux) 7.5.0 Fedora 41 Kernel: Depends on container host Compiler: gcc 14.2.1 20240912 (Red Hat 14.2.1-3) RHEL9 Kernel: Depends on container host Compiler: gcc 11.5.0 20240719 (Red Hat 11.5.0-2) Ubuntu 20.04 Kernel: Depends on container host Compiler: gcc (Ubuntu 9.4.0-1ubuntu1~20.04.2) 9.4.0 Ubuntu 22.04 Kernel: Depends on container host Compiler: gcc (Ubuntu 11.4.0-1ubuntu1~22.04) 11.4.0 Ubuntu 24.04 Kernel: Depends on container host Compiler: gcc (Ubuntu 13.3.0-6ubuntu2~24.04) 13.3.0 Ubuntu 24.04 32 Bit Cross Compile Kernel: Depends on container host Compiler: gcc (Ubuntu 13.3.0-6ubuntu2~24.04) 13.3.0 Alpine Kernel: Depends on container host Compiler: gcc (Alpine 14.2.0) 14.2.0 FreeBSD 13.5 Kernel: 13.5-RELEASE Compiler: clang 19.1.7 FreeBSD 14.2 Kernel: 14.2-RELEASE Compiler: clang 18.1.6 RHEL8 Kernel: Depends on container host Compiler: gcc 8.5.0 20210514 (Red Hat 8.5.0-22) Windows Server 2022 Kernel: 10.0.20348.2031 Compiler: clang 15.0.7, gcc 14.1.0 (MinGW), and MSVC VS 19.39.33521 To view detailed results, visit: https://lab.dpdk.org/results/dashboard/patchsets/33147/ UNH-IOL DPDK Community Lab To manage your email subscriptions, visit: https://lab.dpdk.org/results/dashboard/preferences/subscriptions/