From mboxrd@z Thu Jan 1 00:00:00 1970 Return-Path: Received: from mails.dpdk.org (mails.dpdk.org [217.70.189.124]) by inbox.dpdk.org (Postfix) with ESMTP id CB20C46708 for ; Sat, 10 May 2025 06:54:15 +0200 (CEST) Received: from mails.dpdk.org (localhost [127.0.0.1]) by mails.dpdk.org (Postfix) with ESMTP id C32D14025D; Sat, 10 May 2025 06:54:15 +0200 (CEST) Received: from mail-pj1-f97.google.com (mail-pj1-f97.google.com [209.85.216.97]) by mails.dpdk.org (Postfix) with ESMTP id 9776F4025A for ; Sat, 10 May 2025 06:54:14 +0200 (CEST) Received: by mail-pj1-f97.google.com with SMTP id 98e67ed59e1d1-30a93117e1bso3730854a91.1 for ; Fri, 09 May 2025 21:54:14 -0700 (PDT) DKIM-Signature: v=1; a=rsa-sha256; c=relaxed/relaxed; d=iol.unh.edu; s=unh-iol; t=1746852853; x=1747457653; darn=dpdk.org; h=cc:to:from:subject:message-id:date:from:to:cc:subject:date :message-id:reply-to; bh=AyGVtPsl5iE3BvvAyzxS/IFq4wYepzVi2Jqjhhq+jEI=; b=Hmo7NIz2H4kVKqWQaIWwXWmRwKbdHDTOAruKulrBVP7KQQtW+H2TJKBm1DFwloFZ4B QATOa+G0y1JBvktZule+jQgIHPfr9j+uqWbNGfPYYRGVYr8l7F+QgGgm0NoP4h39aVE8 fNmSAJBg1Edkjk+Ig4sQ6ZSXoHVYRNIT7A2e0= X-Google-DKIM-Signature: v=1; a=rsa-sha256; c=relaxed/relaxed; d=1e100.net; s=20230601; t=1746852853; x=1747457653; h=cc:to:from:subject:message-id:date:x-gm-message-state:from:to:cc :subject:date:message-id:reply-to; bh=AyGVtPsl5iE3BvvAyzxS/IFq4wYepzVi2Jqjhhq+jEI=; b=dieGLZ6fZqT/vKIpicI6iMhPmc7k6DQST6cSQWMVq2/aTY6uco91mtM9UDY/kbrdUg 0mkBdjf0ELhqCuDySlHL0ZvQCSLxx0QvOp9tl2WpcLkJOa6IIjhxWMVNRp+ob25CpJpx H+4z/0mHNkbD9VX/SwxEI/Jn3x7M6rEt2Rbry0xKknwdJUi4LVNccfi4l9yrwNvr/lnf 0YIZKn1enVtPaBinF5r6e/5MB0MY12UYZSvWCyxW+v4KfsG/C3W9KitjXyXfNXbYKwpM L/31N1ZhG6kYH88RJRnQpl8paEDlpQ1Rnnhox1dn/f7h9BklrX1AXPu1bPgySJgtF2wz 7BbQ== X-Gm-Message-State: AOJu0YyIDSUHis6sR1PLGCEMnnjq1KyF9cN4qGkL/1CWW8Ecg+IkZczU HJP6+TLL3PsBTnXvhHLp8Mge8c3Nllqcuqpyv27f9aJSeAIYKnQQYvSNQTB/pk8ZbibEWWMJCaC yYrNywOcZPL+ZGhImu2tsuUulCL6dVnWRHCW/mICpuYh9PTYg X-Gm-Gg: ASbGnctSTOTZOPXL1UdDOHr+u0UYcIW45EOfdJTmeBpV6ifGvdGT9OSvxnk7oKxg8Jm d7mRqdpF0fqS7t0ihQXIUkzkRe7v1FYLbRjNVvm+BGgDN71zdxmdwiNDMwE0xVYnXztfWWFCuz3 BbLAw/thBR8y8tB3ktb145MPJsh5lnRUHg5+rlrbM/wL/paO1KMUo6dLAy6bLKpVUcrVfvFKP8v JCrl0V9/qRDFbX9es6TP3Grk/YcoWiUBHzqT9L9W8/Pr0049SG9oDKPomOn0rG4YPa+OtYDUad+ je03UlBLjLCgJ3lo+n/HKHcCNRtSFpvomqXf X-Google-Smtp-Source: AGHT+IEZrnrLX0+95TfiSb02tQ5Z9xJIW6tnmx+uUk5OSeio4Mjh5cIT8YM0QdlRVqsHDvKNnrFNZdM/eNKu X-Received: by 2002:a17:90b:558f:b0:2ee:5958:828 with SMTP id 98e67ed59e1d1-30c3ce050edmr11266713a91.9.1746852853420; Fri, 09 May 2025 21:54:13 -0700 (PDT) Received: from postal.iol.unh.edu (postal.iol.unh.edu. [2606:4100:3880:1234::84]) by smtp-relay.gmail.com with ESMTPS id 98e67ed59e1d1-30c519dba91sm128929a91.9.2025.05.09.21.54.13 (version=TLS1_2 cipher=ECDHE-ECDSA-AES128-GCM-SHA256 bits=128/128); Fri, 09 May 2025 21:54:13 -0700 (PDT) X-Relaying-Domain: iol.unh.edu Date: Fri, 09 May 2025 21:54:13 -0700 (PDT) Message-ID: <681edbf5.170a0220.310794.7556SMTPIN_ADDED_MISSING@mx.google.com> Received: from [172.21.0.11] (unknown [172.18.0.240]) by postal.iol.unh.edu (Postfix) with ESMTP id 90C6A6052471; Sat, 10 May 2025 00:54:12 -0400 (EDT) Subject: |WARNING| [GIT MASTER] 4401486b5e30d43a134f80f9802f60b5f43e74a8 From: dpdklab@iol.unh.edu To: Test Report Cc: dpdk-test-reports@iol.unh.edu, Xueming Li , Christian Ehrhardt , Kevin Traynor , Luca Boccassi Content-Type: text/plain X-BeenThere: test-report@dpdk.org X-Mailman-Version: 2.1.29 Precedence: list List-Id: automatic DPDK test reports List-Unsubscribe: , List-Archive: List-Post: List-Help: List-Subscribe: , Errors-To: test-report-bounces@dpdk.org _Testing issues_ Branch: tags/v22.11 4401486b5e30d43a134f80f9802f60b5f43e74a8 --> testing issues Upstream job id: Generic-VM-DPDK-Compile-Meson#35307 Test environment and result as below: +---------------------+--------------------+-------------------------+ | Environment | dpdk_meson_compile | dpdk_llvm_clang_compile | +=====================+====================+=========================+ | CentOS Stream 9 | PEND | SKIPPED | +---------------------+--------------------+-------------------------+ | CentOS Stream 10 | PEND | SKIPPED | +---------------------+--------------------+-------------------------+ | Fedora 40 (Clang) | PEND | SKIPPED | +---------------------+--------------------+-------------------------+ | Debian 12 | PEND | SKIPPED | +---------------------+--------------------+-------------------------+ | openSUSE Leap 15 | PEND | SKIPPED | +---------------------+--------------------+-------------------------+ | Fedora 40 | PEND | SKIPPED | +---------------------+--------------------+-------------------------+ | Fedora 41 (Clang) | PEND | SKIPPED | +---------------------+--------------------+-------------------------+ | Fedora 41 | PEND | SKIPPED | +---------------------+--------------------+-------------------------+ | RHEL8 | PEND | SKIPPED | +---------------------+--------------------+-------------------------+ | RHEL9 | PEND | SKIPPED | +---------------------+--------------------+-------------------------+ | Ubuntu 20.04 | PASS | SKIPPED | +---------------------+--------------------+-------------------------+ | Ubuntu 22.04 | PEND | SKIPPED | +---------------------+--------------------+-------------------------+ | Ubuntu 24.04 | PEND | SKIPPED | +---------------------+--------------------+-------------------------+ | FreeBSD 13.5 | PASS | SKIPPED | +---------------------+--------------------+-------------------------+ | FreeBSD 14.2 | PEND | SKIPPED | +---------------------+--------------------+-------------------------+ | Windows Server 2022 | SKIPPED | FAIL | +---------------------+--------------------+-------------------------+ ==== 20 line log output for Windows Server 2022 (dpdk_llvm_clang_compile): ==== ..\lib\eal\include/rte_common.h:850:32: note: expanded from macro 'RTE_FMT_TAIL' #define RTE_FMT_TAIL(fmt, ...) __VA_ARGS__ ^~~~~~~~~~~ ..\lib\eal\include/rte_common.h:848:39: note: expanded from macro 'RTE_FMT' #define RTE_FMT(fmt, ...) fmt "%.0s", __VA_ARGS__ "" ^~~~~~~~~~~ ../drivers/crypto/mlx5/mlx5_crypto.c:463:18: note: forward declaration of 'struct mlx5_err_cqe' volatile struct mlx5_err_cqe *cqe = (volatile struct mlx5_err_cqe *) ^ 3 errors generated. [621/788] Compiling C object app/dpdk-testpmd.exe.p/test-pmd_cmd_flex_item.c.obj [622/788] Compiling C object drivers/libtmp_rte_crypto_mlx5.a.p/crypto_mlx5_mlx5_crypto_dek.c.obj [623/788] Generating rte_net_octeon_ep.pmd.c with a custom command (wrapped by meson to set PATH) [624/788] Compiling C object app/dpdk-testpmd.exe.p/test-pmd_5tswap.c.obj [625/788] Generating rte_net_vmxnet3.pmd.c with a custom command (wrapped by meson to set PATH) [626/788] Compiling C object app/dpdk-test-gpudev.exe.p/test-gpudev_main.c.obj [627/788] Compiling C object drivers/libtmp_rte_net_mlx5.a.p/net_mlx5_mlx5_tx_nompw.c.obj [628/788] Compiling C object drivers/libtmp_rte_net_mlx5.a.p/net_mlx5_mlx5_tx_empw.c.obj [629/788] Compiling C object drivers/libtmp_rte_net_mlx5.a.p/net_mlx5_mlx5_tx_txpp.c.obj ninja: build stopped: subcommand failed. ==== End log output ==== CentOS Stream 9 Kernel: Depends on container host Compiler: gcc 11.5.0 20240719 (Red Hat 11.5.0-2) CentOS Stream 10 Kernel: Depends on container host Compiler: gcc 14.2.1 20241104 (Red Hat 14.2.1-6) Fedora 40 (Clang) Kernel: Depends on container host Compiler: clang 18.1.8 (Fedora 18.1.8-1.fc40) Debian 12 Kernel: Depends on container host Compiler: gcc (Debian 12.2.0-14) 12.2.0 openSUSE Leap 15 Kernel: Depends on container host Compiler: gcc (SUSE Linux) 7.5.0 Fedora 40 Kernel: Depends on container host Compiler: gcc 14.2.1 20240912 (Red Hat 14.2.1-3) Fedora 41 (Clang) Kernel: Depends on container host Compiler: clang 19.1.5 (Fedora 19.1.5-1.fc41) Fedora 41 Kernel: Depends on container host Compiler: gcc 14.2.1 20240912 (Red Hat 14.2.1-3) RHEL8 Kernel: Depends on container host Compiler: gcc 8.5.0 20210514 (Red Hat 8.5.0-22) RHEL9 Kernel: Depends on container host Compiler: gcc 11.5.0 20240719 (Red Hat 11.5.0-2) Ubuntu 20.04 Kernel: Depends on container host Compiler: gcc (Ubuntu 9.4.0-1ubuntu1~20.04.2) 9.4.0 Ubuntu 22.04 Kernel: Depends on container host Compiler: gcc (Ubuntu 11.4.0-1ubuntu1~22.04) 11.4.0 Ubuntu 24.04 Kernel: Depends on container host Compiler: gcc (Ubuntu 13.3.0-6ubuntu2~24.04) 13.3.0 FreeBSD 13.5 Kernel: 13.5-RELEASE Compiler: clang 19.1.7 FreeBSD 14.2 Kernel: 14.2-RELEASE Compiler: clang 18.1.6 Windows Server 2022 Kernel: 10.0.20348.2031 Compiler: clang 15.0.7, gcc 14.1.0 (MinGW), and MSVC VS 19.39.33521 To view detailed results, visit: https://lab.dpdk.org/results/dashboard/tarballs/33492/ UNH-IOL DPDK Community Lab To manage your email subscriptions, visit: https://lab.dpdk.org/results/dashboard/preferences/subscriptions/