From mboxrd@z Thu Jan 1 00:00:00 1970 Return-Path: Received: from mails.dpdk.org (mails.dpdk.org [217.70.189.124]) by inbox.dpdk.org (Postfix) with ESMTP id E77FA46708 for ; Sat, 10 May 2025 06:55:09 +0200 (CEST) Received: from mails.dpdk.org (localhost [127.0.0.1]) by mails.dpdk.org (Postfix) with ESMTP id E3F254025D; Sat, 10 May 2025 06:55:09 +0200 (CEST) Received: from mail-oi1-f225.google.com (mail-oi1-f225.google.com [209.85.167.225]) by mails.dpdk.org (Postfix) with ESMTP id 28E144025A for ; Sat, 10 May 2025 06:55:09 +0200 (CEST) Received: by mail-oi1-f225.google.com with SMTP id 5614622812f47-403407e998eso2023922b6e.0 for ; Fri, 09 May 2025 21:55:09 -0700 (PDT) DKIM-Signature: v=1; a=rsa-sha256; c=relaxed/relaxed; d=iol.unh.edu; s=unh-iol; t=1746852908; x=1747457708; darn=dpdk.org; h=cc:to:from:subject:message-id:date:from:to:cc:subject:date :message-id:reply-to; bh=MfexPu1CT+3pV8PSvTK4Ag/Y391O0r4CMnJvXDb8p3o=; b=LJbPQysgJfjnr2DFyU3on3jXXAoh7F/hGSe0cS0fkt4JgBFalVxi4RV4ON+FYky9gt rVKtf6PgF7JLwpeaEtTd2ShynRWPEYS4FVHL8o16vtOUePncPRv0yRdvqPUOAxwRK8Y6 Y9NwEdRGW7kczXbpZ0YuW/ZRu7XR2ZXdAYyZE= X-Google-DKIM-Signature: v=1; a=rsa-sha256; c=relaxed/relaxed; d=1e100.net; s=20230601; t=1746852908; x=1747457708; h=cc:to:from:subject:message-id:date:x-gm-message-state:from:to:cc :subject:date:message-id:reply-to; bh=MfexPu1CT+3pV8PSvTK4Ag/Y391O0r4CMnJvXDb8p3o=; b=Q3erpg3lVSrAYJ2YNmCkkFzid5DW7csTMCh4bKtsABUNTqtSWMxsrJljEvaPdkqq29 jNCsbdfWPWFVHHIvDDTOWC+OSkW6gRquDS38O9MDUES6vBkICHkQYw6fNZJmCV+ZbX+Y PhaeeejC4DxJUDvz9a0wkor74HKHvq+9W5Yot0g6bTwKV3SDbcEaslOTmj5KbZEIrNMN 5ff1iEWn5IN/e5E3unR8gBM0LK6vrd4u1b2tDSr0qA6EWLmNB6RUTDPEyub+ARhnhETW bxOmbNQUykeoopBsDS5vkQEJKRAj9nJKzmaxflEQ/zBU3xd6POx70ktJBjlwDqgwQVq8 7FSQ== X-Gm-Message-State: AOJu0YzuH878OgyZ2kj6wHwwH6tYL4RrjCt5BzAOBVfZ7FY4Kz3RtR3D 0dif9wsE+CA9tFR+0iB8fIR+p0lSOAijs4oZ1zb7vm4tVtX5DmZAFF+755nqCYKU10rSVCAgIIG WGeF389sdv8F4Y46AdHmFCwOLjYqMkpB1S2uJasG8uHqb27Tu X-Gm-Gg: ASbGncvdcK6yGFeft7CoQXaQ5twzB5mFo0eV/QIYIPnn8tsd/l8cmnO/Z9DiT2mUbRc TYCl0IR4aTkNYdtPGSv/81Ql/e0ruBJQob8bqTNG+qecTiQwPYOfC/0UePBmQJDcoEDzkQELh4V XbdOO0AdIVllT6kuiCtThbBueQPkTSZv2I7xbgo61A9RhHwjAF9Xz9ogZaXkv7PwscMd6+a4Ohb xgaF5CWPPjjG/eSPIhHhdmf6Uc/snL/Jb5zaFt6nxi/j7EZKUatbbYLrYTLeS5iIHslip0niJME NMDJ7keg0qmtZh2WG3jPI1WJqXo5ptvZRWt8 X-Google-Smtp-Source: AGHT+IHXVGlSVy9wnyRcv0WQe6GkKFPo41GrOCjBgyEbTjEdX6Ds7v/WpyzYp+dy3AhR6bVZ6FFmkgLOb8HK X-Received: by 2002:a17:902:e5cf:b0:225:ac99:ae0f with SMTP id d9443c01a7336-22fc8b3e11cmr79032845ad.1.1746852897135; Fri, 09 May 2025 21:54:57 -0700 (PDT) Received: from postal.iol.unh.edu (postal.iol.unh.edu. [2606:4100:3880:1234::84]) by smtp-relay.gmail.com with ESMTPS id d9443c01a7336-22fc6f22ff1sm1789435ad.99.2025.05.09.21.54.57 (version=TLS1_2 cipher=ECDHE-ECDSA-AES128-GCM-SHA256 bits=128/128); Fri, 09 May 2025 21:54:57 -0700 (PDT) X-Relaying-Domain: iol.unh.edu Date: Fri, 09 May 2025 21:54:57 -0700 (PDT) Message-ID: <681edc21.170a0220.1e1909.9f12SMTPIN_ADDED_MISSING@mx.google.com> Received: from [172.21.0.5] (unknown [172.18.0.240]) by postal.iol.unh.edu (Postfix) with ESMTP id 510D46052471; Sat, 10 May 2025 00:54:56 -0400 (EDT) Subject: |WARNING| [GIT MASTER] 4401486b5e30d43a134f80f9802f60b5f43e74a8 From: dpdklab@iol.unh.edu To: Test Report Cc: dpdk-test-reports@iol.unh.edu, Xueming Li , Christian Ehrhardt , Kevin Traynor , Luca Boccassi Content-Type: text/plain X-BeenThere: test-report@dpdk.org X-Mailman-Version: 2.1.29 Precedence: list List-Id: automatic DPDK test reports List-Unsubscribe: , List-Archive: List-Post: List-Help: List-Subscribe: , Errors-To: test-report-bounces@dpdk.org _Testing issues_ Branch: tags/v22.11 4401486b5e30d43a134f80f9802f60b5f43e74a8 --> testing issues Upstream job id: Generic-VM-DPDK-Compile-Meson#35308 Test environment and result as below: +---------------------+--------------------+-------------------------+ | Environment | dpdk_meson_compile | dpdk_llvm_clang_compile | +=====================+====================+=========================+ | CentOS Stream 9 | PEND | SKIPPED | +---------------------+--------------------+-------------------------+ | CentOS Stream 10 | PEND | SKIPPED | +---------------------+--------------------+-------------------------+ | Fedora 40 (Clang) | PEND | SKIPPED | +---------------------+--------------------+-------------------------+ | Debian 12 | PEND | SKIPPED | +---------------------+--------------------+-------------------------+ | openSUSE Leap 15 | PEND | SKIPPED | +---------------------+--------------------+-------------------------+ | Fedora 40 | PEND | SKIPPED | +---------------------+--------------------+-------------------------+ | Fedora 41 (Clang) | PEND | SKIPPED | +---------------------+--------------------+-------------------------+ | Fedora 41 | PEND | SKIPPED | +---------------------+--------------------+-------------------------+ | RHEL8 | PEND | SKIPPED | +---------------------+--------------------+-------------------------+ | RHEL9 | PEND | SKIPPED | +---------------------+--------------------+-------------------------+ | Ubuntu 20.04 | PASS | SKIPPED | +---------------------+--------------------+-------------------------+ | Ubuntu 22.04 | PEND | SKIPPED | +---------------------+--------------------+-------------------------+ | Ubuntu 24.04 | PEND | SKIPPED | +---------------------+--------------------+-------------------------+ | FreeBSD 13.5 | PASS | SKIPPED | +---------------------+--------------------+-------------------------+ | FreeBSD 14.2 | PEND | SKIPPED | +---------------------+--------------------+-------------------------+ | Windows Server 2022 | SKIPPED | FAIL | +---------------------+--------------------+-------------------------+ ==== 20 line log output for Windows Server 2022 (dpdk_llvm_clang_compile): ==== ..\lib\eal\include/rte_common.h:850:32: note: expanded from macro 'RTE_FMT_TAIL' #define RTE_FMT_TAIL(fmt, ...) __VA_ARGS__ ^~~~~~~~~~~ ..\lib\eal\include/rte_common.h:848:39: note: expanded from macro 'RTE_FMT' #define RTE_FMT(fmt, ...) fmt "%.0s", __VA_ARGS__ "" ^~~~~~~~~~~ ../drivers/crypto/mlx5/mlx5_crypto.c:463:18: note: forward declaration of 'struct mlx5_err_cqe' volatile struct mlx5_err_cqe *cqe = (volatile struct mlx5_err_cqe *) ^ 3 errors generated. [621/788] Compiling C object app/dpdk-testpmd.exe.p/test-pmd_cmd_flex_item.c.obj [622/788] Compiling C object drivers/libtmp_rte_crypto_mlx5.a.p/crypto_mlx5_mlx5_crypto_dek.c.obj [623/788] Generating rte_net_octeon_ep.pmd.c with a custom command (wrapped by meson to set PATH) [624/788] Compiling C object app/dpdk-testpmd.exe.p/test-pmd_5tswap.c.obj [625/788] Generating rte_net_vmxnet3.pmd.c with a custom command (wrapped by meson to set PATH) [626/788] Compiling C object app/dpdk-test-gpudev.exe.p/test-gpudev_main.c.obj [627/788] Compiling C object drivers/libtmp_rte_net_mlx5.a.p/net_mlx5_mlx5_tx_nompw.c.obj [628/788] Compiling C object drivers/libtmp_rte_net_mlx5.a.p/net_mlx5_mlx5_tx_empw.c.obj [629/788] Compiling C object drivers/libtmp_rte_net_mlx5.a.p/net_mlx5_mlx5_tx_txpp.c.obj ninja: build stopped: subcommand failed. ==== End log output ==== CentOS Stream 9 Kernel: Depends on container host Compiler: gcc 11.5.0 20240719 (Red Hat 11.5.0-2) CentOS Stream 10 Kernel: Depends on container host Compiler: gcc 14.2.1 20241104 (Red Hat 14.2.1-6) Fedora 40 (Clang) Kernel: Depends on container host Compiler: clang 18.1.8 (Fedora 18.1.8-1.fc40) Debian 12 Kernel: Depends on container host Compiler: gcc (Debian 12.2.0-14) 12.2.0 openSUSE Leap 15 Kernel: Depends on container host Compiler: gcc (SUSE Linux) 7.5.0 Fedora 40 Kernel: Depends on container host Compiler: gcc 14.2.1 20240912 (Red Hat 14.2.1-3) Fedora 41 (Clang) Kernel: Depends on container host Compiler: clang 19.1.5 (Fedora 19.1.5-1.fc41) Fedora 41 Kernel: Depends on container host Compiler: gcc 14.2.1 20240912 (Red Hat 14.2.1-3) RHEL8 Kernel: Depends on container host Compiler: gcc 8.5.0 20210514 (Red Hat 8.5.0-22) RHEL9 Kernel: Depends on container host Compiler: gcc 11.5.0 20240719 (Red Hat 11.5.0-2) Ubuntu 20.04 Kernel: Depends on container host Compiler: gcc (Ubuntu 9.4.0-1ubuntu1~20.04.2) 9.4.0 Ubuntu 22.04 Kernel: Depends on container host Compiler: gcc (Ubuntu 11.4.0-1ubuntu1~22.04) 11.4.0 Ubuntu 24.04 Kernel: Depends on container host Compiler: gcc (Ubuntu 13.3.0-6ubuntu2~24.04) 13.3.0 FreeBSD 13.5 Kernel: 13.5-RELEASE Compiler: clang 19.1.7 FreeBSD 14.2 Kernel: 14.2-RELEASE Compiler: clang 18.1.6 Windows Server 2022 Kernel: 10.0.20348.2031 Compiler: clang 15.0.7, gcc 14.1.0 (MinGW), and MSVC VS 19.39.33521 To view detailed results, visit: https://lab.dpdk.org/results/dashboard/tarballs/33492/ UNH-IOL DPDK Community Lab To manage your email subscriptions, visit: https://lab.dpdk.org/results/dashboard/preferences/subscriptions/