From mboxrd@z Thu Jan 1 00:00:00 1970 Return-Path: Received: from mails.dpdk.org (mails.dpdk.org [217.70.189.124]) by inbox.dpdk.org (Postfix) with ESMTP id D2A5A46708 for ; Sat, 10 May 2025 07:34:06 +0200 (CEST) Received: from mails.dpdk.org (localhost [127.0.0.1]) by mails.dpdk.org (Postfix) with ESMTP id B325D4025D; Sat, 10 May 2025 07:34:06 +0200 (CEST) Received: from mail-oi1-f226.google.com (mail-oi1-f226.google.com [209.85.167.226]) by mails.dpdk.org (Postfix) with ESMTP id B423A4025A for ; Sat, 10 May 2025 07:34:05 +0200 (CEST) Received: by mail-oi1-f226.google.com with SMTP id 5614622812f47-3f6a92f234dso2117157b6e.3 for ; Fri, 09 May 2025 22:34:05 -0700 (PDT) DKIM-Signature: v=1; a=rsa-sha256; c=relaxed/relaxed; d=iol.unh.edu; s=unh-iol; t=1746855245; x=1747460045; darn=dpdk.org; h=cc:to:from:subject:message-id:date:from:to:cc:subject:date :message-id:reply-to; bh=XGs+ZHdAbg8f41qJefibxvztJGO3xqb5LJC3Z62fIos=; b=dvYZ2xTBN1X1hNPKOZib13KPV+di31asKvlNEnbTwDW/aaoHZawq4Vi4bWsAemA5A7 KJZP3/lRgQy6JKjJGIAQSAjDPJk4pr3Jm3iC5IJXR86xUkw3xDlkAQlaBLhNN4RXC5Xh S3ZPIzFaoKdoxV0YDK3FR0TulfwRGmDyqHLlo= X-Google-DKIM-Signature: v=1; a=rsa-sha256; c=relaxed/relaxed; d=1e100.net; s=20230601; t=1746855245; x=1747460045; h=cc:to:from:subject:message-id:date:x-gm-message-state:from:to:cc :subject:date:message-id:reply-to; bh=XGs+ZHdAbg8f41qJefibxvztJGO3xqb5LJC3Z62fIos=; b=dSXUyALGf9tvbZXT5Ff0cT0A79758DCkhThIuUThdXwFiFFDhsUHlHEfWpI9qvmwd6 DMeEhHOrlGcnalPYZIfi0quxCnA5Vsr660JQc2v8758HxBA9aOJo6xdEACgQnwpHov3y SYRCaCq58zA6d3qL0h12TnyHkpuMdQsKnjEaYCg+jwWe5DVN/ChTXmz8xb9+SRgIFNRn FhtVcT/n5PGLkMcI0X0kek46ulI9zwGu1N+LZY+Pz9VHjtlXArt6VGG1TrUEXs2o+nFS R5kWHX04iftqBPJze/nZYNguv0Ztg09O+Dma8XDlCf3iiHu2FPlECarxVgoy0SUhEojV 0U2w== X-Gm-Message-State: AOJu0YxGvWUDs+t/eU6hexc/cCIhE6DjnvfkWxl9+QmbAmBaEfQotEjV Jm1b5+drkLlVae+e8XB4f2fBeyeADPLeXgg3WEPI3A2oSDmPuWbg9FcyXEQUnImoW9p3P9aFILB zv4Wx/Yqe5zhe1k5ObfXiKK73iHdhLWaq X-Gm-Gg: ASbGncuyvb/KZ/gPmvT9jkPgdAiy0CDPhVWdbtTOu1Xvmb9JKCgTIOhpMFjcXItwPHp qiP/2hqoOecu1UOHYO1BgtbJNtCHxOt85A0kWVlWCwE68lTzLCG5eVQQ4cy2MVjQ9qHtoW7luDM p7UfVOu6UvbKLuRxWxpmYl1aXzVHvuOr2m6sQ6GlFFFcNql5Q2H/CNsurh0Mn/ikRLNLXqgNiys RGYCLDxV+n9zfQAy9KK3mxx0jNO/9KNrogQTzviUeplIukjpd3FQittKK+KVI6Vm+FkF+sv+VO/ kRcZJ5fD+SX4glI4mCuH5BWaQATC9qliwqVypOkvsErh20FXLt1E5U8Kets= X-Google-Smtp-Source: AGHT+IFuItoM8XY1F3fmNBuY/jO22VKbInTl6SRLIZQO5Ml2u0Cq01E7VJeGCRLmQBizUMLd6wwqM8X/ur9T X-Received: by 2002:a05:6e02:310c:b0:3d5:deaf:b443 with SMTP id e9e14a558f8ab-3da7e1e6062mr91502655ab.3.1746855233470; Fri, 09 May 2025 22:33:53 -0700 (PDT) Received: from postal.iol.unh.edu (postal.iol.unh.edu. [132.177.123.84]) by smtp-relay.gmail.com with ESMTPS id e9e14a558f8ab-3da7e103031sm2320915ab.24.2025.05.09.22.33.53 (version=TLS1_2 cipher=ECDHE-ECDSA-AES128-GCM-SHA256 bits=128/128); Fri, 09 May 2025 22:33:53 -0700 (PDT) X-Relaying-Domain: iol.unh.edu Date: Fri, 09 May 2025 22:33:53 -0700 (PDT) Message-ID: <681ee541.050a0220.1ab60e.cac9SMTPIN_ADDED_MISSING@mx.google.com> Received: from [172.21.0.5] (unknown [172.18.0.240]) by postal.iol.unh.edu (Postfix) with ESMTP id F0DB06052471; Sat, 10 May 2025 01:33:52 -0400 (EDT) Subject: |WARNING| [GIT MASTER] 4401486b5e30d43a134f80f9802f60b5f43e74a8 From: dpdklab@iol.unh.edu To: Test Report Cc: dpdk-test-reports@iol.unh.edu, Xueming Li , Christian Ehrhardt , Kevin Traynor , Luca Boccassi Content-Type: text/plain X-BeenThere: test-report@dpdk.org X-Mailman-Version: 2.1.29 Precedence: list List-Id: automatic DPDK test reports List-Unsubscribe: , List-Archive: List-Post: List-Help: List-Subscribe: , Errors-To: test-report-bounces@dpdk.org _Testing issues_ Branch: tags/v22.11 4401486b5e30d43a134f80f9802f60b5f43e74a8 --> testing issues Upstream job id: Generic-DPDK-Compile-ABI#125937 Test environment and result as below: +-------------------+----------+ | Environment | abi_test | +===================+==========+ | CentOS Stream 10 | PASS | +-------------------+----------+ | Debian 12 | PASS | +-------------------+----------+ | CentOS Stream 9 | PASS | +-------------------+----------+ | Fedora 40 | PASS | +-------------------+----------+ | Fedora 41 (Clang) | PASS | +-------------------+----------+ | Fedora 40 (Clang) | PASS | +-------------------+----------+ | Fedora 41 | PASS | +-------------------+----------+ | RHEL8 | PASS | +-------------------+----------+ | RHEL9 | PASS | +-------------------+----------+ | Ubuntu 22.04 | FAIL | +-------------------+----------+ | Ubuntu 24.04 | FAIL | +-------------------+----------+ | openSUSE Leap 15 | PASS | +-------------------+----------+ ==== 20 line log output for Ubuntu 24.04 (abi_test): ==== './librte_vdpa_ifc.so.23' -> 'dpdk/pmds-23.0/librte_vdpa_ifc.so.23' './librte_vdpa_ifc.so.23.0' -> 'dpdk/pmds-23.0/librte_vdpa_ifc.so.23.0' './librte_vdpa_mlx5.so' -> 'dpdk/pmds-23.0/librte_vdpa_mlx5.so' './librte_vdpa_mlx5.so.23' -> 'dpdk/pmds-23.0/librte_vdpa_mlx5.so.23' './librte_vdpa_mlx5.so.23.0' -> 'dpdk/pmds-23.0/librte_vdpa_mlx5.so.23.0' './librte_vdpa_sfc.so' -> 'dpdk/pmds-23.0/librte_vdpa_sfc.so' './librte_vdpa_sfc.so.23' -> 'dpdk/pmds-23.0/librte_vdpa_sfc.so.23' './librte_vdpa_sfc.so.23.0' -> 'dpdk/pmds-23.0/librte_vdpa_sfc.so.23.0' Installing /root/workspace/Generic-DPDK-Compile-ABI@2/dpdk/drivers/baseband/fpga_5gnr_fec/rte_pmd_fpga_5gnr_fec.h to /root/workspace/Generic-DPDK-Compile-ABI@2/build_install/usr/local/include Installing /root/workspace/Generic-DPDK-Compile-ABI@2/dpdk/usertools/dpdk-devbind.py to /root/workspace/Generic-DPDK-Compile-ABI@2/build_install/usr/local/bin Installing /root/workspace/Generic-DPDK-Compile-ABI@2/dpdk/usertools/dpdk-pmdinfo.py to /root/workspace/Generic-DPDK-Compile-ABI@2/build_install/usr/local/bin Installing /root/workspace/Generic-DPDK-Compile-ABI@2/dpdk/usertools/dpdk-telemetry.py to /root/workspace/Generic-DPDK-Compile-ABI@2/build_install/usr/local/bin Installing /root/workspace/Generic-DPDK-Compile-ABI@2/dpdk/usertools/dpdk-hugepages.py to /root/workspace/Generic-DPDK-Compile-ABI@2/build_install/usr/local/bin Installing /root/workspace/Generic-DPDK-Compile-ABI@2/dpdk/doc/guides/custom.css to /root/workspace/Generic-DPDK-Compile-ABI@2/build_install/usr/local/share/doc/dpdk/_static/css Installing /root/workspace/Generic-DPDK-Compile-ABI@2/dpdk/build/rte_build_config.h to /root/workspace/Generic-DPDK-Compile-ABI@2/build_install/usr/local/include Installing /root/workspace/Generic-DPDK-Compile-ABI@2/dpdk/build/meson-private/libdpdk-libs.pc to /root/workspace/Generic-DPDK-Compile-ABI@2/build_install/usr/local/lib/x86_64-linux-gnu/pkgconfig Installing /root/workspace/Generic-DPDK-Compile-ABI@2/dpdk/build/meson-private/libdpdk.pc to /root/workspace/Generic-DPDK-Compile-ABI@2/build_install/usr/local/lib/x86_64-linux-gnu/pkgconfig Running custom install script '/bin/sh /root/workspace/Generic-DPDK-Compile-ABI@2/dpdk/config/../buildtools/symlink-drivers-solibs.sh lib/x86_64-linux-gnu dpdk/pmds-23.0' ==== Compiled DPDK with debugoptimized bash: /scripts/generate_abi.sh: No such file or directory ==== End log output ==== CentOS Stream 10 Kernel: Depends on container host Compiler: gcc 14.2.1 20241104 (Red Hat 14.2.1-6) Debian 12 Kernel: Depends on container host Compiler: gcc (Debian 12.2.0-14) 12.2.0 CentOS Stream 9 Kernel: Depends on container host Compiler: gcc 11.5.0 20240719 (Red Hat 11.5.0-2) Fedora 40 Kernel: Depends on container host Compiler: gcc 14.2.1 20240912 (Red Hat 14.2.1-3) Fedora 41 (Clang) Kernel: Depends on container host Compiler: clang 19.1.5 (Fedora 19.1.5-1.fc41) Fedora 40 (Clang) Kernel: Depends on container host Compiler: clang 18.1.8 (Fedora 18.1.8-1.fc40) Fedora 41 Kernel: Depends on container host Compiler: gcc 14.2.1 20240912 (Red Hat 14.2.1-3) RHEL8 Kernel: Depends on container host Compiler: gcc 8.5.0 20210514 (Red Hat 8.5.0-22) RHEL9 Kernel: Depends on container host Compiler: gcc 11.5.0 20240719 (Red Hat 11.5.0-2) Ubuntu 22.04 Kernel: Depends on container host Compiler: gcc (Ubuntu 11.4.0-1ubuntu1~22.04) 11.4.0 Ubuntu 24.04 Kernel: Depends on container host Compiler: gcc (Ubuntu 13.3.0-6ubuntu2~24.04) 13.3.0 openSUSE Leap 15 Kernel: Depends on container host Compiler: gcc (SUSE Linux) 7.5.0 To view detailed results, visit: https://lab.dpdk.org/results/dashboard/tarballs/33492/ UNH-IOL DPDK Community Lab To manage your email subscriptions, visit: https://lab.dpdk.org/results/dashboard/preferences/subscriptions/