From mboxrd@z Thu Jan 1 00:00:00 1970 Return-Path: Received: from mails.dpdk.org (mails.dpdk.org [217.70.189.124]) by inbox.dpdk.org (Postfix) with ESMTP id 0803A46708 for ; Sat, 10 May 2025 07:36:41 +0200 (CEST) Received: from mails.dpdk.org (localhost [127.0.0.1]) by mails.dpdk.org (Postfix) with ESMTP id 032E64025D; Sat, 10 May 2025 07:36:41 +0200 (CEST) Received: from mail-pf1-f228.google.com (mail-pf1-f228.google.com [209.85.210.228]) by mails.dpdk.org (Postfix) with ESMTP id D4C3C4025A for ; Sat, 10 May 2025 07:36:39 +0200 (CEST) Received: by mail-pf1-f228.google.com with SMTP id d2e1a72fcca58-7394945d37eso2579844b3a.3 for ; Fri, 09 May 2025 22:36:39 -0700 (PDT) DKIM-Signature: v=1; a=rsa-sha256; c=relaxed/relaxed; d=iol.unh.edu; s=unh-iol; t=1746855399; x=1747460199; darn=dpdk.org; h=cc:to:from:subject:message-id:date:from:to:cc:subject:date :message-id:reply-to; bh=B8k13bkGdZ8hX42iHtSNqdAZ2mEay/Nm1Elyw2nPz5E=; b=FUMFhm0ojLJsheaLlKJC5rWYbDNfARwStDz3MGlb3Xa6pOyXuzKXgwoC30r9u+dMH2 ZiyJ1I6QBNR7ABcavIxeMrF5WDj6iCmNmExM3bq43HlTj0wcuROKTzeO1wNBEE7gTrTq 4KYR8aAyXbd9VB/m6OUdZwLgWei1/B8jwY6Es= X-Google-DKIM-Signature: v=1; a=rsa-sha256; c=relaxed/relaxed; d=1e100.net; s=20230601; t=1746855399; x=1747460199; h=cc:to:from:subject:message-id:date:x-gm-message-state:from:to:cc :subject:date:message-id:reply-to; bh=B8k13bkGdZ8hX42iHtSNqdAZ2mEay/Nm1Elyw2nPz5E=; b=QeVfmYbf0+4Kvl03n5bIkxIt6IVx0GRFLssupQvr5Hi45d3aksBdq7Biuj5+t2n6lL 4ktPvnGXBmiWf7Jw/mc7F2Qb6s9h5Q+eZg5olz9j+9nXCdwqBrxNxQZAFQuEcEqYUlyH 4jfNl+iKsNmP6g6N2XKmtZWcLnLWQBZfIBr0Udr5wZ1aZLUoDa4k3cztEp+n1cjWt+sg h8ibcK82tLM6B7+bDmAFAFJ9Hjt5jI1ekf40ttAYeagVBNjMA0LaPU/Y9MQD4dPYkvy7 ++k2wTU8G1X0lTxrWnZbD57PQDCrRLcmcNPeR+Y5XyAnD4fB0U4DY+8lQ/MBrYxX4A/N sytQ== X-Gm-Message-State: AOJu0YwZeEziBZC4DuTg/0qRGvd+TvLhYsyH03C/KxCqz9p2Oz/nietz wEWnOx5YUzAbiBqo8vSW17zurQcUHgI6deQ4lLa05kkosysTJEBjOdwsspod94Jf/0iKOuFnjkt S5PyldsWbTEY/RNstHJGw2NOwOAT5NkBbjZCcXhs09QaQOC0v X-Gm-Gg: ASbGncu/qgBhYMFSfldQgpnBJmRFAIpFuNLCpRIrMhA/SaNqztnrdXiPSaMJF3E0drs rbu5k59iKZRb+Evtq/3sgmmZUsa/TDOMyQgBmKailitMlixuaa2TlO8zw/08lLmYY4JdMwRe/UI krATFPYmb3OPYuJ9YmlUQTNX++048P4ybIxw3uwCf7n2aruMhUg5ScjteKKwds2jMjuwk/jnuOW MA8ONifZDAYGzjHnGlgTLuP86gqRClEY3i4H9Asxp7GUfvnDbP2BRkJ02AHfHG4/aVJ3A2F+Y5w RzaLSdh3BuP+lTj7/QG5XhDMRwHW7rO51luc X-Google-Smtp-Source: AGHT+IEvjXrTwT8MFfLhFTd+aOVmkzZjiXhLxdxyvHAGOiWAk7rawiZQvEZqwZEvI5leUNM13ei8+O353QHC X-Received: by 2002:a05:6a00:a0f:b0:730:9502:d564 with SMTP id d2e1a72fcca58-7423bfe5164mr7225714b3a.14.1746855398991; Fri, 09 May 2025 22:36:38 -0700 (PDT) Received: from postal.iol.unh.edu (postal.iol.unh.edu. [2606:4100:3880:1234::84]) by smtp-relay.gmail.com with ESMTPS id d2e1a72fcca58-7423772679asm185320b3a.8.2025.05.09.22.36.38 (version=TLS1_2 cipher=ECDHE-ECDSA-AES128-GCM-SHA256 bits=128/128); Fri, 09 May 2025 22:36:38 -0700 (PDT) X-Relaying-Domain: iol.unh.edu Date: Fri, 09 May 2025 22:36:38 -0700 (PDT) Message-ID: <681ee5e6.050a0220.18eb99.9eebSMTPIN_ADDED_MISSING@mx.google.com> Received: from [172.21.0.5] (unknown [172.18.0.240]) by postal.iol.unh.edu (Postfix) with ESMTP id 28FCF6052471; Sat, 10 May 2025 01:36:38 -0400 (EDT) Subject: |FAILURE| [GIT MASTER] 4401486b5e30d43a134f80f9802f60b5f43e74a8 From: dpdklab@iol.unh.edu To: Test Report Cc: dpdk-test-reports@iol.unh.edu, Xueming Li , Christian Ehrhardt , Kevin Traynor , Luca Boccassi Content-Type: text/plain X-BeenThere: test-report@dpdk.org X-Mailman-Version: 2.1.29 Precedence: list List-Id: automatic DPDK test reports List-Unsubscribe: , List-Archive: List-Post: List-Help: List-Subscribe: , Errors-To: test-report-bounces@dpdk.org _Testing issues_ Branch: tags/v22.11 4401486b5e30d43a134f80f9802f60b5f43e74a8 --> testing issues Upstream job id: Generic-Unit-Test-DPDK#336864 Test environment and result as below: +---------------------+----------------+ | Environment | dpdk_unit_test | +=====================+================+ | Fedora 40 (Clang) | FAIL | +---------------------+----------------+ | Fedora 41 (Clang) | FAIL | +---------------------+----------------+ | Fedora 41 | PEND | +---------------------+----------------+ | CentOS Stream 10 | PEND | +---------------------+----------------+ | Fedora 40 | PEND | +---------------------+----------------+ | CentOS Stream 9 | PEND | +---------------------+----------------+ | Debian 12 | FAIL | +---------------------+----------------+ | RHEL8 | PEND | +---------------------+----------------+ | RHEL9 | PEND | +---------------------+----------------+ | Ubuntu 22.04 | PEND | +---------------------+----------------+ | Ubuntu 20.04 | PASS | +---------------------+----------------+ | Ubuntu 24.04 | PEND | +---------------------+----------------+ | Windows Server 2022 | FAIL | +---------------------+----------------+ ==== Unit test summary for Windows Server 2022 (dpdk_unit_test): ==== Failed to get the unit test results. Displaying the unit test results is not supported for some environments, such as our aarch32 testing, where meson is not used to run the tests. Download the logs available on our CI site. ==== End log output ==== Fedora 40 (Clang) Kernel: Depends on container host Compiler: clang 18.1.8 (Fedora 18.1.8-1.fc40) Fedora 41 (Clang) Kernel: Depends on container host Compiler: clang 19.1.5 (Fedora 19.1.5-1.fc41) Fedora 41 Kernel: Depends on container host Compiler: gcc 14.2.1 20240912 (Red Hat 14.2.1-3) CentOS Stream 10 Kernel: Depends on container host Compiler: gcc 14.2.1 20241104 (Red Hat 14.2.1-6) Fedora 40 Kernel: Depends on container host Compiler: gcc 14.2.1 20240912 (Red Hat 14.2.1-3) CentOS Stream 9 Kernel: Depends on container host Compiler: gcc 11.5.0 20240719 (Red Hat 11.5.0-2) Debian 12 Kernel: Depends on container host Compiler: gcc (Debian 12.2.0-14) 12.2.0 RHEL8 Kernel: Depends on container host Compiler: gcc 8.5.0 20210514 (Red Hat 8.5.0-22) RHEL9 Kernel: Depends on container host Compiler: gcc 11.5.0 20240719 (Red Hat 11.5.0-2) Ubuntu 22.04 Kernel: Depends on container host Compiler: gcc (Ubuntu 11.4.0-1ubuntu1~22.04) 11.4.0 Ubuntu 20.04 Kernel: Depends on container host Compiler: gcc (Ubuntu 9.4.0-1ubuntu1~20.04.2) 9.4.0 Ubuntu 24.04 Kernel: Depends on container host Compiler: gcc (Ubuntu 13.3.0-6ubuntu2~24.04) 13.3.0 Windows Server 2022 Kernel: 10.0.20348.2031 Compiler: clang 15.0.7, gcc 14.1.0 (MinGW), and MSVC VS 19.39.33521 To view detailed results, visit: https://lab.dpdk.org/results/dashboard/tarballs/33492/ UNH-IOL DPDK Community Lab To manage your email subscriptions, visit: https://lab.dpdk.org/results/dashboard/preferences/subscriptions/