From mboxrd@z Thu Jan 1 00:00:00 1970 Return-Path: Received: from mails.dpdk.org (mails.dpdk.org [217.70.189.124]) by inbox.dpdk.org (Postfix) with ESMTP id A54CA46708 for ; Sat, 10 May 2025 07:41:01 +0200 (CEST) Received: from mails.dpdk.org (localhost [127.0.0.1]) by mails.dpdk.org (Postfix) with ESMTP id 7A56E4025D; Sat, 10 May 2025 07:41:01 +0200 (CEST) Received: from mail-il1-f226.google.com (mail-il1-f226.google.com [209.85.166.226]) by mails.dpdk.org (Postfix) with ESMTP id 361104025A for ; Sat, 10 May 2025 07:41:00 +0200 (CEST) Received: by mail-il1-f226.google.com with SMTP id e9e14a558f8ab-3da73998419so9606595ab.0 for ; Fri, 09 May 2025 22:41:00 -0700 (PDT) DKIM-Signature: v=1; a=rsa-sha256; c=relaxed/relaxed; d=iol.unh.edu; s=unh-iol; t=1746855659; x=1747460459; darn=dpdk.org; h=cc:to:from:subject:message-id:date:from:to:cc:subject:date :message-id:reply-to; bh=Ux0ipN3c/8D0q069QnxDEauheqB9Dr2RW5Jnb4OL7J4=; b=g23E8Zx9njLz8nVwRC441UZDD2R5UUEwK/7EpisLA8mqUWxr+7PJkczy0S4nhvTg+X V25AQOasCte+nDFs4Tf0LkzrWYolK0gvjYf+O50Oil338NLpn5OMmqvEifkGTUylOjRj +3r6fAZwKnnpSUl9jdppDrgM/9eUljXso5vsc= X-Google-DKIM-Signature: v=1; a=rsa-sha256; c=relaxed/relaxed; d=1e100.net; s=20230601; t=1746855659; x=1747460459; h=cc:to:from:subject:message-id:date:x-gm-message-state:from:to:cc :subject:date:message-id:reply-to; bh=Ux0ipN3c/8D0q069QnxDEauheqB9Dr2RW5Jnb4OL7J4=; b=ipHfQc/V0hDXqL/veZmu4gAKtqxGXK8sBuACqAXsJpI9ti3BQ4HTC3kjx5MZ4q08KO qFsydYCqpD6ZDsXzWx+qaTHv+0LMhrmxPTRBkNobN7El6qgaNeys4f7ljHk5sBB3Su6p UWWVtfFbpy18TBP2Efvza6bX7xxOwpTuqSUjvGdGX0nf/+Kgw66NTud7QV8WVX3wl3MC iCHyu1rvOi71jiRch06HGQ3HZnxprX0zXVIx+OK6/eaZUwSLlEHsXRx3g4BvUTm7DD8B t77DEWkKTEwSZxM8Vz6Q8O04I/icUM8LYPHe3MDViC3mAR/6BgBCqWwZ5LmdPXf5kJHe hGxQ== X-Gm-Message-State: AOJu0YwjT73hdE7Id3tXV6XiMgR3ZHMM8e/3cHucesCgHmDBIlWK0Jlr PzLJPUbnlaYkGjJio1s3PjXnhzRBI0ZBJpPdixchZm2aIlXBtTniul574Ush+kGfSE4oprMGwCF Rx4qKKHTCsC2ccaS+QrfRwaWpmHnqPW1o X-Gm-Gg: ASbGncsOT7QKtksafywXpYWfTlgj5rbDRxVcRTB+wJO0SbvGWJjwE/c1uGdrKrwyhxX 5MAZoztT93oxkyG/B/4rqHqu46l4cLHpgbnOfRrepNuFWt7S0TUc0UJGrySp6UxfAGrtO58zd72 2sItZT8bEa7hoNzNJ1hKonjIokfA42wATy+LyvFnLcD7G982GLTFMxz2HmSvhH5HcQeHKE/wbes 8CoFKHPmkgfc9o0mlCIpJegqqYAaRc6bkKbSbbC4ovRGOOCiKQ7Y+MDaHlP+j4woQCw4h0VbxWm v4BqFx0niwVJfCo7Q92DPld8yxsQDz/4Xl54EiF7LVFjwbNEbFjkemOM1BA= X-Google-Smtp-Source: AGHT+IFnD8/ICvahE4LVJGoUSw935qxZV9x/XcafXgRFHsy7fzaJUhfB9euaRlCIYr9n8KBpqZlxgf6R/JJV X-Received: by 2002:a05:6e02:2489:b0:3d4:3ab3:5574 with SMTP id e9e14a558f8ab-3da7e1e2494mr81248665ab.3.1746855659508; Fri, 09 May 2025 22:40:59 -0700 (PDT) Received: from postal.iol.unh.edu (postal.iol.unh.edu. [132.177.123.84]) by smtp-relay.gmail.com with ESMTPS id e9e14a558f8ab-3da7e11558bsm2528555ab.42.2025.05.09.22.40.59 (version=TLS1_2 cipher=ECDHE-ECDSA-AES128-GCM-SHA256 bits=128/128); Fri, 09 May 2025 22:40:59 -0700 (PDT) X-Relaying-Domain: iol.unh.edu Date: Fri, 09 May 2025 22:40:59 -0700 (PDT) Message-ID: <681ee6eb.050a0220.3760e6.f24fSMTPIN_ADDED_MISSING@mx.google.com> Received: from [172.21.0.5] (unknown [172.18.0.240]) by postal.iol.unh.edu (Postfix) with ESMTP id EFCB46052471; Sat, 10 May 2025 01:40:58 -0400 (EDT) Subject: |FAILURE| [GIT MASTER] 4401486b5e30d43a134f80f9802f60b5f43e74a8 From: dpdklab@iol.unh.edu To: Test Report Cc: dpdk-test-reports@iol.unh.edu, Xueming Li , Christian Ehrhardt , Kevin Traynor , Luca Boccassi Content-Type: text/plain X-BeenThere: test-report@dpdk.org X-Mailman-Version: 2.1.29 Precedence: list List-Id: automatic DPDK test reports List-Unsubscribe: , List-Archive: List-Post: List-Help: List-Subscribe: , Errors-To: test-report-bounces@dpdk.org _Testing issues_ Branch: tags/v22.11 4401486b5e30d43a134f80f9802f60b5f43e74a8 --> testing issues Upstream job id: Generic-Unit-Test-DPDK#336863 Test environment and result as below: +---------------------+----------------+ | Environment | dpdk_unit_test | +=====================+================+ | Fedora 40 (Clang) | FAIL | +---------------------+----------------+ | Fedora 41 (Clang) | FAIL | +---------------------+----------------+ | Fedora 41 | PEND | +---------------------+----------------+ | CentOS Stream 10 | FAIL | +---------------------+----------------+ | Fedora 40 | FAIL | +---------------------+----------------+ | CentOS Stream 9 | PEND | +---------------------+----------------+ | Debian 12 | FAIL | +---------------------+----------------+ | RHEL8 | PEND | +---------------------+----------------+ | RHEL9 | PEND | +---------------------+----------------+ | Ubuntu 22.04 | PEND | +---------------------+----------------+ | Ubuntu 20.04 | PASS | +---------------------+----------------+ | Ubuntu 24.04 | PEND | +---------------------+----------------+ | Windows Server 2022 | FAIL | +---------------------+----------------+ ==== Unit test summary for Windows Server 2022 (dpdk_unit_test): ==== Failed to get the unit test results. Displaying the unit test results is not supported for some environments, such as our aarch32 testing, where meson is not used to run the tests. Download the logs available on our CI site. ==== End log output ==== Fedora 40 (Clang) Kernel: Depends on container host Compiler: clang 18.1.8 (Fedora 18.1.8-1.fc40) Fedora 41 (Clang) Kernel: Depends on container host Compiler: clang 19.1.5 (Fedora 19.1.5-1.fc41) Fedora 41 Kernel: Depends on container host Compiler: gcc 14.2.1 20240912 (Red Hat 14.2.1-3) CentOS Stream 10 Kernel: Depends on container host Compiler: gcc 14.2.1 20241104 (Red Hat 14.2.1-6) Fedora 40 Kernel: Depends on container host Compiler: gcc 14.2.1 20240912 (Red Hat 14.2.1-3) CentOS Stream 9 Kernel: Depends on container host Compiler: gcc 11.5.0 20240719 (Red Hat 11.5.0-2) Debian 12 Kernel: Depends on container host Compiler: gcc (Debian 12.2.0-14) 12.2.0 RHEL8 Kernel: Depends on container host Compiler: gcc 8.5.0 20210514 (Red Hat 8.5.0-22) RHEL9 Kernel: Depends on container host Compiler: gcc 11.5.0 20240719 (Red Hat 11.5.0-2) Ubuntu 22.04 Kernel: Depends on container host Compiler: gcc (Ubuntu 11.4.0-1ubuntu1~22.04) 11.4.0 Ubuntu 20.04 Kernel: Depends on container host Compiler: gcc (Ubuntu 9.4.0-1ubuntu1~20.04.2) 9.4.0 Ubuntu 24.04 Kernel: Depends on container host Compiler: gcc (Ubuntu 13.3.0-6ubuntu2~24.04) 13.3.0 Windows Server 2022 Kernel: 10.0.20348.2031 Compiler: clang 15.0.7, gcc 14.1.0 (MinGW), and MSVC VS 19.39.33521 To view detailed results, visit: https://lab.dpdk.org/results/dashboard/tarballs/33492/ UNH-IOL DPDK Community Lab To manage your email subscriptions, visit: https://lab.dpdk.org/results/dashboard/preferences/subscriptions/