From mboxrd@z Thu Jan 1 00:00:00 1970 Return-Path: Received: from mails.dpdk.org (mails.dpdk.org [217.70.189.124]) by inbox.dpdk.org (Postfix) with ESMTP id 9468B46708 for ; Sat, 10 May 2025 07:41:36 +0200 (CEST) Received: from mails.dpdk.org (localhost [127.0.0.1]) by mails.dpdk.org (Postfix) with ESMTP id 910E44025D; Sat, 10 May 2025 07:41:36 +0200 (CEST) Received: from mail-qv1-f98.google.com (mail-qv1-f98.google.com [209.85.219.98]) by mails.dpdk.org (Postfix) with ESMTP id 77B664025A for ; Sat, 10 May 2025 07:41:35 +0200 (CEST) Received: by mail-qv1-f98.google.com with SMTP id 6a1803df08f44-6f6e72cbbf4so11767956d6.0 for ; Fri, 09 May 2025 22:41:35 -0700 (PDT) DKIM-Signature: v=1; a=rsa-sha256; c=relaxed/relaxed; d=iol.unh.edu; s=unh-iol; t=1746855695; x=1747460495; darn=dpdk.org; h=cc:to:from:subject:message-id:date:from:to:cc:subject:date :message-id:reply-to; bh=QgW0WX4Kjckwl4bFrpGlYlTVApMnbm2VrK+dfDaOzX8=; b=Ars1TvgKeIIXK0uTEdHLwPg85MclQ6nHh2VJm5BQviuDNLiSiCN14c3cP6bJSTwB1w WmVdGM11g9w+QXHKtx9uap9qlPzhzG9WZQcmekcfShneqj2hNtNZfSRZwBCK3t1Kbuu8 zzd3Rh6sl75OtVVxbcr4jq4Sjbvj9/CajYbQY= X-Google-DKIM-Signature: v=1; a=rsa-sha256; c=relaxed/relaxed; d=1e100.net; s=20230601; t=1746855695; x=1747460495; h=cc:to:from:subject:message-id:date:x-gm-message-state:from:to:cc :subject:date:message-id:reply-to; bh=QgW0WX4Kjckwl4bFrpGlYlTVApMnbm2VrK+dfDaOzX8=; b=YeiWguaSVI7e7UAgKKhfZV0chm4p3cUD7COYDXqiwjzQc7TAkLfGq7r++utp3ql3Qv 0pQCZ2oJFov4NTO/o+lklUVm17mLFBAtI9PTX4t2/hP7UZYY3PAAgKjkYP+4xI4HHeQe RSxJlfDsTfTt5UIf0+cMRY5pjiNTFgPZAgHnP2mbZwQsyNiB2nxkQHrjqCEcBXBXil5A 2IcEG15sHYcbLzwEb0Tllrsp/j7w3ioTqEasCdyizz1IedVsp/Hn/wvCSiC4Uwo5LG91 7y2XeI9zHXa3P0VbbEpN78RNJt93dXPBmU77frzCPq8GyQZ/KcMpGDSiyQyQy2v7v1Yy Cufg== X-Gm-Message-State: AOJu0YwMd489pa780TZDpaiosdh00tQjHcAmQGjFun194eCku8nVYPEm T4RvPHezmNaGfzPn6Wj15boGmiChv3ZpLfKw5BIJKnbbNVkp/EWx1CVrldYy96rcKS1jgDBI+7Z g5oshkgOvW26/9G2x+2hxd3c/wkGUE+CA X-Gm-Gg: ASbGncsAHvkIUTQsqig3i/mNoUUYv44OfvrzufPIiMTg5hQKy8KEkY4VmoVuN6s343X 2/pLaduBGawUybq3D2F2UDEMvSQmwHsznCPRVkPV5Ce78Q67yW4d/NAwGTjUIFzkxtPCFtwaZ/W WA2aPMFRnP9Z4AnOlaIbCmKhetebxSI/oVG1pyQGKpuJuCO8Q5gBxbPfwi5Y02+JZ8M+eezKBTG 0+60mis5M0QlEYEN00Ec8IXDURIOMysb5FDanXkzxSeFwvMoyndcOkdBSnzuTrsYuncytv0VTnC pHb42Fdw87ODBq7SJQlaE3D/InjKoRAi9D6KJMO/FE7mY88V3Hv+WsuxbXA= X-Google-Smtp-Source: AGHT+IGEpdDOHckiaCf58XaVGIaiEreP6GWc9iz6YOXYqfn40em+VZerxwuFbd9TfcfPUfu9LRy2NcHiuXj2 X-Received: by 2002:a05:6214:c44:b0:6f5:437a:dd60 with SMTP id 6a1803df08f44-6f6e44a9bc6mr92262046d6.0.1746855694777; Fri, 09 May 2025 22:41:34 -0700 (PDT) Received: from postal.iol.unh.edu (postal.iol.unh.edu. [132.177.123.84]) by smtp-relay.gmail.com with ESMTPS id 6a1803df08f44-6f6e3a558cesm2041676d6.61.2025.05.09.22.41.34 (version=TLS1_2 cipher=ECDHE-ECDSA-AES128-GCM-SHA256 bits=128/128); Fri, 09 May 2025 22:41:34 -0700 (PDT) X-Relaying-Domain: iol.unh.edu Date: Fri, 09 May 2025 22:41:34 -0700 (PDT) Message-ID: <681ee70e.d40a0220.8849b.c77eSMTPIN_ADDED_MISSING@mx.google.com> Received: from [172.21.0.6] (unknown [172.18.0.240]) by postal.iol.unh.edu (Postfix) with ESMTP id 7E6096052471; Sat, 10 May 2025 01:41:34 -0400 (EDT) Subject: |FAILURE| [GIT MASTER] 4401486b5e30d43a134f80f9802f60b5f43e74a8 From: dpdklab@iol.unh.edu To: Test Report Cc: dpdk-test-reports@iol.unh.edu, Xueming Li , Christian Ehrhardt , Kevin Traynor , Luca Boccassi Content-Type: text/plain X-BeenThere: test-report@dpdk.org X-Mailman-Version: 2.1.29 Precedence: list List-Id: automatic DPDK test reports List-Unsubscribe: , List-Archive: List-Post: List-Help: List-Subscribe: , Errors-To: test-report-bounces@dpdk.org _Testing issues_ Branch: tags/v22.11 4401486b5e30d43a134f80f9802f60b5f43e74a8 --> testing issues Upstream job id: Generic-Unit-Test-DPDK#336862 Test environment and result as below: +---------------------+----------------+ | Environment | dpdk_unit_test | +=====================+================+ | Fedora 40 (Clang) | FAIL | +---------------------+----------------+ | Fedora 41 (Clang) | FAIL | +---------------------+----------------+ | Fedora 41 | FAIL | +---------------------+----------------+ | CentOS Stream 10 | FAIL | +---------------------+----------------+ | Fedora 40 | FAIL | +---------------------+----------------+ | CentOS Stream 9 | FAIL | +---------------------+----------------+ | Debian 12 | FAIL | +---------------------+----------------+ | RHEL8 | PEND | +---------------------+----------------+ | RHEL9 | PEND | +---------------------+----------------+ | Ubuntu 22.04 | PEND | +---------------------+----------------+ | Ubuntu 20.04 | PASS | +---------------------+----------------+ | Ubuntu 24.04 | PEND | +---------------------+----------------+ | Windows Server 2022 | FAIL | +---------------------+----------------+ ==== Unit test summary for Windows Server 2022 (dpdk_unit_test): ==== Failed to get the unit test results. Displaying the unit test results is not supported for some environments, such as our aarch32 testing, where meson is not used to run the tests. Download the logs available on our CI site. ==== End log output ==== Fedora 40 (Clang) Kernel: Depends on container host Compiler: clang 18.1.8 (Fedora 18.1.8-1.fc40) Fedora 41 (Clang) Kernel: Depends on container host Compiler: clang 19.1.5 (Fedora 19.1.5-1.fc41) Fedora 41 Kernel: Depends on container host Compiler: gcc 14.2.1 20240912 (Red Hat 14.2.1-3) CentOS Stream 10 Kernel: Depends on container host Compiler: gcc 14.2.1 20241104 (Red Hat 14.2.1-6) Fedora 40 Kernel: Depends on container host Compiler: gcc 14.2.1 20240912 (Red Hat 14.2.1-3) CentOS Stream 9 Kernel: Depends on container host Compiler: gcc 11.5.0 20240719 (Red Hat 11.5.0-2) Debian 12 Kernel: Depends on container host Compiler: gcc (Debian 12.2.0-14) 12.2.0 RHEL8 Kernel: Depends on container host Compiler: gcc 8.5.0 20210514 (Red Hat 8.5.0-22) RHEL9 Kernel: Depends on container host Compiler: gcc 11.5.0 20240719 (Red Hat 11.5.0-2) Ubuntu 22.04 Kernel: Depends on container host Compiler: gcc (Ubuntu 11.4.0-1ubuntu1~22.04) 11.4.0 Ubuntu 20.04 Kernel: Depends on container host Compiler: gcc (Ubuntu 9.4.0-1ubuntu1~20.04.2) 9.4.0 Ubuntu 24.04 Kernel: Depends on container host Compiler: gcc (Ubuntu 13.3.0-6ubuntu2~24.04) 13.3.0 Windows Server 2022 Kernel: 10.0.20348.2031 Compiler: clang 15.0.7, gcc 14.1.0 (MinGW), and MSVC VS 19.39.33521 To view detailed results, visit: https://lab.dpdk.org/results/dashboard/tarballs/33492/ UNH-IOL DPDK Community Lab To manage your email subscriptions, visit: https://lab.dpdk.org/results/dashboard/preferences/subscriptions/