From mboxrd@z Thu Jan 1 00:00:00 1970 Return-Path: Received: from mails.dpdk.org (mails.dpdk.org [217.70.189.124]) by inbox.dpdk.org (Postfix) with ESMTP id 1644846708 for ; Sat, 10 May 2025 07:55:42 +0200 (CEST) Received: from mails.dpdk.org (localhost [127.0.0.1]) by mails.dpdk.org (Postfix) with ESMTP id 05F8E4025D; Sat, 10 May 2025 07:55:42 +0200 (CEST) Received: from mail-yb1-f227.google.com (mail-yb1-f227.google.com [209.85.219.227]) by mails.dpdk.org (Postfix) with ESMTP id 82EE04025A for ; Sat, 10 May 2025 07:55:41 +0200 (CEST) Received: by mail-yb1-f227.google.com with SMTP id 3f1490d57ef6-e78fc91f2dfso1753860276.2 for ; Fri, 09 May 2025 22:55:41 -0700 (PDT) DKIM-Signature: v=1; a=rsa-sha256; c=relaxed/relaxed; d=iol.unh.edu; s=unh-iol; t=1746856541; x=1747461341; darn=dpdk.org; h=cc:to:from:subject:message-id:date:from:to:cc:subject:date :message-id:reply-to; bh=7noXSpqD5CvHuU1IV0TfqyxkXzao695PoJTj92sNfrk=; b=GuaEaQSxlO8Rw3sfK97oaA+YjI7saDPcd0J7RHLDOR2Ar0hIzoyIf0bb8UsunpMQO7 r7x1YCl8OZaZ30Iaq/0K9UKR8llHJmCON3cYupxm0YlE90S7GbGs+KPNcys0noN2JCS6 g/3X/aQ7AbA3GhJTRX3yUYokyiKVrWgeAxkcg= X-Google-DKIM-Signature: v=1; a=rsa-sha256; c=relaxed/relaxed; d=1e100.net; s=20230601; t=1746856541; x=1747461341; h=cc:to:from:subject:message-id:date:x-gm-message-state:from:to:cc :subject:date:message-id:reply-to; bh=7noXSpqD5CvHuU1IV0TfqyxkXzao695PoJTj92sNfrk=; b=lIrei5Qq6YzUyFvq6S8taH56wQgaWS5Z8SuuGuypxRa5LUTa3RCP6lH+rZaaxOIyYE UjHLUPNOY4pYOFBIZbG2MDJo5bIv3WY5QnLnMeslFVP9Z29UZjGNeSBlZD5vFzgUnKh5 zXLn4Glo1XTctgplRErjwKG89JQca4u0s+ZIi+9eY8nFB/n/yt/Sw6lTky3CoCtj8lLz 0ANd2ptXn//ZC8s9LolPyrpGZpLp24jQgcMHVqffcnlDvoF9pS2Wmds2JrzAfDdGVfbg u5e7ajHlNf151miMaMoVVJsplPoSI3P8gBCoh0n86NujAb3mjhM1VhXhk5aZcSmw8DAJ zBJg== X-Gm-Message-State: AOJu0YzGF+tu1WAna5BybR7rUxA/FLk751vrJKP0A1pdD3+9r30USt4B QhvVtPUeObIdeSQyr62VFofHdCRStkkODi08yHQvJgDbe6lOS3V2O69Hh9MetUNRS/vukmOJP6V N96RUqQgsYERNzAo4U43mY5UbhkvWC8qM X-Gm-Gg: ASbGncv1T58VsAMHoBToUrScccwWgUu0M9bdwfC6h9UK0FZPW2DH+FJN3aW3M3mQP6j BVG36vZJ51eP2Y55oAgQYxKyNtNbXyr74DugrBZT1h1dWijZMfD9sbq9Tv4x4aUs6bQGkLcH3fV eCjkJxxibfK1KgqCNg3tx/3jvl8yBg+jCBZXfkuHcdr+9egXWRYyV04yC8N3Pb04uq0Ws6kJD1K 7wHYcU7keLJrjDGh3v4lisx3IPnTh3ft4Y+NYtvSJNO/n8gp4gKrfuNkcPJa9BO+HcV7QsTtdUE w9bHOuqPbc26Uppxv903roROfW6rIgLSOHOJD+y/cn0G5lZUSvANTC+Zbds= X-Google-Smtp-Source: AGHT+IHtDZEIkybVdj5P7PVW7hkuzanhiPRM/zkzPKZ6tfPzLoPr0QxVuMG0swW3Pr7jmyB5htmP5CRl+c0K X-Received: by 2002:a05:6902:2846:b0:e72:f374:49b0 with SMTP id 3f1490d57ef6-e78fdd4561emr7436886276.42.1746856540858; Fri, 09 May 2025 22:55:40 -0700 (PDT) Received: from postal.iol.unh.edu (postal.iol.unh.edu. [132.177.123.84]) by smtp-relay.gmail.com with ESMTPS id 3f1490d57ef6-e78fd454719sm174926276.4.2025.05.09.22.55.40 (version=TLS1_2 cipher=ECDHE-ECDSA-AES128-GCM-SHA256 bits=128/128); Fri, 09 May 2025 22:55:40 -0700 (PDT) X-Relaying-Domain: iol.unh.edu Date: Fri, 09 May 2025 22:55:40 -0700 (PDT) Message-ID: <681eea5c.250a0220.15410c.9b91SMTPIN_ADDED_MISSING@mx.google.com> Received: from [172.21.0.5] (unknown [172.18.0.240]) by postal.iol.unh.edu (Postfix) with ESMTP id 776486052471; Sat, 10 May 2025 01:55:40 -0400 (EDT) Subject: |FAILURE| [GIT MASTER] 4401486b5e30d43a134f80f9802f60b5f43e74a8 From: dpdklab@iol.unh.edu To: Test Report Cc: dpdk-test-reports@iol.unh.edu, Xueming Li , Christian Ehrhardt , Kevin Traynor , Luca Boccassi Content-Type: text/plain X-BeenThere: test-report@dpdk.org X-Mailman-Version: 2.1.29 Precedence: list List-Id: automatic DPDK test reports List-Unsubscribe: , List-Archive: List-Post: List-Help: List-Subscribe: , Errors-To: test-report-bounces@dpdk.org _Testing issues_ Branch: tags/v22.11 4401486b5e30d43a134f80f9802f60b5f43e74a8 --> testing issues Upstream job id: Generic-Unit-Test-DPDK#336869 Test environment and result as below: +---------------------+----------------+ | Environment | dpdk_unit_test | +=====================+================+ | Fedora 40 (Clang) | FAIL | +---------------------+----------------+ | Fedora 41 (Clang) | FAIL | +---------------------+----------------+ | Fedora 41 | FAIL | +---------------------+----------------+ | CentOS Stream 10 | FAIL | +---------------------+----------------+ | Fedora 40 | FAIL | +---------------------+----------------+ | CentOS Stream 9 | FAIL | +---------------------+----------------+ | Debian 12 | FAIL | +---------------------+----------------+ | RHEL8 | FAIL | +---------------------+----------------+ | RHEL9 | PEND | +---------------------+----------------+ | Ubuntu 22.04 | PEND | +---------------------+----------------+ | Ubuntu 20.04 | PASS | +---------------------+----------------+ | Ubuntu 24.04 | PEND | +---------------------+----------------+ | Windows Server 2022 | FAIL | +---------------------+----------------+ ==== Unit test summary for Windows Server 2022 (dpdk_unit_test): ==== Failed to get the unit test results. Displaying the unit test results is not supported for some environments, such as our aarch32 testing, where meson is not used to run the tests. Download the logs available on our CI site. ==== End log output ==== Fedora 40 (Clang) Kernel: Depends on container host Compiler: clang 18.1.8 (Fedora 18.1.8-1.fc40) Fedora 41 (Clang) Kernel: Depends on container host Compiler: clang 19.1.5 (Fedora 19.1.5-1.fc41) Fedora 41 Kernel: Depends on container host Compiler: gcc 14.2.1 20240912 (Red Hat 14.2.1-3) CentOS Stream 10 Kernel: Depends on container host Compiler: gcc 14.2.1 20241104 (Red Hat 14.2.1-6) Fedora 40 Kernel: Depends on container host Compiler: gcc 14.2.1 20240912 (Red Hat 14.2.1-3) CentOS Stream 9 Kernel: Depends on container host Compiler: gcc 11.5.0 20240719 (Red Hat 11.5.0-2) Debian 12 Kernel: Depends on container host Compiler: gcc (Debian 12.2.0-14) 12.2.0 RHEL8 Kernel: Depends on container host Compiler: gcc 8.5.0 20210514 (Red Hat 8.5.0-22) RHEL9 Kernel: Depends on container host Compiler: gcc 11.5.0 20240719 (Red Hat 11.5.0-2) Ubuntu 22.04 Kernel: Depends on container host Compiler: gcc (Ubuntu 11.4.0-1ubuntu1~22.04) 11.4.0 Ubuntu 20.04 Kernel: Depends on container host Compiler: gcc (Ubuntu 9.4.0-1ubuntu1~20.04.2) 9.4.0 Ubuntu 24.04 Kernel: Depends on container host Compiler: gcc (Ubuntu 13.3.0-6ubuntu2~24.04) 13.3.0 Windows Server 2022 Kernel: 10.0.20348.2031 Compiler: clang 15.0.7, gcc 14.1.0 (MinGW), and MSVC VS 19.39.33521 To view detailed results, visit: https://lab.dpdk.org/results/dashboard/tarballs/33492/ UNH-IOL DPDK Community Lab To manage your email subscriptions, visit: https://lab.dpdk.org/results/dashboard/preferences/subscriptions/