From mboxrd@z Thu Jan 1 00:00:00 1970 Return-Path: Received: from mails.dpdk.org (mails.dpdk.org [217.70.189.124]) by inbox.dpdk.org (Postfix) with ESMTP id 60AC54670A for ; Sat, 10 May 2025 08:08:38 +0200 (CEST) Received: from mails.dpdk.org (localhost [127.0.0.1]) by mails.dpdk.org (Postfix) with ESMTP id 3E6E74025D; Sat, 10 May 2025 08:08:38 +0200 (CEST) Received: from mail-pf1-f226.google.com (mail-pf1-f226.google.com [209.85.210.226]) by mails.dpdk.org (Postfix) with ESMTP id BAD534025A for ; Sat, 10 May 2025 08:08:36 +0200 (CEST) Received: by mail-pf1-f226.google.com with SMTP id d2e1a72fcca58-7390d21bb1cso2942143b3a.2 for ; Fri, 09 May 2025 23:08:36 -0700 (PDT) DKIM-Signature: v=1; a=rsa-sha256; c=relaxed/relaxed; d=iol.unh.edu; s=unh-iol; t=1746857316; x=1747462116; darn=dpdk.org; h=cc:to:from:subject:message-id:date:from:to:cc:subject:date :message-id:reply-to; bh=VbTBDM84zrovdWhKQuWlTQDxGW1DV1k+pxdgUxZugqw=; b=EXSxd5diBltwg9+FGeHQ27+rmYyysuMHXpOje1nTDJpkOf0600Ku0lI3G6cbDb8WuQ 6Ja9p3B3KoBSQLtUcsCG0IzZi2Db9r+Apl0s5JxJJg6UoJA6BodmrTTVvHPdLfvfaFlK WeWy9J2LtSo/Fwz+BtyCYVJGt9xrlPFPM6vVI= X-Google-DKIM-Signature: v=1; a=rsa-sha256; c=relaxed/relaxed; d=1e100.net; s=20230601; t=1746857316; x=1747462116; h=cc:to:from:subject:message-id:date:x-gm-message-state:from:to:cc :subject:date:message-id:reply-to; bh=VbTBDM84zrovdWhKQuWlTQDxGW1DV1k+pxdgUxZugqw=; b=nfDdT8oOngQjR5qFwG4d/bEd3H3Visa2HjrKzjtJ4ow/V7SkJiaZtWth1HRTdj7oW/ lAbo7WCjysIh374P4fK1OcqDcuHU3xXTqTlmVzlwIWBoqWYSnR9hTqq0aF+E+HTmicTf XbVsf6hfqMoC8PHv3BH131905447OwpG0HLSNOu6X+rOTfbA9kMUT6XicOFoq89B9Slp HIY4z93KYE4HnReE98ASqf9QhDRPQyYhMusPStbH6/DheH+wp6gT+BpoCAix147oZBN6 viTZ4duEeRFu2v2/W6im23JEGH3NSCKky3V3J466ktvMGhxJ6OsCvARTm+FbhUICdw/F WmyQ== X-Gm-Message-State: AOJu0YxzNZm4BpR8HwXxf7wj+JGfh/HryoUr1OrMJGCxRfwvopgYLkVr kmXz4XQXUb3CCVovzhYtwUijw8EK7DKV8EAixJPahxyaAE/axNVPhxflgqqUwUW0qE+KETAWYSj jymfQuYfo6mUoM6FgX9+pb+CeSr39ZnGBSp5GPBC4Hhqf7okh X-Gm-Gg: ASbGnctsbN55ahKKaGSlGjCzsbUWS+qqtfQsQfWkf9ZFM9pmWZWypdxFWRXB0l2W3Xq UVj9fAE5JBD3C6Q/Ug0pR3w5v8iM3aOKcEabSB4HPwEk8NmjTukNjphUafKf5N1zrN51AWnsRKV MZ0gOlYYrhnIFK/oo2FyKA3vo5kHh1gE90DxPLp0kaAyrmB0wu1OO0X/9b8sK8OFIfQPbpBRN5n 0CYG0RPuAj4yhi8cb500ZQ+sf9TJIu8VnCILNwTJLqxn3flk7Enb6OhOOhivazKBcJ/5dcPoU3Y O/LuHThVSCswMYu9FghG8ikNvnwzpC/jXqET X-Google-Smtp-Source: AGHT+IHYbs6c4jsSdiGK3NLsxV6UZ6gdrOfLPc04Tbwmfa80qzRcG89XleKRKLWyrg/gQC4IzhEW94hJ0r/y X-Received: by 2002:a05:6a21:3182:b0:1f5:64fd:68eb with SMTP id adf61e73a8af0-215abacef78mr10257375637.7.1746857315742; Fri, 09 May 2025 23:08:35 -0700 (PDT) Received: from postal.iol.unh.edu (postal.iol.unh.edu. [2606:4100:3880:1234::84]) by smtp-relay.gmail.com with ESMTPS id d2e1a72fcca58-7423770428csm176776b3a.4.2025.05.09.23.08.35 (version=TLS1_2 cipher=ECDHE-ECDSA-AES128-GCM-SHA256 bits=128/128); Fri, 09 May 2025 23:08:35 -0700 (PDT) X-Relaying-Domain: iol.unh.edu Date: Fri, 09 May 2025 23:08:35 -0700 (PDT) Message-ID: <681eed63.050a0220.289985.9df9SMTPIN_ADDED_MISSING@mx.google.com> Received: from [172.21.0.5] (unknown [172.18.0.240]) by postal.iol.unh.edu (Postfix) with ESMTP id E00426052471; Sat, 10 May 2025 02:08:34 -0400 (EDT) Subject: |FAILURE| [GIT MASTER] 4401486b5e30d43a134f80f9802f60b5f43e74a8 From: dpdklab@iol.unh.edu To: Test Report Cc: dpdk-test-reports@iol.unh.edu, Xueming Li , Christian Ehrhardt , Kevin Traynor , Luca Boccassi Content-Type: text/plain X-BeenThere: test-report@dpdk.org X-Mailman-Version: 2.1.29 Precedence: list List-Id: automatic DPDK test reports List-Unsubscribe: , List-Archive: List-Post: List-Help: List-Subscribe: , Errors-To: test-report-bounces@dpdk.org _Testing issues_ Branch: tags/v22.11 4401486b5e30d43a134f80f9802f60b5f43e74a8 --> testing issues Upstream job id: Generic-Unit-Test-DPDK#336870 Test environment and result as below: +---------------------+----------------+ | Environment | dpdk_unit_test | +=====================+================+ | Fedora 40 (Clang) | FAIL | +---------------------+----------------+ | Fedora 41 (Clang) | FAIL | +---------------------+----------------+ | Fedora 41 | FAIL | +---------------------+----------------+ | CentOS Stream 10 | FAIL | +---------------------+----------------+ | Fedora 40 | FAIL | +---------------------+----------------+ | CentOS Stream 9 | FAIL | +---------------------+----------------+ | Debian 12 | FAIL | +---------------------+----------------+ | RHEL8 | FAIL | +---------------------+----------------+ | RHEL9 | FAIL | +---------------------+----------------+ | Ubuntu 22.04 | PEND | +---------------------+----------------+ | Ubuntu 20.04 | PASS | +---------------------+----------------+ | Ubuntu 24.04 | PEND | +---------------------+----------------+ | Windows Server 2022 | FAIL | +---------------------+----------------+ ==== Unit test summary for Windows Server 2022 (dpdk_unit_test): ==== Failed to get the unit test results. Displaying the unit test results is not supported for some environments, such as our aarch32 testing, where meson is not used to run the tests. Download the logs available on our CI site. ==== End log output ==== Fedora 40 (Clang) Kernel: Depends on container host Compiler: clang 18.1.8 (Fedora 18.1.8-1.fc40) Fedora 41 (Clang) Kernel: Depends on container host Compiler: clang 19.1.5 (Fedora 19.1.5-1.fc41) Fedora 41 Kernel: Depends on container host Compiler: gcc 14.2.1 20240912 (Red Hat 14.2.1-3) CentOS Stream 10 Kernel: Depends on container host Compiler: gcc 14.2.1 20241104 (Red Hat 14.2.1-6) Fedora 40 Kernel: Depends on container host Compiler: gcc 14.2.1 20240912 (Red Hat 14.2.1-3) CentOS Stream 9 Kernel: Depends on container host Compiler: gcc 11.5.0 20240719 (Red Hat 11.5.0-2) Debian 12 Kernel: Depends on container host Compiler: gcc (Debian 12.2.0-14) 12.2.0 RHEL8 Kernel: Depends on container host Compiler: gcc 8.5.0 20210514 (Red Hat 8.5.0-22) RHEL9 Kernel: Depends on container host Compiler: gcc 11.5.0 20240719 (Red Hat 11.5.0-2) Ubuntu 22.04 Kernel: Depends on container host Compiler: gcc (Ubuntu 11.4.0-1ubuntu1~22.04) 11.4.0 Ubuntu 20.04 Kernel: Depends on container host Compiler: gcc (Ubuntu 9.4.0-1ubuntu1~20.04.2) 9.4.0 Ubuntu 24.04 Kernel: Depends on container host Compiler: gcc (Ubuntu 13.3.0-6ubuntu2~24.04) 13.3.0 Windows Server 2022 Kernel: 10.0.20348.2031 Compiler: clang 15.0.7, gcc 14.1.0 (MinGW), and MSVC VS 19.39.33521 To view detailed results, visit: https://lab.dpdk.org/results/dashboard/tarballs/33492/ UNH-IOL DPDK Community Lab To manage your email subscriptions, visit: https://lab.dpdk.org/results/dashboard/preferences/subscriptions/