From mboxrd@z Thu Jan 1 00:00:00 1970 Return-Path: Received: from mails.dpdk.org (mails.dpdk.org [217.70.189.124]) by inbox.dpdk.org (Postfix) with ESMTP id 9EB5F4670A for ; Sat, 10 May 2025 08:11:13 +0200 (CEST) Received: from mails.dpdk.org (localhost [127.0.0.1]) by mails.dpdk.org (Postfix) with ESMTP id 7FF3F4025D; Sat, 10 May 2025 08:11:13 +0200 (CEST) Received: from mail-yw1-f225.google.com (mail-yw1-f225.google.com [209.85.128.225]) by mails.dpdk.org (Postfix) with ESMTP id C397B4025A for ; Sat, 10 May 2025 08:11:12 +0200 (CEST) Received: by mail-yw1-f225.google.com with SMTP id 00721157ae682-70a23f4fe8bso26651767b3.2 for ; Fri, 09 May 2025 23:11:12 -0700 (PDT) DKIM-Signature: v=1; a=rsa-sha256; c=relaxed/relaxed; d=iol.unh.edu; s=unh-iol; t=1746857472; x=1747462272; darn=dpdk.org; h=cc:to:from:subject:message-id:date:from:to:cc:subject:date :message-id:reply-to; bh=OkYrV1EirgsoGvabjSB7EO5V4l5aZuJgEzrmhA0V8q0=; b=grU76WYXe6MJ4oxa0zj6brZeFHc65WY+kfz9KFlgj8MsF0gfyDqtpL4i5svAUfCmzw cthvtJrs5E8nrb5UU36xuLCdlEiVzYwdVvzd8cYAPDE6dDqq2rAqIJgCJI+4FltmwmlS Ttkj+yrGqHo9JKKEk9HpjVOi8IXfLVgzfcwmQ= X-Google-DKIM-Signature: v=1; a=rsa-sha256; c=relaxed/relaxed; d=1e100.net; s=20230601; t=1746857472; x=1747462272; h=cc:to:from:subject:message-id:date:x-gm-message-state:from:to:cc :subject:date:message-id:reply-to; bh=OkYrV1EirgsoGvabjSB7EO5V4l5aZuJgEzrmhA0V8q0=; b=ZXIWCfXo2x0cIPBl7kTrWbcEAe2nbvEeYQBCvhCPjG/meqGFzB/csexg4l7J4U90ST jApGL2mWb0ExZXHDBAa+JYG/MWswW6CycQynNl88/X+8wMfs5Rk8tyZ00ETSNPB7wY7G aPxZndCBs5cY3FnZgSP+U3WOt7wfA+0L8jo7Eo66t5+/G7mhR7F5ru19Gs8qq8F5L3fW Ok/rPJGxMZi4GYGwN1o/Hv9th14kw493lyR0louJVytCV8f+KP2d/J5O18NoHtYgb+KI ADHNAT79h8s3rCXuFmWORyZnbegZfqQvh1Ds3eU8gQBhGRACNi3p+4QVR9d2hBKd8ipd VKYw== X-Gm-Message-State: AOJu0Yy+HBsmrrtp878trBKAMudegqkQSIOWKcsepWqmloFStJPiEeUO ZqMVu3lJaKoXhxLuj3NioMDineZaI+te5EAsZ8rycSD1gwxodnN0dsOi1CPkLMzmKFx23vt46tj xun/b0VQU2NtFaIwYN6l027rDDl94a525G7zMuCBWi7sxguNJ X-Gm-Gg: ASbGncvGFUTL4lGX3zsIdzUWd9+iU7jDun11GlswMqIdxlOicwa+SA0JpsPqYwLFY7a lL6XJDbKi1r5TllCvZ+NT/1aS4n5gb7lKSGzTz2IBHIAX9EbKAcjUZCSaJ/erbaXLQYMLOif9RN 1q6DiA5xCbDQoUXC8eMD+ukpHaNMMiFFkZr7oRCQ2LUx/6alcrYpJsTepkF49tQL15Pf9ZNePc2 jjqLlUV3Oketli6Th3Etoo8dM3el8zyJZzDVpmetoauy9MycxkVXCbIENrln6fXdnJYyhJo8INi I3ftyJcMm9jKeQskGFp8iGLMYHB9MQXCdOQU X-Google-Smtp-Source: AGHT+IFxDM2LMEyjNhts+1u0872DsSVBvmo2MJ/grLJ6QJ3+FJGxcb9omJAulrywt4BukCR246m7OvfFJLrt X-Received: by 2002:a05:690c:6f81:b0:6ef:5097:5daa with SMTP id 00721157ae682-70a3fb5498amr80604597b3.34.1746857472054; Fri, 09 May 2025 23:11:12 -0700 (PDT) Received: from postal.iol.unh.edu (postal.iol.unh.edu. [2606:4100:3880:1234::84]) by smtp-relay.gmail.com with ESMTPS id 00721157ae682-70a519f5bd1sm374467b3.65.2025.05.09.23.11.11 (version=TLS1_2 cipher=ECDHE-ECDSA-AES128-GCM-SHA256 bits=128/128); Fri, 09 May 2025 23:11:12 -0700 (PDT) X-Relaying-Domain: iol.unh.edu Date: Fri, 09 May 2025 23:11:12 -0700 (PDT) Message-ID: <681eee00.050a0220.1cda5.1fa4SMTPIN_ADDED_MISSING@mx.google.com> Received: from [172.21.0.5] (unknown [172.18.0.240]) by postal.iol.unh.edu (Postfix) with ESMTP id B230A6052471; Sat, 10 May 2025 02:11:11 -0400 (EDT) Subject: |FAILURE| [GIT MASTER] 4401486b5e30d43a134f80f9802f60b5f43e74a8 From: dpdklab@iol.unh.edu To: Test Report Cc: dpdk-test-reports@iol.unh.edu, Xueming Li , Christian Ehrhardt , Kevin Traynor , Luca Boccassi Content-Type: text/plain X-BeenThere: test-report@dpdk.org X-Mailman-Version: 2.1.29 Precedence: list List-Id: automatic DPDK test reports List-Unsubscribe: , List-Archive: List-Post: List-Help: List-Subscribe: , Errors-To: test-report-bounces@dpdk.org _Testing issues_ Branch: tags/v22.11 4401486b5e30d43a134f80f9802f60b5f43e74a8 --> testing issues Upstream job id: Generic-Unit-Test-DPDK#336871 Test environment and result as below: +---------------------+----------------+ | Environment | dpdk_unit_test | +=====================+================+ | Fedora 40 (Clang) | FAIL | +---------------------+----------------+ | Fedora 41 (Clang) | FAIL | +---------------------+----------------+ | Fedora 41 | FAIL | +---------------------+----------------+ | CentOS Stream 10 | FAIL | +---------------------+----------------+ | Fedora 40 | FAIL | +---------------------+----------------+ | CentOS Stream 9 | FAIL | +---------------------+----------------+ | Debian 12 | FAIL | +---------------------+----------------+ | RHEL8 | FAIL | +---------------------+----------------+ | RHEL9 | FAIL | +---------------------+----------------+ | Ubuntu 22.04 | PEND | +---------------------+----------------+ | Ubuntu 20.04 | PASS | +---------------------+----------------+ | Ubuntu 24.04 | PEND | +---------------------+----------------+ | Windows Server 2022 | FAIL | +---------------------+----------------+ ==== Unit test summary for Windows Server 2022 (dpdk_unit_test): ==== Failed to get the unit test results. Displaying the unit test results is not supported for some environments, such as our aarch32 testing, where meson is not used to run the tests. Download the logs available on our CI site. ==== End log output ==== Fedora 40 (Clang) Kernel: Depends on container host Compiler: clang 18.1.8 (Fedora 18.1.8-1.fc40) Fedora 41 (Clang) Kernel: Depends on container host Compiler: clang 19.1.5 (Fedora 19.1.5-1.fc41) Fedora 41 Kernel: Depends on container host Compiler: gcc 14.2.1 20240912 (Red Hat 14.2.1-3) CentOS Stream 10 Kernel: Depends on container host Compiler: gcc 14.2.1 20241104 (Red Hat 14.2.1-6) Fedora 40 Kernel: Depends on container host Compiler: gcc 14.2.1 20240912 (Red Hat 14.2.1-3) CentOS Stream 9 Kernel: Depends on container host Compiler: gcc 11.5.0 20240719 (Red Hat 11.5.0-2) Debian 12 Kernel: Depends on container host Compiler: gcc (Debian 12.2.0-14) 12.2.0 RHEL8 Kernel: Depends on container host Compiler: gcc 8.5.0 20210514 (Red Hat 8.5.0-22) RHEL9 Kernel: Depends on container host Compiler: gcc 11.5.0 20240719 (Red Hat 11.5.0-2) Ubuntu 22.04 Kernel: Depends on container host Compiler: gcc (Ubuntu 11.4.0-1ubuntu1~22.04) 11.4.0 Ubuntu 20.04 Kernel: Depends on container host Compiler: gcc (Ubuntu 9.4.0-1ubuntu1~20.04.2) 9.4.0 Ubuntu 24.04 Kernel: Depends on container host Compiler: gcc (Ubuntu 13.3.0-6ubuntu2~24.04) 13.3.0 Windows Server 2022 Kernel: 10.0.20348.2031 Compiler: clang 15.0.7, gcc 14.1.0 (MinGW), and MSVC VS 19.39.33521 To view detailed results, visit: https://lab.dpdk.org/results/dashboard/tarballs/33492/ UNH-IOL DPDK Community Lab To manage your email subscriptions, visit: https://lab.dpdk.org/results/dashboard/preferences/subscriptions/