From mboxrd@z Thu Jan 1 00:00:00 1970 Return-Path: Received: from mails.dpdk.org (mails.dpdk.org [217.70.189.124]) by inbox.dpdk.org (Postfix) with ESMTP id 373FD4670A for ; Sat, 10 May 2025 08:16:33 +0200 (CEST) Received: from mails.dpdk.org (localhost [127.0.0.1]) by mails.dpdk.org (Postfix) with ESMTP id 15C494025D; Sat, 10 May 2025 08:16:33 +0200 (CEST) Received: from mail-yw1-f228.google.com (mail-yw1-f228.google.com [209.85.128.228]) by mails.dpdk.org (Postfix) with ESMTP id D47664025A for ; Sat, 10 May 2025 08:16:31 +0200 (CEST) Received: by mail-yw1-f228.google.com with SMTP id 00721157ae682-70a2970cb70so24647557b3.0 for ; Fri, 09 May 2025 23:16:31 -0700 (PDT) DKIM-Signature: v=1; a=rsa-sha256; c=relaxed/relaxed; d=iol.unh.edu; s=unh-iol; t=1746857791; x=1747462591; darn=dpdk.org; h=cc:to:from:subject:message-id:date:from:to:cc:subject:date :message-id:reply-to; bh=C+8/hCZNU2grWNeux4mBgY4DmsDWTSVFi1SLOLn9iD8=; b=C1US5JzE4RsnT5n5trvBCgO2wPguksGR+Fv81LzYD41PIkYImtwwqk1UM+VAM7x+hg p0jrq5jikdZ1S/O0JyJdxw3+nm+aJE23haWSsRImi5LIiaxq84lp+S3mHtZJEKf+x8q9 EjI0Va2rrdJekKnnnrsxzF5ATAhVHmSsvVjr4= X-Google-DKIM-Signature: v=1; a=rsa-sha256; c=relaxed/relaxed; d=1e100.net; s=20230601; t=1746857791; x=1747462591; h=cc:to:from:subject:message-id:date:x-gm-message-state:from:to:cc :subject:date:message-id:reply-to; bh=C+8/hCZNU2grWNeux4mBgY4DmsDWTSVFi1SLOLn9iD8=; b=RSz0E3eOhzm0zvH4TQrYpxwx6gVFKOTILTa1Nhi6wCgNv9Y2LtNYb2a07ge4xV+IY8 5/Q5G2gpmgERH6JBBj6aPnHSBszLVHp2jUIaonTKX0rMIAisi1yTJkYnW8Zz085hQPjY 9ZJAJIMXmw+n8/A4dM/TRzt+SLl6zOFun7akhv97aunJ1/Lea1s2PTSM2HFunoWfyU0u qOJdzKol8agizpCahHm3i6mp6dW5EprnBqWcFUSfrLTF3fSAGQ/7/0SNdYzMc3181hqB D/pQ9wYFX0osXTQhU3PytSAOVdQD55wjWkumb5JdlU6vVKL/evagBZd7s6tfJ5jKdEZl rR0Q== X-Gm-Message-State: AOJu0YzzLqtHir3e3thyM88KVG3sQj+8LNWlSSkb7ymrvv9F9ZQzPrrv m+l9U+patqsFaRw5YP5FKZVsE72pa50+PoytPFwxcSzqYo4UNqO3mN7Hap66IuwjDfEu4qn4M5t t/oyuSyntIT2xALOv6+suvM8YfYyCh8cy X-Gm-Gg: ASbGncsirPAxhtaFTs8MqIApzl67E3mf7vRRAFL5ACzlzVLy6FMfFHGYyzyxnhDGgHX ZASNo77AP69W/Dw2Heg5iG8QaB1spSfWQZpMrhp/+tAYHIyBkDQRpnCTNH/lZ1acK2tOQ4W1lyx 7stX3WdBdbuKfyQHVSxA3ajX1604Xk+osh9hdmE8n+6oZVcTkpG4MGMd6fF+mrRCC5yQlSYngkT zvf/nB7L10Ebmb1B6DB4SoJRClAwPuZJ/OB+OWnnsyLPliVPZbgYZaSJ8WG3dvQah7OnsMMzwt5 stUqXZM5+2twAqbZErxXFQdLx1EkJjz9P9so0LI/8vAIoi7zIT2E68P6QyE= X-Google-Smtp-Source: AGHT+IEDY6s4PZK/XXKU6gg+aRCetq0dJloxwFuhQ7noTMPzyyluSpoM/TAaLY9x34eLXKSAir7LmnWhok0Y X-Received: by 2002:a05:690c:6012:b0:709:191c:d7ee with SMTP id 00721157ae682-70a3fa36e3emr80266077b3.17.1746857791089; Fri, 09 May 2025 23:16:31 -0700 (PDT) Received: from postal.iol.unh.edu (postal.iol.unh.edu. [132.177.123.84]) by smtp-relay.gmail.com with ESMTPS id 00721157ae682-70a3d87deb7sm2313097b3.68.2025.05.09.23.16.31 (version=TLS1_2 cipher=ECDHE-ECDSA-AES128-GCM-SHA256 bits=128/128); Fri, 09 May 2025 23:16:31 -0700 (PDT) X-Relaying-Domain: iol.unh.edu Date: Fri, 09 May 2025 23:16:31 -0700 (PDT) Message-ID: <681eef3f.0d0a0220.2f5ad0.d56fSMTPIN_ADDED_MISSING@mx.google.com> Received: from [172.21.0.5] (unknown [172.18.0.240]) by postal.iol.unh.edu (Postfix) with ESMTP id B2B166052471; Sat, 10 May 2025 02:16:30 -0400 (EDT) Subject: |FAILURE| [GIT MASTER] 4401486b5e30d43a134f80f9802f60b5f43e74a8 From: dpdklab@iol.unh.edu To: Test Report Cc: dpdk-test-reports@iol.unh.edu, Xueming Li , Christian Ehrhardt , Kevin Traynor , Luca Boccassi Content-Type: text/plain X-BeenThere: test-report@dpdk.org X-Mailman-Version: 2.1.29 Precedence: list List-Id: automatic DPDK test reports List-Unsubscribe: , List-Archive: List-Post: List-Help: List-Subscribe: , Errors-To: test-report-bounces@dpdk.org _Testing issues_ Branch: tags/v22.11 4401486b5e30d43a134f80f9802f60b5f43e74a8 --> testing issues Upstream job id: Generic-Unit-Test-DPDK#336873 Test environment and result as below: +---------------------+----------------+ | Environment | dpdk_unit_test | +=====================+================+ | Fedora 40 (Clang) | FAIL | +---------------------+----------------+ | Fedora 41 (Clang) | FAIL | +---------------------+----------------+ | Fedora 41 | FAIL | +---------------------+----------------+ | CentOS Stream 10 | FAIL | +---------------------+----------------+ | Fedora 40 | FAIL | +---------------------+----------------+ | CentOS Stream 9 | FAIL | +---------------------+----------------+ | Debian 12 | FAIL | +---------------------+----------------+ | RHEL8 | FAIL | +---------------------+----------------+ | RHEL9 | FAIL | +---------------------+----------------+ | Ubuntu 22.04 | FAIL | +---------------------+----------------+ | Ubuntu 20.04 | PASS | +---------------------+----------------+ | Ubuntu 24.04 | FAIL | +---------------------+----------------+ | Windows Server 2022 | FAIL | +---------------------+----------------+ ==== Unit test summary for Windows Server 2022 (dpdk_unit_test): ==== Failed to get the unit test results. Displaying the unit test results is not supported for some environments, such as our aarch32 testing, where meson is not used to run the tests. Download the logs available on our CI site. ==== End log output ==== Fedora 40 (Clang) Kernel: Depends on container host Compiler: clang 18.1.8 (Fedora 18.1.8-1.fc40) Fedora 41 (Clang) Kernel: Depends on container host Compiler: clang 19.1.5 (Fedora 19.1.5-1.fc41) Fedora 41 Kernel: Depends on container host Compiler: gcc 14.2.1 20240912 (Red Hat 14.2.1-3) CentOS Stream 10 Kernel: Depends on container host Compiler: gcc 14.2.1 20241104 (Red Hat 14.2.1-6) Fedora 40 Kernel: Depends on container host Compiler: gcc 14.2.1 20240912 (Red Hat 14.2.1-3) CentOS Stream 9 Kernel: Depends on container host Compiler: gcc 11.5.0 20240719 (Red Hat 11.5.0-2) Debian 12 Kernel: Depends on container host Compiler: gcc (Debian 12.2.0-14) 12.2.0 RHEL8 Kernel: Depends on container host Compiler: gcc 8.5.0 20210514 (Red Hat 8.5.0-22) RHEL9 Kernel: Depends on container host Compiler: gcc 11.5.0 20240719 (Red Hat 11.5.0-2) Ubuntu 22.04 Kernel: Depends on container host Compiler: gcc (Ubuntu 11.4.0-1ubuntu1~22.04) 11.4.0 Ubuntu 20.04 Kernel: Depends on container host Compiler: gcc (Ubuntu 9.4.0-1ubuntu1~20.04.2) 9.4.0 Ubuntu 24.04 Kernel: Depends on container host Compiler: gcc (Ubuntu 13.3.0-6ubuntu2~24.04) 13.3.0 Windows Server 2022 Kernel: 10.0.20348.2031 Compiler: clang 15.0.7, gcc 14.1.0 (MinGW), and MSVC VS 19.39.33521 To view detailed results, visit: https://lab.dpdk.org/results/dashboard/tarballs/33492/ UNH-IOL DPDK Community Lab To manage your email subscriptions, visit: https://lab.dpdk.org/results/dashboard/preferences/subscriptions/