From mboxrd@z Thu Jan 1 00:00:00 1970 Return-Path: Received: from mails.dpdk.org (mails.dpdk.org [217.70.189.124]) by inbox.dpdk.org (Postfix) with ESMTP id 880FD4670A for ; Sat, 10 May 2025 09:18:22 +0200 (CEST) Received: from mails.dpdk.org (localhost [127.0.0.1]) by mails.dpdk.org (Postfix) with ESMTP id 671C04025D; Sat, 10 May 2025 09:18:22 +0200 (CEST) Received: from mail-pg1-f228.google.com (mail-pg1-f228.google.com [209.85.215.228]) by mails.dpdk.org (Postfix) with ESMTP id 467BD4025A for ; Sat, 10 May 2025 09:18:21 +0200 (CEST) Received: by mail-pg1-f228.google.com with SMTP id 41be03b00d2f7-7fd35b301bdso3235705a12.2 for ; Sat, 10 May 2025 00:18:21 -0700 (PDT) DKIM-Signature: v=1; a=rsa-sha256; c=relaxed/relaxed; d=iol.unh.edu; s=unh-iol; t=1746861500; x=1747466300; darn=dpdk.org; h=cc:to:from:subject:message-id:date:from:to:cc:subject:date :message-id:reply-to; bh=MSOuxtWHXiM2VxKtwi8nwcmg7fiF8u0pwveclzIvHH0=; b=QL+BssKXZ7V7mgv0C1XYhLKvkjA5XKVqe2fgKaq0CO7OkEg6kgqxtRGcv7eMxk0h0z Vd3iWbTyZ9vXuiAbBux7rXLvlTSWAKlCoZlHQ6AP+QxlzUdp69hOi3lJ5+QEMo3atZZV uSWPZe7zvzitqKpU2hihAQm/XAejZjmIILBxc= X-Google-DKIM-Signature: v=1; a=rsa-sha256; c=relaxed/relaxed; d=1e100.net; s=20230601; t=1746861500; x=1747466300; h=cc:to:from:subject:message-id:date:x-gm-message-state:from:to:cc :subject:date:message-id:reply-to; bh=MSOuxtWHXiM2VxKtwi8nwcmg7fiF8u0pwveclzIvHH0=; b=CKuK2e5lImv+sbvQ0bkFTVNzGgWw3c4f3Cfgfm4NZv2ciKcvhuFRFUBYYgj/EeaMgt vtEd7HOnGLpSWTiwh9qCL1K7J3WUozitSwQdrgv67hCh8VCInKvBV61CEhHpmgAGF0sd qWkNzqqpT4S6U+Rk58oc+kEeTW5J/jXnLUlUX9LR7joY5s0668Rt5iJH+WRrAKgn6Wk5 eHLfenVtvx0kkjUij4DKqyMv0duu3h6et3JCNA7ms4PVgLC7UzdElqJn4tkwQJ/WmHUJ UMNrwCyy1eRDgm/EKlDAFMUkpHjpITCVm33l01GQb1fdefMLqTGHXZLvIkKpxTNEPZag OmJA== X-Gm-Message-State: AOJu0Ywk/Kzv/6m2Hp2QgsXmoshl26Pybvn2J1lD4ojABojAMWlvqNlJ Je/BD9/yhSP3iUHd4+Ro7/kdyCaw/SbPtGqWDvV8I7HXml1A7I/SpPthqVzdqowFXbGx5xQ3j25 jGSHxnLA+3/jLaSANPtErYvNvDUxKDrR33qGYIFHxy4Y+c4sj X-Gm-Gg: ASbGnctqKLnr7N1A4UKcup/ezRYORx1qcIzkzazqRAfO2yp3/3SCul/yeEv5WnESDw4 lFYp/vt5FVIcfvvG1NR7MQ9lC/Hz4Y6QjXu1cTkSmcwR3q4goVwv+E1849obTZqRxC8Xi0oxQJg R/SamQFtOxWaE2NZnZ9M7zBT4NUu/XbCD0R36TcEQgt//i5xjW2SCYjs+5FbHLK5wieA1PMKXqs uXfKyLga3/nGJBLWlRC7fNrs57Q92enzQjx5cisLNX5OICPfR0qOard4StpVh94HAMoUFw6aQgZ rrklF9Oaw1U9DkXDk9FLbqkuAgYEKN78JnLP X-Google-Smtp-Source: AGHT+IF0TLYc9QYLJj7vlkz6YiOo202tTdU4Ulsjyump/CGychepNtXorCtggUVPyl+VsNxUFVG8Hr+2mNbC X-Received: by 2002:a17:903:178f:b0:22e:634b:14cd with SMTP id d9443c01a7336-22fc9185e66mr82065635ad.39.1746861500141; Sat, 10 May 2025 00:18:20 -0700 (PDT) Received: from postal.iol.unh.edu (postal.iol.unh.edu. [2606:4100:3880:1234::84]) by smtp-relay.gmail.com with ESMTPS id d9443c01a7336-22fc6f31120sm1800975ad.127.2025.05.10.00.18.20 (version=TLS1_2 cipher=ECDHE-ECDSA-AES128-GCM-SHA256 bits=128/128); Sat, 10 May 2025 00:18:20 -0700 (PDT) X-Relaying-Domain: iol.unh.edu Date: Sat, 10 May 2025 00:18:20 -0700 (PDT) Message-ID: <681efdbc.170a0220.ca7cf.a34fSMTPIN_ADDED_MISSING@mx.google.com> Received: from [172.21.0.5] (unknown [172.18.0.240]) by postal.iol.unh.edu (Postfix) with ESMTP id 4DA096052471; Sat, 10 May 2025 03:18:19 -0400 (EDT) Subject: |WARNING| [GIT MASTER] 4401486b5e30d43a134f80f9802f60b5f43e74a8 From: dpdklab@iol.unh.edu To: Test Report Cc: dpdk-test-reports@iol.unh.edu, Xueming Li , Christian Ehrhardt , Kevin Traynor , Luca Boccassi Content-Type: text/plain X-BeenThere: test-report@dpdk.org X-Mailman-Version: 2.1.29 Precedence: list List-Id: automatic DPDK test reports List-Unsubscribe: , List-Archive: List-Post: List-Help: List-Subscribe: , Errors-To: test-report-bounces@dpdk.org _Testing issues_ Branch: tags/v22.11 4401486b5e30d43a134f80f9802f60b5f43e74a8 --> testing issues Upstream job id: Generic-DPDK-Compile-Meson#386904 Test environment and result as below: +---------------------+--------------------+-------------------------+----------------------+ | Environment | dpdk_meson_compile | dpdk_llvm_clang_compile | dpdk_mingw64_compile | +=====================+====================+=========================+======================+ | CentOS Stream 9 | PASS | SKIPPED | SKIPPED | +---------------------+--------------------+-------------------------+----------------------+ | CentOS Stream 10 | PASS | SKIPPED | SKIPPED | +---------------------+--------------------+-------------------------+----------------------+ | Fedora 40 (Clang) | PASS | SKIPPED | SKIPPED | +---------------------+--------------------+-------------------------+----------------------+ | Debian 12 | PASS | SKIPPED | SKIPPED | +---------------------+--------------------+-------------------------+----------------------+ | openSUSE Leap 15 | PASS | SKIPPED | SKIPPED | +---------------------+--------------------+-------------------------+----------------------+ | Fedora 40 | PASS | SKIPPED | SKIPPED | +---------------------+--------------------+-------------------------+----------------------+ | Fedora 41 (Clang) | PASS | SKIPPED | SKIPPED | +---------------------+--------------------+-------------------------+----------------------+ | Fedora 41 | PASS | SKIPPED | SKIPPED | +---------------------+--------------------+-------------------------+----------------------+ | RHEL8 | PASS | SKIPPED | SKIPPED | +---------------------+--------------------+-------------------------+----------------------+ | RHEL9 | PASS | SKIPPED | SKIPPED | +---------------------+--------------------+-------------------------+----------------------+ | Ubuntu 20.04 | PASS | SKIPPED | SKIPPED | +---------------------+--------------------+-------------------------+----------------------+ | Ubuntu 22.04 | PASS | SKIPPED | SKIPPED | +---------------------+--------------------+-------------------------+----------------------+ | Ubuntu 24.04 | PASS | SKIPPED | SKIPPED | +---------------------+--------------------+-------------------------+----------------------+ | FreeBSD 13.5 | PASS | SKIPPED | SKIPPED | +---------------------+--------------------+-------------------------+----------------------+ | FreeBSD 14.2 | PASS | SKIPPED | SKIPPED | +---------------------+--------------------+-------------------------+----------------------+ | Windows Server 2022 | SKIPPED | FAIL | PASS | +---------------------+--------------------+-------------------------+----------------------+ ==== 20 line log output for Windows Server 2022 (dpdk_llvm_clang_compile): ==== ..\lib\eal\include/rte_common.h:850:32: note: expanded from macro 'RTE_FMT_TAIL' #define RTE_FMT_TAIL(fmt, ...) __VA_ARGS__ ^~~~~~~~~~~ ..\lib\eal\include/rte_common.h:848:39: note: expanded from macro 'RTE_FMT' #define RTE_FMT(fmt, ...) fmt "%.0s", __VA_ARGS__ "" ^~~~~~~~~~~ ../drivers/crypto/mlx5/mlx5_crypto.c:463:18: note: forward declaration of 'struct mlx5_err_cqe' volatile struct mlx5_err_cqe *cqe = (volatile struct mlx5_err_cqe *) ^ 3 errors generated. [621/788] Compiling C object app/dpdk-testpmd.exe.p/test-pmd_cmd_flex_item.c.obj [622/788] Compiling C object drivers/libtmp_rte_crypto_mlx5.a.p/crypto_mlx5_mlx5_crypto_dek.c.obj [623/788] Generating rte_net_octeon_ep.pmd.c with a custom command (wrapped by meson to set PATH) [624/788] Compiling C object app/dpdk-testpmd.exe.p/test-pmd_5tswap.c.obj [625/788] Generating rte_net_vmxnet3.pmd.c with a custom command (wrapped by meson to set PATH) [626/788] Compiling C object app/dpdk-test-gpudev.exe.p/test-gpudev_main.c.obj [627/788] Compiling C object drivers/libtmp_rte_net_mlx5.a.p/net_mlx5_mlx5_tx_nompw.c.obj [628/788] Compiling C object drivers/libtmp_rte_net_mlx5.a.p/net_mlx5_mlx5_tx_empw.c.obj [629/788] Compiling C object drivers/libtmp_rte_net_mlx5.a.p/net_mlx5_mlx5_tx_txpp.c.obj ninja: build stopped: subcommand failed. ==== End log output ==== CentOS Stream 9 Kernel: Depends on container host Compiler: gcc 11.5.0 20240719 (Red Hat 11.5.0-2) CentOS Stream 10 Kernel: Depends on container host Compiler: gcc 14.2.1 20241104 (Red Hat 14.2.1-6) Fedora 40 (Clang) Kernel: Depends on container host Compiler: clang 18.1.8 (Fedora 18.1.8-1.fc40) Debian 12 Kernel: Depends on container host Compiler: gcc (Debian 12.2.0-14) 12.2.0 openSUSE Leap 15 Kernel: Depends on container host Compiler: gcc (SUSE Linux) 7.5.0 Fedora 40 Kernel: Depends on container host Compiler: gcc 14.2.1 20240912 (Red Hat 14.2.1-3) Fedora 41 (Clang) Kernel: Depends on container host Compiler: clang 19.1.5 (Fedora 19.1.5-1.fc41) Fedora 41 Kernel: Depends on container host Compiler: gcc 14.2.1 20240912 (Red Hat 14.2.1-3) RHEL8 Kernel: Depends on container host Compiler: gcc 8.5.0 20210514 (Red Hat 8.5.0-22) RHEL9 Kernel: Depends on container host Compiler: gcc 11.5.0 20240719 (Red Hat 11.5.0-2) Ubuntu 20.04 Kernel: Depends on container host Compiler: gcc (Ubuntu 9.4.0-1ubuntu1~20.04.2) 9.4.0 Ubuntu 22.04 Kernel: Depends on container host Compiler: gcc (Ubuntu 11.4.0-1ubuntu1~22.04) 11.4.0 Ubuntu 24.04 Kernel: Depends on container host Compiler: gcc (Ubuntu 13.3.0-6ubuntu2~24.04) 13.3.0 FreeBSD 13.5 Kernel: 13.5-RELEASE Compiler: clang 19.1.7 FreeBSD 14.2 Kernel: 14.2-RELEASE Compiler: clang 18.1.6 Windows Server 2022 Kernel: 10.0.20348.2031 Compiler: clang 15.0.7, gcc 14.1.0 (MinGW), and MSVC VS 19.39.33521 To view detailed results, visit: https://lab.dpdk.org/results/dashboard/tarballs/33492/ UNH-IOL DPDK Community Lab To manage your email subscriptions, visit: https://lab.dpdk.org/results/dashboard/preferences/subscriptions/