From mboxrd@z Thu Jan 1 00:00:00 1970 Return-Path: Received: from mails.dpdk.org (mails.dpdk.org [217.70.189.124]) by inbox.dpdk.org (Postfix) with ESMTP id C32084670E for ; Sat, 10 May 2025 14:50:33 +0200 (CEST) Received: from mails.dpdk.org (localhost [127.0.0.1]) by mails.dpdk.org (Postfix) with ESMTP id A515540270; Sat, 10 May 2025 14:50:33 +0200 (CEST) Received: from mail-il1-f227.google.com (mail-il1-f227.google.com [209.85.166.227]) by mails.dpdk.org (Postfix) with ESMTP id ECE224026C for ; Sat, 10 May 2025 14:50:32 +0200 (CEST) Received: by mail-il1-f227.google.com with SMTP id e9e14a558f8ab-3da7bfdef33so22004415ab.1 for ; Sat, 10 May 2025 05:50:32 -0700 (PDT) DKIM-Signature: v=1; a=rsa-sha256; c=relaxed/relaxed; d=iol.unh.edu; s=unh-iol; t=1746881432; x=1747486232; darn=dpdk.org; h=references:in-reply-to:cc:to:from:subject:message-id:date:from:to :cc:subject:date:message-id:reply-to; bh=g7q56eN5fzfLRDInAJUWjwWmQzPriie23b0aVgnJ+q8=; b=UpDtQUrGw6Y6yrjPlBR7M5MIkozOHqwUNT9vae61Gv0goOqoOdzdrxZyE5BMZ7+cqT EI8qsX1ja9Due8907s3k/z4PO11KeS4ph7HZidXLWfTvF1+ewO37y3da7KQ4hBzy4TDj +25wA++JqBF7XsSrwFNuLh+NHzsqJ4+VbueOo= X-Google-DKIM-Signature: v=1; a=rsa-sha256; c=relaxed/relaxed; d=1e100.net; s=20230601; t=1746881432; x=1747486232; h=references:in-reply-to:cc:to:from:subject:message-id:date :x-gm-message-state:from:to:cc:subject:date:message-id:reply-to; bh=g7q56eN5fzfLRDInAJUWjwWmQzPriie23b0aVgnJ+q8=; b=o+BNcTEWEAq4+JbFY1RJM+sQquPWOeIG6W2TvDNTw9WDzgUE0cXRbOjbsayuWH9J1v Vss2F3H7f8q6A8CtJrgO/ngP3OizKzvyuf8cL8GdrofFHReEZJN1CLFSOKABfieq50eI d3xNDKsIoZRnt1OX25Go6D894WI7UkoHr4W9FsN/Zu+cz+XNz1YswZ6enpPNC3Rf2RVV W0J2ElyclKFYY1Bg1fuF/EZA03NldZyEqnhTxU8xSsmXBDZ9yOlLomHFbhdKjAavLY79 ZL11xhZhVDclpTYQ6ntjyrkO3DvCXU/EhQ1dLXXxeeTn2T4lTX3cHixevHHKNCBVvDRI kkLw== X-Gm-Message-State: AOJu0YwWTytaU7vFyNcKCC7O0n0HvN9okwV+h9RXFp86kvPAYv/j7foq IhpSdknPmPD6AgVgNLERh0uZmfIpKyMEaCgrF/CooWZvCDxRLWQmlBJXLdi6WxMEh1LhwDLNdUN QAu6p+DQuv08MDdiBA3dv8xT+Z9+clG6qx29bVqW/jg6Yw664Wlfb8FZZ X-Gm-Gg: ASbGncugEu0sDRzSQr+szLuKHabfWWkKLvCgjvA47cAU6sQz0ZfcqUK54SiaBg3QRSw EzKqnaronxRxZOphqrh1ZxqxS9uNUm9PdlzSaW62C2VhCeQOA8m4R+pWyi9hNmkFBXgJ44LX+zq qQJ6gS5bqTDz6xmaalBSEHe6jI/Z9TESB0DVIUJpDyOyJC/MjmyYkRlL+LLG1aWGmMvuJLCaz6Q E9ZTlIkNG0q6hQOxCog21dTd8BRrGRN0qi5vvRq1uaOHLG8Rz5G0coAQmhlidKbCjQoOmDZHJHK gYuxajqqJAaXTT7gwuzKfasYJFCyQKC5qA69 X-Google-Smtp-Source: AGHT+IGBpyGtELVHsXunV6+wylGrQUjK7FXEivHT9OMml1K9TQVjGOkyqsK29hSOLFHQuaGp6oDT5iJYPuIw X-Received: by 2002:a05:6e02:154e:b0:3d8:2187:5cea with SMTP id e9e14a558f8ab-3da7e1e6257mr86827385ab.1.1746881432164; Sat, 10 May 2025 05:50:32 -0700 (PDT) Received: from postal.iol.unh.edu (postal.iol.unh.edu. [2606:4100:3880:1234::84]) by smtp-relay.gmail.com with ESMTPS id e9e14a558f8ab-3da7e10400dsm2733045ab.28.2025.05.10.05.50.32 (version=TLS1_2 cipher=ECDHE-ECDSA-AES128-GCM-SHA256 bits=128/128); Sat, 10 May 2025 05:50:32 -0700 (PDT) X-Relaying-Domain: iol.unh.edu Date: Sat, 10 May 2025 05:50:32 -0700 (PDT) Message-ID: <681f4b98.050a0220.cb37f.ee44SMTPIN_ADDED_MISSING@mx.google.com> Received: from [172.21.0.5] (unknown [172.18.0.240]) by postal.iol.unh.edu (Postfix) with ESMTP id 987A66052471; Sat, 10 May 2025 08:50:31 -0400 (EDT) Subject: |FAILURE| pw153393 [PATCH] test/crypto: fix RSA decrypt op validatio From: dpdklab@iol.unh.edu To: Test Report Cc: dpdk-test-reports@iol.unh.edu, Gowrishankar Muthukrishnan In-Reply-To: <20250510104452.2186-1-gmuthukrishn@marvell.com> References: <20250510104452.2186-1-gmuthukrishn@marvell.com> Content-Type: text/plain X-BeenThere: test-report@dpdk.org X-Mailman-Version: 2.1.29 Precedence: list List-Id: automatic DPDK test reports List-Unsubscribe: , List-Archive: List-Post: List-Help: List-Subscribe: , Errors-To: test-report-bounces@dpdk.org Test-Label: iol-unit-amd64-testing Test-Status: FAILURE http://dpdk.org/patch/153393 _Testing issues_ Submitter: Gowrishankar Muthukrishnan Date: Saturday, May 10 2025 10:44:47 DPDK git baseline: Repo:dpdk Branch: master CommitID:ca1690ebd224f148268285b15b97441ccdbdd07e 153393 --> testing issues Upstream job id: Generic-Unit-Test-DPDK#336969 Test environment and result as below: +-------------------+----------------+ | Environment | dpdk_unit_test | +===================+================+ | Fedora 40 | PASS | +-------------------+----------------+ | CentOS Stream 10 | PASS | +-------------------+----------------+ | CentOS Stream 9 | PEND | +-------------------+----------------+ | Debian 12 | PEND | +-------------------+----------------+ | Fedora 41 | PEND | +-------------------+----------------+ | RHEL8 | FAIL | +-------------------+----------------+ | Fedora 40 (Clang) | PEND | +-------------------+----------------+ | Ubuntu 20.04 | PEND | +-------------------+----------------+ | Ubuntu 22.04 | PEND | +-------------------+----------------+ | Fedora 41 (Clang) | PEND | +-------------------+----------------+ | RHEL9 | PEND | +-------------------+----------------+ | Ubuntu 24.04 | PEND | +-------------------+----------------+ ==== Unit test summary for RHEL8 (dpdk_unit_test): ==== ninja: Entering directory `/root/workspace/Generic-Unit-Test-DPDK/dpdk/build' ninja: no work to do. 1/119 DPDK:fast-tests / acl_autotest OK 4.27s 2/119 DPDK:fast-tests / alarm_autotest OK 1.20s 3/119 DPDK:fast-tests / argparse_autotest OK 0.18s 4/119 DPDK:fast-tests / atomic_autotest OK 0.72s 5/119 DPDK:fast-tests / bitcount_autotest OK 0.19s 6/119 DPDK:fast-tests / bitmap_autotest OK 0.19s 7/119 DPDK:fast-tests / bitops_autotest OK 1.94s 8/119 DPDK:fast-tests / bitratestats_autotest OK 0.21s 9/119 DPDK:fast-tests / bitset_autotest OK 2.19s 10/119 DPDK:fast-tests / bpf_autotest OK 0.18s 11/119 DPDK:fast-tests / bpf_convert_autotest OK 0.20s 12/119 DPDK:fast-tests / byteorder_autotest OK 0.19s 13/119 DPDK:fast-tests / cfgfile_autotest OK 0.19s 14/119 DPDK:fast-tests / cksum_autotest OK 0.19s 15/119 DPDK:fast-tests / cmdline_autotest OK 0.19s 16/119 DPDK:fast-tests / common_autotest OK 0.60s 17/119 DPDK:fast-tests / compressdev_autotest SKIP 0.16s exit status 77 18/119 DPDK:fast-tests / cpuflags_autotest OK 0.31s 19/119 DPDK:fast-tests / crc_autotest OK 0.19s 20/119 DPDK:fast-tests / user_delay_us OK 0.19s 21/119 DPDK:fast-tests / debug_autotest OK 0.50s 22/119 DPDK:fast-tests / devargs_autotest OK 0.19s 23/119 DPDK:fast-tests / dispatcher_autotest SKIP 0.16s exit status 77 24/119 DPDK:fast-tests / distributor_autotest OK 0.92s 25/119 DPDK:fast-tests / eal_flags_c_opt_autotest OK 0.80s 26/119 DPDK:fast-tests / eal_flags_main_opt_autotest OK 0.34s 27/119 DPDK:fast-tests / eal_flags_n_opt_autotest OK 0.54s 28/119 DPDK:fast-tests / eal_flags_hpet_autotest OK 0.24s 29/119 DPDK:fast-tests / eal_flags_no_huge_autotest OK 1.36s 30/119 DPDK:fast-tests / eal_flags_a_opt_autotest OK 0.79s 31/119 DPDK:fast-tests / eal_flags_b_opt_autotest OK 0.76s 32/119 DPDK:fast-tests / eal_flags_vdev_opt_autotest OK 0.84s 33/119 DPDK:fast-tests / eal_flags_r_opt_autotest OK 0.31s 34/119 DPDK:fast-tests / eal_flags_mem_autotest OK 1.03s 35/119 DPDK:fast-tests / eal_flags_file_prefix_autotest OK 3.36s 36/119 DPDK:fast-tests / eal_flags_misc_autotest OK 2.81s 37/119 DPDK:fast-tests / eal_fs_autotest OK 0.17s 38/119 DPDK:fast-tests / errno_autotest OK 0.17s 39/119 DPDK:fast-tests / ethdev_link_status OK 0.17s 40/119 DPDK:fast-tests / event_eth_tx_adapter_autotest OK 0.43s 41/119 DPDK:fast-tests / event_ring_autotest OK 0.18s 42/119 DPDK:fast-tests / eventdev_common_autotest OK 0.48s 43/119 DPDK:fast-tests / eventdev_selftest_sw OK 0.35s 44/119 DPDK:fast-tests / fbarray_autotest OK 0.17s 45/119 DPDK:fast-tests / fib_autotest OK 0.99s 46/119 DPDK:fast-tests / fib6_autotest OK 1.05s 47/119 DPDK:fast-tests / func_reentrancy_autotest OK 0.93s 48/119 DPDK:fast-tests / graph_autotest OK 0.18s 49/119 DPDK:fast-tests / node_list_dump OK 0.17s 50/119 DPDK:fast-tests / hash_autotest OK 0.35s 51/119 DPDK:fast-tests / hash_readwrite_func_autotest SKIP 0.14s exit status 77 52/119 DPDK:fast-tests / interrupt_autotest OK 1.19s 53/119 DPDK:fast-tests / ipfrag_autotest OK 0.14s 54/119 DPDK:fast-tests / ipsec_autotest SKIP 0.22s exit status 77 55/119 DPDK:fast-tests / kvargs_autotest OK 0.59s 56/119 DPDK:fast-tests / latencystats_autotest OK 0.17s 57/119 DPDK:fast-tests / lcore_var_autotest OK 0.36s 58/119 DPDK:fast-tests / lcores_autotest OK 24.22s 59/119 DPDK:fast-tests / logs_autotest OK 0.18s 60/119 DPDK:fast-tests / lpm_autotest OK 2.38s 61/119 DPDK:fast-tests / lpm6_autotest OK 4.08s 62/119 DPDK:fast-tests / malloc_autotest OK 2.00s 63/119 DPDK:fast-tests / mbuf_autotest OK 0.26s 64/119 DPDK:fast-tests / mcslock_autotest OK 0.45s 65/119 DPDK:fast-tests / member_autotest OK 2.40s 66/119 DPDK:fast-tests / memcpy_autotest OK 3.49s 67/119 DPDK:fast-tests / memory_autotest OK 0.15s 68/119 DPDK:fast-tests / mempool_autotest OK 0.88s 69/119 DPDK:fast-tests / memzone_autotest OK 0.32s 70/119 DPDK:fast-tests / meter_autotest OK 0.37s 71/119 DPDK:fast-tests / metrics_autotest OK 0.31s 72/119 DPDK:fast-tests / multiprocess_autotest OK 0.60s 73/119 DPDK:fast-tests / net_ether_autotest OK 1.01s 74/119 DPDK:fast-tests / net_ipv6_autotest OK 0.48s 75/119 DPDK:fast-tests / pcapng_autotest OK 6.15s 76/119 DPDK:fast-tests / pdcp_autotest SKIP 0.16s exit status 77 77/119 DPDK:fast-tests / pdump_autotest OK 0.55s 78/119 DPDK:fast-tests / per_lcore_autotest OK 0.47s 79/119 DPDK:fast-tests / pflock_autotest OK 0.30s 80/119 DPDK:fast-tests / pie_autotest OK 0.18s 81/119 DPDK:fast-tests / ring_pmd_autotest OK 0.18s 82/119 DPDK:fast-tests / power_autotest OK 0.18s 83/119 DPDK:fast-tests / power_cpufreq_autotest SKIP 0.16s exit status 77 84/119 DPDK:fast-tests / power_intel_uncore_autotest SKIP 0.19s exit status 77 85/119 DPDK:fast-tests / power_kvm_vm_autotest SKIP 0.15s exit status 77 86/119 DPDK:fast-tests / prefetch_autotest OK 0.19s 87/119 DPDK:fast-tests / ptr_compress_autotest OK 0.19s 88/119 DPDK:fast-tests / rawdev_autotest OK 0.18s 89/119 DPDK:fast-tests / rcu_qsbr_autotest OK 0.28s 90/119 DPDK:fast-tests / reorder_autotest OK 0.34s 91/119 DPDK:fast-tests / rib_autotest OK 7.69s 92/119 DPDK:fast-tests / rib6_autotest OK 6.32s 93/119 DPDK:fast-tests / ring_autotest OK 0.19s 94/119 DPDK:fast-tests / rwlock_test1_autotest OK 0.53s 95/119 DPDK:fast-tests / rwlock_rda_autotest OK 5.28s 96/119 DPDK:fast-tests / rwlock_rds_wrm_autotest OK 5.83s 97/119 DPDK:fast-tests / rwlock_rde_wro_autotest OK 5.33s 98/119 DPDK:fast-tests / sched_autotest OK 0.20s 99/119 DPDK:fast-tests / security_autotest OK 0.17s 100/119 DPDK:fast-tests / seqlock_autotest SKIP 0.49s exit status 77 101/119 DPDK:fast-tests / service_autotest OK 0.40s 102/119 DPDK:fast-tests / soring_autotest OK 0.36s 103/119 DPDK:fast-tests / spinlock_autotest OK 0.35s 104/119 DPDK:fast-tests / stack_autotest OK 0.31s 105/119 DPDK:fast-tests / stack_lf_autotest OK 0.22s 106/119 DPDK:fast-tests / string_autotest OK 0.17s 107/119 DPDK:fast-tests / table_autotest OK 8.84s 108/119 DPDK:fast-tests / tailq_autotest OK 0.17s 109/119 DPDK:fast-tests / telemetry_data_autotest OK 0.17s 110/119 DPDK:fast-tests / telemetry_json_autotest OK 0.17s 111/119 DPDK:fast-tests / thash_autotest OK 0.18s 112/119 DPDK:fast-tests / threads_autotest OK 0.33s 113/119 DPDK:fast-tests / ticketlock_autotest OK 0.19s 114/119 DPDK:fast-tests / timer_autotest OK 2.65s 115/119 DPDK:fast-tests / trace_autotest OK 0.24s 116/119 DPDK:fast-tests / trace_autotest_with_traces OK 0.41s 117/119 DPDK:fast-tests / vdev_autotest OK 0.23s 118/119 DPDK:fast-tests / version_autotest OK 0.34s 119/119 DPDK:fast-tests / telemetry_all SKIP 0.02s exit status 77 Ok: 109 Expected Fail: 0 Fail: 0 Unexpected Pass: 0 Skipped: 10 Timeout: 0 Full log written to /root/workspace/Generic-Unit-Test-DPDK/dpdk/build/meson-logs/testlog.txt ninja: Entering directory `/root/workspace/Generic-Unit-Test-DPDK/dpdk/build' ninja: no work to do. 1/2 DPDK:driver-tests / cryptodev_openssl_autotest OK 0.73s 2/2 DPDK:driver-tests / cryptodev_openssl_asym_autotest FAIL 0.18s (exit status 255 or signal 127 SIGinvalid) >>> DPDK_TEST=cryptodev_openssl_asym_autotest MALLOC_PERTURB_=224 /root/workspace/Generic-Unit-Test-DPDK/dpdk/build/app/dpdk-test --vdev crypto_openssl Ok: 1 Expected Fail: 0 Fail: 1 Unexpected Pass: 0 Skipped: 0 Timeout: 0 Full log written to /root/workspace/Generic-Unit-Test-DPDK/dpdk/build/meson-logs/testlog.txt Test log output from the failed test cryptodev_openssl_asym_autotest: Sorry, we were not able to find the logs for this test. Download the log output from the CI site for this test run. ==== End log output ==== Fedora 40 Kernel: Depends on container host Compiler: gcc 14.2.1 20240912 (Red Hat 14.2.1-3) CentOS Stream 10 Kernel: Depends on container host Compiler: gcc 14.2.1 20241104 (Red Hat 14.2.1-6) CentOS Stream 9 Kernel: Depends on container host Compiler: gcc 11.5.0 20240719 (Red Hat 11.5.0-2) Debian 12 Kernel: Depends on container host Compiler: gcc (Debian 12.2.0-14) 12.2.0 Fedora 41 Kernel: Depends on container host Compiler: gcc 14.2.1 20240912 (Red Hat 14.2.1-3) RHEL8 Kernel: Depends on container host Compiler: gcc 8.5.0 20210514 (Red Hat 8.5.0-22) Fedora 40 (Clang) Kernel: Depends on container host Compiler: clang 18.1.8 (Fedora 18.1.8-1.fc40) Ubuntu 20.04 Kernel: Depends on container host Compiler: gcc (Ubuntu 9.4.0-1ubuntu1~20.04.2) 9.4.0 Ubuntu 22.04 Kernel: Depends on container host Compiler: gcc (Ubuntu 11.4.0-1ubuntu1~22.04) 11.4.0 Fedora 41 (Clang) Kernel: Depends on container host Compiler: clang 19.1.5 (Fedora 19.1.5-1.fc41) RHEL9 Kernel: Depends on container host Compiler: gcc 11.5.0 20240719 (Red Hat 11.5.0-2) Ubuntu 24.04 Kernel: Depends on container host Compiler: gcc (Ubuntu 13.3.0-6ubuntu2~24.04) 13.3.0 To view detailed results, visit: https://lab.dpdk.org/results/dashboard/patchsets/33153/ UNH-IOL DPDK Community Lab To manage your email subscriptions, visit: https://lab.dpdk.org/results/dashboard/preferences/subscriptions/