From mboxrd@z Thu Jan 1 00:00:00 1970 Return-Path: Received: from mails.dpdk.org (mails.dpdk.org [217.70.189.124]) by inbox.dpdk.org (Postfix) with ESMTP id 4B5684670E for ; Sat, 10 May 2025 15:16:58 +0200 (CEST) Received: from mails.dpdk.org (localhost [127.0.0.1]) by mails.dpdk.org (Postfix) with ESMTP id 4753B40270; Sat, 10 May 2025 15:16:58 +0200 (CEST) Received: from mail-pj1-f97.google.com (mail-pj1-f97.google.com [209.85.216.97]) by mails.dpdk.org (Postfix) with ESMTP id 583F84026C for ; Sat, 10 May 2025 15:16:56 +0200 (CEST) Received: by mail-pj1-f97.google.com with SMTP id 98e67ed59e1d1-30c7306890dso379370a91.1 for ; Sat, 10 May 2025 06:16:56 -0700 (PDT) DKIM-Signature: v=1; a=rsa-sha256; c=relaxed/relaxed; d=iol.unh.edu; s=unh-iol; t=1746883015; x=1747487815; darn=dpdk.org; h=references:in-reply-to:cc:to:from:subject:message-id:date:from:to :cc:subject:date:message-id:reply-to; bh=6Ah3UdXxvhgjLmhp9kILInocvHBCIkv2X7jedYpiHOY=; b=cnwwUiOtmDRYwNW1UdAzB/nFxijdlMNCno6OGpMFw+JbcqlV0W2X9F/Epl2Mbq7WRR JvS7ma+YtICGnmhfzhmKEHSw1JegA2hsReBUWIcOtrPvxA9HmunSrpiNKf5TqqVXuyZM iUkvOAK1GGNQiNFrMxeeUvHWJynEHW6OnrHVs= X-Google-DKIM-Signature: v=1; a=rsa-sha256; c=relaxed/relaxed; d=1e100.net; s=20230601; t=1746883015; x=1747487815; h=references:in-reply-to:cc:to:from:subject:message-id:date :x-gm-message-state:from:to:cc:subject:date:message-id:reply-to; bh=6Ah3UdXxvhgjLmhp9kILInocvHBCIkv2X7jedYpiHOY=; b=uHOQ99i0cYm+1fqAy48gq9lz22iekMB66DFdX/LzW23qq/2TZNtjruyxG6EBItjbAY 7pLq9PYa3lDgJL/OMpJvTHPSXHdb1+/jPl6U+MJ/eHfzkAIExskKgDrVprZwAFrlwl/G NRsm+TiaIw1QmFJVGFL3hamF/DJkVbGsK5iUIhGWXjYEHp7FaG+P6Ggf3VOvyHISghAa XI8oo8SsCldE7MQ4kg26vJoCFVeEvOOIBJ3fKznciFEjhY/AXPkiVKEH6S5x1qQrmkGV Qur4Ri5OdCPdUj1j0DrTDhw6G8ODVzzWEmTYofuV03nNEoY4e0NF97DPWl3oJHBs/3c3 73BQ== X-Gm-Message-State: AOJu0YxBjEieNDH4uTdK1b4xccJ1AtufdaesKINDTh6CIJHILo0IJJ6M e8CeaLuKku7ec3VUbIU/gPg3FCsQ3FKbTOcuFiyvm67eGT65/oxRfRzULAmSWjBZZEjhf0wvMG9 CoowBpUjF2k1c5Pmj9/Hcyn3USuh08MF1QYAYOsNzkaLEvBqR/Is6J57w X-Gm-Gg: ASbGnctV7t5akXdEShPPWE1MSEF0r7gnj5sQmtYLdyqotVobYKm79FIiX9TEov9pNWK CW4bu2HlJ76N3wl1cF3rSUtk+A6f3YKKsjXi/sNomAtgPxWPoflYayfEG18imn68K3wrzzhLWgp FSjSsPrZUEU20FPvyRZY7qXGIXVpNVj/PsPeGj8ChrYfMPg9rcHBv2XYjGfEy3LT6mlo0czr/dP fstAfLu+ow9YgjzFXXvU9bRx9waRhg71+c2LSXO9YAP9Rfhr2XXz7eNPNe5s/gFkuJR0KujCJEa QChs69ahGRusod3SLPv/5fgY5lWWeppJc9O/ X-Google-Smtp-Source: AGHT+IHUdGgJJgLY/VVOc/ujG5BhEw49M0oOzFwn48HRA1sld4ND593XwJ8G+rV8pDeBIb3x15kcgmF0ZJJo X-Received: by 2002:a17:90a:d44e:b0:2f5:88bb:12f with SMTP id 98e67ed59e1d1-30c3d3eb7c2mr9585977a91.21.1746883015031; Sat, 10 May 2025 06:16:55 -0700 (PDT) Received: from postal.iol.unh.edu (postal.iol.unh.edu. [2606:4100:3880:1234::84]) by smtp-relay.gmail.com with ESMTPS id 98e67ed59e1d1-30c39dae347sm248766a91.6.2025.05.10.06.16.54 (version=TLS1_2 cipher=ECDHE-ECDSA-AES128-GCM-SHA256 bits=128/128); Sat, 10 May 2025 06:16:55 -0700 (PDT) X-Relaying-Domain: iol.unh.edu Date: Sat, 10 May 2025 06:16:55 -0700 (PDT) Message-ID: <681f51c7.170a0220.27ecfa.d73eSMTPIN_ADDED_MISSING@mx.google.com> Received: from [172.17.0.2] (unknown [172.18.0.76]) by postal.iol.unh.edu (Postfix) with ESMTP id 345686052471; Sat, 10 May 2025 09:16:54 -0400 (EDT) Subject: |FAILURE| pw153393 [PATCH] test/crypto: fix RSA decrypt op validatio From: dpdklab@iol.unh.edu To: Test Report Cc: dpdk-test-reports@iol.unh.edu, Gowrishankar Muthukrishnan In-Reply-To: <20250510104452.2186-1-gmuthukrishn@marvell.com> References: <20250510104452.2186-1-gmuthukrishn@marvell.com> Content-Type: text/plain X-BeenThere: test-report@dpdk.org X-Mailman-Version: 2.1.29 Precedence: list List-Id: automatic DPDK test reports List-Unsubscribe: , List-Archive: List-Post: List-Help: List-Subscribe: , Errors-To: test-report-bounces@dpdk.org Test-Label: iol-unit-amd64-testing Test-Status: FAILURE http://dpdk.org/patch/153393 _Testing issues_ Submitter: Gowrishankar Muthukrishnan Date: Saturday, May 10 2025 10:44:47 DPDK git baseline: Repo:dpdk Branch: master CommitID:ca1690ebd224f148268285b15b97441ccdbdd07e 153393 --> testing issues Upstream job id: Generic-Unit-Test-DPDK#336967 Test environment and result as below: +-------------------+----------------+ | Environment | dpdk_unit_test | +===================+================+ | Fedora 40 | PASS | +-------------------+----------------+ | CentOS Stream 10 | PASS | +-------------------+----------------+ | CentOS Stream 9 | PASS | +-------------------+----------------+ | Debian 12 | PASS | +-------------------+----------------+ | Fedora 41 | PASS | +-------------------+----------------+ | RHEL8 | FAIL | +-------------------+----------------+ | Fedora 40 (Clang) | PASS | +-------------------+----------------+ | Ubuntu 20.04 | FAIL | +-------------------+----------------+ | Ubuntu 22.04 | PASS | +-------------------+----------------+ | Fedora 41 (Clang) | PASS | +-------------------+----------------+ | RHEL9 | PASS | +-------------------+----------------+ | Ubuntu 24.04 | PASS | +-------------------+----------------+ ==== Unit test summary for Ubuntu 20.04 (dpdk_unit_test): ==== ninja: Entering directory `/root/workspace/Generic-Unit-Test-DPDK/dpdk/build' ninja: no work to do. 1/119 DPDK:fast-tests / acl_autotest OK 3.33s 2/119 DPDK:fast-tests / alarm_autotest OK 1.23s 3/119 DPDK:fast-tests / argparse_autotest OK 0.33s 4/119 DPDK:fast-tests / atomic_autotest OK 0.58s 5/119 DPDK:fast-tests / bitcount_autotest OK 0.22s 6/119 DPDK:fast-tests / bitmap_autotest OK 0.18s 7/119 DPDK:fast-tests / bitops_autotest OK 1.87s 8/119 DPDK:fast-tests / bitratestats_autotest OK 0.29s 9/119 DPDK:fast-tests / bitset_autotest OK 1.91s 10/119 DPDK:fast-tests / bpf_autotest OK 0.21s 11/119 DPDK:fast-tests / bpf_convert_autotest OK 0.20s 12/119 DPDK:fast-tests / byteorder_autotest OK 0.18s 13/119 DPDK:fast-tests / cfgfile_autotest OK 0.39s 14/119 DPDK:fast-tests / cksum_autotest OK 0.18s 15/119 DPDK:fast-tests / cmdline_autotest OK 0.22s 16/119 DPDK:fast-tests / common_autotest OK 0.55s 17/119 DPDK:fast-tests / compressdev_autotest SKIP 0.15s exit status 77 18/119 DPDK:fast-tests / cpuflags_autotest OK 0.24s 19/119 DPDK:fast-tests / crc_autotest OK 0.24s 20/119 DPDK:fast-tests / user_delay_us OK 0.18s 21/119 DPDK:fast-tests / debug_autotest OK 0.54s 22/119 DPDK:fast-tests / devargs_autotest OK 0.22s 23/119 DPDK:fast-tests / dispatcher_autotest SKIP 0.16s exit status 77 24/119 DPDK:fast-tests / distributor_autotest OK 1.40s 25/119 DPDK:fast-tests / eal_flags_c_opt_autotest OK 1.33s 26/119 DPDK:fast-tests / eal_flags_main_opt_autotest OK 0.60s 27/119 DPDK:fast-tests / eal_flags_n_opt_autotest OK 0.54s 28/119 DPDK:fast-tests / eal_flags_hpet_autotest OK 0.28s 29/119 DPDK:fast-tests / eal_flags_no_huge_autotest OK 0.64s 30/119 DPDK:fast-tests / eal_flags_a_opt_autotest OK 0.46s 31/119 DPDK:fast-tests / eal_flags_b_opt_autotest OK 0.39s 32/119 DPDK:fast-tests / eal_flags_vdev_opt_autotest OK 0.74s 33/119 DPDK:fast-tests / eal_flags_r_opt_autotest OK 0.43s 34/119 DPDK:fast-tests / eal_flags_mem_autotest OK 0.87s 35/119 DPDK:fast-tests / eal_flags_file_prefix_autotest OK 2.44s 36/119 DPDK:fast-tests / eal_flags_misc_autotest OK 2.48s 37/119 DPDK:fast-tests / eal_fs_autotest OK 0.20s 38/119 DPDK:fast-tests / errno_autotest OK 0.20s 39/119 DPDK:fast-tests / ethdev_link_status OK 0.23s 40/119 DPDK:fast-tests / event_eth_tx_adapter_autotest OK 0.47s 41/119 DPDK:fast-tests / event_ring_autotest OK 0.19s 42/119 DPDK:fast-tests / eventdev_common_autotest OK 0.18s 43/119 DPDK:fast-tests / eventdev_selftest_sw OK 0.23s 44/119 DPDK:fast-tests / fbarray_autotest OK 0.18s 45/119 DPDK:fast-tests / fib_autotest OK 0.87s 46/119 DPDK:fast-tests / fib6_autotest OK 0.75s 47/119 DPDK:fast-tests / func_reentrancy_autotest OK 0.81s 48/119 DPDK:fast-tests / graph_autotest OK 0.29s 49/119 DPDK:fast-tests / node_list_dump OK 0.22s 50/119 DPDK:fast-tests / hash_autotest OK 0.31s 51/119 DPDK:fast-tests / hash_readwrite_func_autotest SKIP 0.22s exit status 77 52/119 DPDK:fast-tests / interrupt_autotest OK 1.46s 53/119 DPDK:fast-tests / ipfrag_autotest OK 0.16s 54/119 DPDK:fast-tests / ipsec_autotest SKIP 0.19s exit status 77 55/119 DPDK:fast-tests / kvargs_autotest OK 0.21s 56/119 DPDK:fast-tests / latencystats_autotest OK 0.19s 57/119 DPDK:fast-tests / lcore_var_autotest OK 0.35s 58/119 DPDK:fast-tests / lcores_autotest OK 25.41s 59/119 DPDK:fast-tests / logs_autotest OK 0.23s 60/119 DPDK:fast-tests / lpm_autotest OK 1.95s 61/119 DPDK:fast-tests / lpm6_autotest OK 3.57s 62/119 DPDK:fast-tests / malloc_autotest OK 0.48s 63/119 DPDK:fast-tests / mbuf_autotest OK 0.27s 64/119 DPDK:fast-tests / mcslock_autotest OK 0.54s 65/119 DPDK:fast-tests / member_autotest OK 0.97s 66/119 DPDK:fast-tests / memcpy_autotest OK 2.44s 67/119 DPDK:fast-tests / memory_autotest OK 0.23s 68/119 DPDK:fast-tests / mempool_autotest OK 0.45s 69/119 DPDK:fast-tests / memzone_autotest OK 0.28s 70/119 DPDK:fast-tests / meter_autotest OK 0.20s 71/119 DPDK:fast-tests / metrics_autotest OK 0.18s 72/119 DPDK:fast-tests / multiprocess_autotest OK 0.33s 73/119 DPDK:fast-tests / net_ether_autotest OK 0.53s 74/119 DPDK:fast-tests / net_ipv6_autotest OK 0.18s 75/119 DPDK:fast-tests / pcapng_autotest OK 7.25s 76/119 DPDK:fast-tests / pdcp_autotest SKIP 0.15s exit status 77 77/119 DPDK:fast-tests / pdump_autotest OK 0.43s 78/119 DPDK:fast-tests / per_lcore_autotest OK 0.29s 79/119 DPDK:fast-tests / pflock_autotest OK 0.29s 80/119 DPDK:fast-tests / pie_autotest OK 0.20s 81/119 DPDK:fast-tests / ring_pmd_autotest OK 0.19s 82/119 DPDK:fast-tests / power_autotest OK 0.18s 83/119 DPDK:fast-tests / power_cpufreq_autotest SKIP 0.15s exit status 77 84/119 DPDK:fast-tests / power_intel_uncore_autotest SKIP 0.19s exit status 77 85/119 DPDK:fast-tests / power_kvm_vm_autotest SKIP 0.15s exit status 77 86/119 DPDK:fast-tests / prefetch_autotest OK 0.19s 87/119 DPDK:fast-tests / ptr_compress_autotest OK 0.18s 88/119 DPDK:fast-tests / rawdev_autotest OK 0.19s 89/119 DPDK:fast-tests / rcu_qsbr_autotest OK 0.41s 90/119 DPDK:fast-tests / reorder_autotest OK 0.34s 91/119 DPDK:fast-tests / rib_autotest OK 4.62s 92/119 DPDK:fast-tests / rib6_autotest OK 4.76s 93/119 DPDK:fast-tests / ring_autotest OK 0.25s 94/119 DPDK:fast-tests / rwlock_test1_autotest OK 0.32s 95/119 DPDK:fast-tests / rwlock_rda_autotest OK 5.30s 96/119 DPDK:fast-tests / rwlock_rds_wrm_autotest OK 5.38s 97/119 DPDK:fast-tests / rwlock_rde_wro_autotest OK 5.19s 98/119 DPDK:fast-tests / sched_autotest OK 0.26s 99/119 DPDK:fast-tests / security_autotest OK 0.15s 100/119 DPDK:fast-tests / seqlock_autotest SKIP 0.19s exit status 77 101/119 DPDK:fast-tests / service_autotest OK 0.41s 102/119 DPDK:fast-tests / soring_autotest OK 0.29s 103/119 DPDK:fast-tests / spinlock_autotest OK 0.19s 104/119 DPDK:fast-tests / stack_autotest OK 0.20s 105/119 DPDK:fast-tests / stack_lf_autotest OK 0.26s 106/119 DPDK:fast-tests / string_autotest OK 0.23s 107/119 DPDK:fast-tests / table_autotest OK 6.25s 108/119 DPDK:fast-tests / tailq_autotest OK 0.25s 109/119 DPDK:fast-tests / telemetry_data_autotest OK 0.19s 110/119 DPDK:fast-tests / telemetry_json_autotest OK 0.22s 111/119 DPDK:fast-tests / thash_autotest OK 0.23s 112/119 DPDK:fast-tests / threads_autotest OK 0.47s 113/119 DPDK:fast-tests / ticketlock_autotest OK 0.26s 114/119 DPDK:fast-tests / timer_autotest OK 2.63s 115/119 DPDK:fast-tests / trace_autotest OK 0.40s 116/119 DPDK:fast-tests / trace_autotest_with_traces OK 0.37s 117/119 DPDK:fast-tests / vdev_autotest OK 0.22s 118/119 DPDK:fast-tests / version_autotest OK 0.19s 119/119 DPDK:fast-tests / telemetry_all OK 1.08s Ok: 110 Expected Fail: 0 Fail: 0 Unexpected Pass: 0 Skipped: 9 Timeout: 0 Full log written to /root/workspace/Generic-Unit-Test-DPDK/dpdk/build/meson-logs/testlog.txt ninja: Entering directory `/root/workspace/Generic-Unit-Test-DPDK/dpdk/build' ninja: no work to do. 1/2 DPDK:driver-tests / cryptodev_openssl_autotest OK 0.66s 2/2 DPDK:driver-tests / cryptodev_openssl_asym_autotest FAIL 0.24s (exit status 255 or signal 127 SIGinvalid) >>> DPDK_TEST=cryptodev_openssl_asym_autotest MALLOC_PERTURB_=111 /root/workspace/Generic-Unit-Test-DPDK/dpdk/build/app/dpdk-test --vdev crypto_openssl Ok: 1 Expected Fail: 0 Fail: 1 Unexpected Pass: 0 Skipped: 0 Timeout: 0 Full log written to /root/workspace/Generic-Unit-Test-DPDK/dpdk/build/meson-logs/testlog.txt Test log output from the failed test cryptodev_openssl_asym_autotest: Sorry, we were not able to find the logs for this test. Download the log output from the CI site for this test run. ==== End log output ==== Fedora 40 Kernel: Depends on container host Compiler: gcc 14.2.1 20240912 (Red Hat 14.2.1-3) CentOS Stream 10 Kernel: Depends on container host Compiler: gcc 14.2.1 20241104 (Red Hat 14.2.1-6) CentOS Stream 9 Kernel: Depends on container host Compiler: gcc 11.5.0 20240719 (Red Hat 11.5.0-2) Debian 12 Kernel: Depends on container host Compiler: gcc (Debian 12.2.0-14) 12.2.0 Fedora 41 Kernel: Depends on container host Compiler: gcc 14.2.1 20240912 (Red Hat 14.2.1-3) RHEL8 Kernel: Depends on container host Compiler: gcc 8.5.0 20210514 (Red Hat 8.5.0-22) Fedora 40 (Clang) Kernel: Depends on container host Compiler: clang 18.1.8 (Fedora 18.1.8-1.fc40) Ubuntu 20.04 Kernel: Depends on container host Compiler: gcc (Ubuntu 9.4.0-1ubuntu1~20.04.2) 9.4.0 Ubuntu 22.04 Kernel: Depends on container host Compiler: gcc (Ubuntu 11.4.0-1ubuntu1~22.04) 11.4.0 Fedora 41 (Clang) Kernel: Depends on container host Compiler: clang 19.1.5 (Fedora 19.1.5-1.fc41) RHEL9 Kernel: Depends on container host Compiler: gcc 11.5.0 20240719 (Red Hat 11.5.0-2) Ubuntu 24.04 Kernel: Depends on container host Compiler: gcc (Ubuntu 13.3.0-6ubuntu2~24.04) 13.3.0 To view detailed results, visit: https://lab.dpdk.org/results/dashboard/patchsets/33153/ UNH-IOL DPDK Community Lab To manage your email subscriptions, visit: https://lab.dpdk.org/results/dashboard/preferences/subscriptions/