From mboxrd@z Thu Jan 1 00:00:00 1970 Return-Path: Received: from mails.dpdk.org (mails.dpdk.org [217.70.189.124]) by inbox.dpdk.org (Postfix) with ESMTP id 36DF54670F for ; Sat, 10 May 2025 16:17:24 +0200 (CEST) Received: from mails.dpdk.org (localhost [127.0.0.1]) by mails.dpdk.org (Postfix) with ESMTP id 2F14040270; Sat, 10 May 2025 16:17:24 +0200 (CEST) Received: from mail-oa1-f97.google.com (mail-oa1-f97.google.com [209.85.160.97]) by mails.dpdk.org (Postfix) with ESMTP id DC5764026C for ; Sat, 10 May 2025 16:17:22 +0200 (CEST) Received: by mail-oa1-f97.google.com with SMTP id 586e51a60fabf-2da73158006so2492978fac.0 for ; Sat, 10 May 2025 07:17:22 -0700 (PDT) DKIM-Signature: v=1; a=rsa-sha256; c=relaxed/relaxed; d=iol.unh.edu; s=unh-iol; t=1746886642; x=1747491442; darn=dpdk.org; h=references:in-reply-to:cc:to:from:subject:message-id:date:from:to :cc:subject:date:message-id:reply-to; bh=kVdUqc5YaRb16JLiqm/Tw9h+j3XfmC6a44/2oXcmFtg=; b=QjUOVeUpTj7S8VcKWqqLpkW/eHSBRLgvu99GL1hbAgUJ5f7nbcRm4ffcgRe6K7S56B 8Uu/trJBDpSZk9qqRdHTLhoNVXcQEBelPsWoOv0IeZ4bjzizdW/lGA1pVcm3uh+zG97n 99ymHasGqkTVa8gvz0VtjyjxNWPeRn04ixOZA= X-Google-DKIM-Signature: v=1; a=rsa-sha256; c=relaxed/relaxed; d=1e100.net; s=20230601; t=1746886642; x=1747491442; h=references:in-reply-to:cc:to:from:subject:message-id:date :x-gm-message-state:from:to:cc:subject:date:message-id:reply-to; bh=kVdUqc5YaRb16JLiqm/Tw9h+j3XfmC6a44/2oXcmFtg=; b=bM0NZxgUn/9BS1Al1x34ULFnd56s2bXOj0y7AzZhD6g1ei3eDZMfcW5uVcd9Y32XXK 4fXPSRbbkCIZ/+I5UhRJPN3S0L88xNvAJUeFgGs/YZpx97YB8F/sEj9zbtVbFrzxDrko ZlA8YL4obL38YZNL3V2gGUvxDsxD9Gqx43EK1m4tikHHmtxhqaVmCG3FV/mt+Bx5ix+P tggNhVZpZu9hsB/TqcsPykMdQIohL0rAsmQ357coJzfx43QTDUrUW2D66ItpYKbBNDnh jZWYcnUwllzgPnaH0550LderOYFTFxmBbUItBbS+S2KseLs2HuZMcNuAZ2MXSKjwNgo/ atvg== X-Gm-Message-State: AOJu0YznP1B0UjtrXCQw4VwD3OgWrWGdX1xxN3Mwd9ndilT6nUggvS7E 7R0zuaaEk/oenewpiG51evp7AfNYDG0P/w3Gba67jOwRTyXKL1MlFDjKz/sJldNstDWVoAG7SLj 8N2B7ZFUWkjNlTRBhHDAOM5ezcbThhL6Oi1j35M5GUFEqfbmBnheAq/ir X-Gm-Gg: ASbGncsP6D9rcU+bxmX14qkzZNXGuCovzP3mcnqiU2TyWsAfNW7qXEQJhuv281KPPP+ E6RombGdHkLrF7hcWfjd89Xt+OlWJqCZDTztkwZRzFhWxmyYeqHxstHW2eQ4kq7W4lDtOKgPHm7 5QJqCBAZdi2Uz0sNaJjjbtj7umvYkDxI55sgU4uwWpBHCu/ec7lWjcN8XQvXmc2bQoJKnTXULJc z4JHH8ZuLuhRSvsXBAUmV56KnCfZFmVvaOIeoGXsJe8yAFWV8AuyrGVbOu7pVQL/SAtkn/yN80t FaQ6mpqT28AWuXwosa5NXx2q8KXzOgyG3jLk X-Google-Smtp-Source: AGHT+IFvmPzWbXS2B1Xo2xoGoZVPbEziuhwLQKitLLnRmTiDSOg4ztrtuh8lYhEdAJ28zSNADoXKRUSakzub X-Received: by 2002:a05:6870:889f:b0:29e:69a9:8311 with SMTP id 586e51a60fabf-2dba455ab5emr4466436fac.36.1746886641951; Sat, 10 May 2025 07:17:21 -0700 (PDT) Received: from postal.iol.unh.edu (postal.iol.unh.edu. [2606:4100:3880:1234::84]) by smtp-relay.gmail.com with ESMTPS id 586e51a60fabf-2dba0708e02sm185297fac.15.2025.05.10.07.17.21 (version=TLS1_2 cipher=ECDHE-ECDSA-AES128-GCM-SHA256 bits=128/128); Sat, 10 May 2025 07:17:21 -0700 (PDT) X-Relaying-Domain: iol.unh.edu Date: Sat, 10 May 2025 07:17:21 -0700 (PDT) Message-ID: <681f5ff1.050a0220.41ef7.a12dSMTPIN_ADDED_MISSING@mx.google.com> Received: from [172.21.0.11] (unknown [172.18.0.240]) by postal.iol.unh.edu (Postfix) with ESMTP id 88DB16052471; Sat, 10 May 2025 10:17:21 -0400 (EDT) Subject: |FAILURE| pw153393 [PATCH] test/crypto: fix RSA decrypt op validatio From: dpdklab@iol.unh.edu To: Test Report Cc: dpdk-test-reports@iol.unh.edu, Gowrishankar Muthukrishnan In-Reply-To: <20250510104452.2186-1-gmuthukrishn@marvell.com> References: <20250510104452.2186-1-gmuthukrishn@marvell.com> Content-Type: text/plain X-BeenThere: test-report@dpdk.org X-Mailman-Version: 2.1.29 Precedence: list List-Id: automatic DPDK test reports List-Unsubscribe: , List-Archive: List-Post: List-Help: List-Subscribe: , Errors-To: test-report-bounces@dpdk.org Test-Label: iol-unit-arm64-testing Test-Status: FAILURE http://dpdk.org/patch/153393 _Testing issues_ Submitter: Gowrishankar Muthukrishnan Date: Saturday, May 10 2025 10:44:47 DPDK git baseline: Repo:dpdk Branch: master CommitID:ca1690ebd224f148268285b15b97441ccdbdd07e 153393 --> testing issues Upstream job id: Aarch32-Unit-Test#6193 Test environment and result as below: +-----------------------------+---------------------------+------------------------------+--------------+----------------+ | Environment | cryptodev_sw_zuc_autotest | cryptodev_sw_snow3g_autotest | lpm_autotest | dpdk_unit_test | +=============================+===========================+==============================+==============+================+ | Debian 12 (arm) | PASS | PASS | SKIPPED | PASS | +-----------------------------+---------------------------+------------------------------+--------------+----------------+ | Ubuntu 20.04 ARM SVE | SKIPPED | SKIPPED | PASS | SKIPPED | +-----------------------------+---------------------------+------------------------------+--------------+----------------+ | CentOS Stream 9 (ARM) | SKIPPED | SKIPPED | SKIPPED | PASS | +-----------------------------+---------------------------+------------------------------+--------------+----------------+ | CentOS Stream 10 (ARM) | SKIPPED | SKIPPED | SKIPPED | PASS | +-----------------------------+---------------------------+------------------------------+--------------+----------------+ | Fedora 40 (ARM Clang) | SKIPPED | SKIPPED | SKIPPED | PASS | +-----------------------------+---------------------------+------------------------------+--------------+----------------+ | Fedora 41 (ARM) | SKIPPED | SKIPPED | SKIPPED | PASS | +-----------------------------+---------------------------+------------------------------+--------------+----------------+ | Fedora 41 (ARM Clang) | SKIPPED | SKIPPED | SKIPPED | PASS | +-----------------------------+---------------------------+------------------------------+--------------+----------------+ | Fedora 40 (ARM) | SKIPPED | SKIPPED | SKIPPED | PASS | +-----------------------------+---------------------------+------------------------------+--------------+----------------+ | Ubuntu 20.04 (ARM) | SKIPPED | SKIPPED | SKIPPED | FAIL | +-----------------------------+---------------------------+------------------------------+--------------+----------------+ | RHEL9 (ARM) | SKIPPED | SKIPPED | SKIPPED | PASS | +-----------------------------+---------------------------+------------------------------+--------------+----------------+ | Ubuntu 22.04 (ARM) | SKIPPED | SKIPPED | SKIPPED | PASS | +-----------------------------+---------------------------+------------------------------+--------------+----------------+ | Ubuntu 24.04 (ARM) | SKIPPED | SKIPPED | SKIPPED | PASS | +-----------------------------+---------------------------+------------------------------+--------------+----------------+ | 32-bit Ubuntu 22.04.4 (ARM) | SKIPPED | SKIPPED | SKIPPED | PASS | +-----------------------------+---------------------------+------------------------------+--------------+----------------+ ==== Unit test summary for Ubuntu 20.04 (ARM) (dpdk_unit_test): ==== ninja: Entering directory `/home-local/jenkins-local/jenkins-agent/workspace/Generic-Unit-Test-DPDK/dpdk/build' ninja: no work to do. 1/119 DPDK:fast-tests / acl_autotest OK 9.87s 2/119 DPDK:fast-tests / alarm_autotest OK 1.32s 3/119 DPDK:fast-tests / argparse_autotest OK 0.31s 4/119 DPDK:fast-tests / atomic_autotest OK 10.18s 5/119 DPDK:fast-tests / bitcount_autotest OK 0.35s 6/119 DPDK:fast-tests / bitmap_autotest OK 0.31s 7/119 DPDK:fast-tests / bitops_autotest OK 1.91s 8/119 DPDK:fast-tests / bitratestats_autotest OK 0.33s 9/119 DPDK:fast-tests / bitset_autotest OK 5.48s 10/119 DPDK:fast-tests / bpf_autotest OK 0.33s 11/119 DPDK:fast-tests / bpf_convert_autotest OK 0.33s 12/119 DPDK:fast-tests / byteorder_autotest OK 0.31s 13/119 DPDK:fast-tests / cfgfile_autotest OK 0.31s 14/119 DPDK:fast-tests / cksum_autotest OK 0.31s 15/119 DPDK:fast-tests / cmdline_autotest OK 0.33s 16/119 DPDK:fast-tests / common_autotest OK 1.82s 17/119 DPDK:fast-tests / compressdev_autotest SKIP 0.18s exit status 77 18/119 DPDK:fast-tests / cpuflags_autotest OK 0.35s 19/119 DPDK:fast-tests / crc_autotest OK 0.31s 20/119 DPDK:fast-tests / user_delay_us OK 0.31s 21/119 DPDK:fast-tests / debug_autotest OK 1.77s 22/119 DPDK:fast-tests / devargs_autotest OK 0.31s 23/119 DPDK:fast-tests / dispatcher_autotest OK 4.83s 24/119 DPDK:fast-tests / distributor_autotest OK 1.11s 25/119 DPDK:fast-tests / eal_flags_c_opt_autotest OK 3.41s 26/119 DPDK:fast-tests / eal_flags_main_opt_autotest OK 0.86s 27/119 DPDK:fast-tests / eal_flags_n_opt_autotest OK 0.78s 28/119 DPDK:fast-tests / eal_flags_hpet_autotest OK 0.45s 29/119 DPDK:fast-tests / eal_flags_no_huge_autotest OK 0.89s 30/119 DPDK:fast-tests / eal_flags_a_opt_autotest OK 1.29s 31/119 DPDK:fast-tests / eal_flags_b_opt_autotest OK 1.01s 32/119 DPDK:fast-tests / eal_flags_vdev_opt_autotest OK 0.75s 33/119 DPDK:fast-tests / eal_flags_r_opt_autotest OK 0.74s 34/119 DPDK:fast-tests / eal_flags_mem_autotest OK 1.11s 35/119 DPDK:fast-tests / eal_flags_file_prefix_autotest OK 3.13s 36/119 DPDK:fast-tests / eal_flags_misc_autotest OK 4.05s 37/119 DPDK:fast-tests / eal_fs_autotest OK 0.35s 38/119 DPDK:fast-tests / errno_autotest OK 0.31s 39/119 DPDK:fast-tests / ethdev_link_status OK 0.31s 40/119 DPDK:fast-tests / event_eth_tx_adapter_autotest OK 2.27s 41/119 DPDK:fast-tests / event_ring_autotest OK 0.35s 42/119 DPDK:fast-tests / eventdev_common_autotest OK 0.32s 43/119 DPDK:fast-tests / eventdev_selftest_sw OK 13.69s 44/119 DPDK:fast-tests / fbarray_autotest OK 0.31s 45/119 DPDK:fast-tests / fib_autotest OK 1.79s 46/119 DPDK:fast-tests / fib6_autotest OK 1.64s 47/119 DPDK:fast-tests / func_reentrancy_autotest OK 1.46s 48/119 DPDK:fast-tests / graph_autotest OK 0.35s 49/119 DPDK:fast-tests / node_list_dump OK 0.31s 50/119 DPDK:fast-tests / hash_autotest OK 1.06s 51/119 DPDK:fast-tests / hash_readwrite_func_autotest OK 13.89s 52/119 DPDK:fast-tests / interrupt_autotest OK 1.38s 53/119 DPDK:fast-tests / ipfrag_autotest OK 0.18s 54/119 DPDK:fast-tests / ipsec_autotest SKIP 0.35s exit status 77 55/119 DPDK:fast-tests / kvargs_autotest OK 0.31s 56/119 DPDK:fast-tests / latencystats_autotest OK 0.33s 57/119 DPDK:fast-tests / lcore_var_autotest OK 1.47s 58/119 DPDK:fast-tests / lcores_autotest OK 96.15s 59/119 DPDK:fast-tests / logs_autotest OK 0.32s 60/119 DPDK:fast-tests / lpm_autotest OK 3.21s 61/119 DPDK:fast-tests / lpm6_autotest OK 9.72s 62/119 DPDK:fast-tests / malloc_autotest OK 0.88s 63/119 DPDK:fast-tests / mbuf_autotest OK 4.84s 64/119 DPDK:fast-tests / mcslock_autotest OK 1.97s 65/119 DPDK:fast-tests / member_autotest OK 2.81s 66/119 DPDK:fast-tests / memcpy_autotest OK 10.86s 67/119 DPDK:fast-tests / memory_autotest OK 0.18s 68/119 DPDK:fast-tests / mempool_autotest OK 0.63s 69/119 DPDK:fast-tests / memzone_autotest OK 0.21s 70/119 DPDK:fast-tests / meter_autotest OK 0.34s 71/119 DPDK:fast-tests / metrics_autotest OK 0.31s 72/119 DPDK:fast-tests / multiprocess_autotest OK 0.69s 73/119 DPDK:fast-tests / net_ether_autotest OK 2.14s 74/119 DPDK:fast-tests / net_ipv6_autotest OK 0.31s 75/119 DPDK:fast-tests / pcapng_autotest OK 6.93s 76/119 DPDK:fast-tests / pdcp_autotest SKIP 0.17s exit status 77 77/119 DPDK:fast-tests / pdump_autotest OK 0.87s 78/119 DPDK:fast-tests / per_lcore_autotest OK 0.44s 79/119 DPDK:fast-tests / pflock_autotest OK 0.67s 80/119 DPDK:fast-tests / pie_autotest OK 0.32s 81/119 DPDK:fast-tests / ring_pmd_autotest OK 0.35s 82/119 DPDK:fast-tests / power_autotest OK 0.31s 83/119 DPDK:fast-tests / power_cpufreq_autotest SKIP 0.18s exit status 77 84/119 DPDK:fast-tests / power_intel_uncore_autotest SKIP 0.36s exit status 77 85/119 DPDK:fast-tests / power_kvm_vm_autotest SKIP 0.17s exit status 77 86/119 DPDK:fast-tests / prefetch_autotest OK 0.35s 87/119 DPDK:fast-tests / ptr_compress_autotest OK 0.32s 88/119 DPDK:fast-tests / rawdev_autotest OK 0.31s 89/119 DPDK:fast-tests / rcu_qsbr_autotest OK 1.25s 90/119 DPDK:fast-tests / reorder_autotest OK 0.83s 91/119 DPDK:fast-tests / rib_autotest OK 7.86s 92/119 DPDK:fast-tests / rib6_autotest OK 7.83s 93/119 DPDK:fast-tests / ring_autotest OK 0.36s 94/119 DPDK:fast-tests / rwlock_test1_autotest OK 0.65s 95/119 DPDK:fast-tests / rwlock_rda_autotest OK 5.31s 96/119 DPDK:fast-tests / rwlock_rds_wrm_autotest OK 5.31s 97/119 DPDK:fast-tests / rwlock_rde_wro_autotest OK 5.39s 98/119 DPDK:fast-tests / sched_autotest OK 0.33s 99/119 DPDK:fast-tests / security_autotest OK 0.17s 100/119 DPDK:fast-tests / seqlock_autotest OK 2.35s 101/119 DPDK:fast-tests / service_autotest OK 3.02s 102/119 DPDK:fast-tests / soring_autotest OK 0.32s 103/119 DPDK:fast-tests / spinlock_autotest OK 0.35s 104/119 DPDK:fast-tests / stack_autotest OK 0.64s 105/119 DPDK:fast-tests / stack_lf_autotest OK 0.68s 106/119 DPDK:fast-tests / string_autotest OK 0.34s 107/119 DPDK:fast-tests / table_autotest OK 14.30s 108/119 DPDK:fast-tests / tailq_autotest OK 0.31s 109/119 DPDK:fast-tests / telemetry_data_autotest OK 0.31s 110/119 DPDK:fast-tests / telemetry_json_autotest OK 0.31s 111/119 DPDK:fast-tests / thash_autotest OK 0.35s 112/119 DPDK:fast-tests / threads_autotest OK 0.48s 113/119 DPDK:fast-tests / ticketlock_autotest OK 0.36s 114/119 DPDK:fast-tests / timer_autotest OK 3.41s 115/119 DPDK:fast-tests / trace_autotest OK 0.36s 116/119 DPDK:fast-tests / trace_autotest_with_traces OK 0.35s 117/119 DPDK:fast-tests / vdev_autotest OK 0.31s 118/119 DPDK:fast-tests / version_autotest OK 0.31s 119/119 DPDK:fast-tests / telemetry_all OK 1.32s Ok: 113 Expected Fail: 0 Fail: 0 Unexpected Pass: 0 Skipped: 6 Timeout: 0 Full log written to /home-local/jenkins-local/jenkins-agent/workspace/Generic-Unit-Test-DPDK/dpdk/build/meson-logs/testlog.txt ninja: Entering directory `/home-local/jenkins-local/jenkins-agent/workspace/Generic-Unit-Test-DPDK/dpdk/build' ninja: no work to do. 1/2 DPDK:driver-tests / cryptodev_openssl_autotest OK 1.88s 2/2 DPDK:driver-tests / cryptodev_openssl_asym_autotest FAIL 0.28s (exit status 255 or signal 127 SIGinvalid) >>> DPDK_TEST=cryptodev_openssl_asym_autotest MALLOC_PERTURB_=66 /home-local/jenkins-local/jenkins-agent/workspace/Generic-Unit-Test-DPDK/dpdk/build/app/dpdk-test --vdev crypto_openssl Ok: 1 Expected Fail: 0 Fail: 1 Unexpected Pass: 0 Skipped: 0 Timeout: 0 Full log written to /home-local/jenkins-local/jenkins-agent/workspace/Generic-Unit-Test-DPDK/dpdk/build/meson-logs/testlog.txt Test log output from the failed test cryptodev_openssl_asym_autotest: Sorry, we were not able to find the logs for this test. Download the log output from the CI site for this test run. ==== End log output ==== Debian 12 (arm) Kernel: Depends on container host Compiler: gcc (Debian 12.2.0-14) 12.2.0 Ubuntu 20.04 ARM SVE Kernel: Depends on container host Compiler: gcc (Ubuntu 10.5.0-1ubuntu1~20.04) 10.5.0 CentOS Stream 9 (ARM) Kernel: Depends on container host Compiler: gcc 11.5.0 20240719 (Red Hat 11.5.0-2) CentOS Stream 10 (ARM) Kernel: Depends on container host Compiler: gcc 14.2.1 20241104 (Red Hat 14.2.1-6) Fedora 40 (ARM Clang) Kernel: Depends on container host Compiler: clang 18.1.8 (Fedora 18.1.8-1.fc40) Fedora 41 (ARM) Kernel: Depends on container host Compiler: gcc 14.2.1 20240912 (Red Hat 14.2.1-3) Fedora 41 (ARM Clang) Kernel: Depends on container host Compiler: clang 19.1.5 (Fedora 19.1.5-1.fc41) Fedora 40 (ARM) Kernel: Depends on container host Compiler: gcc 14.2.1 20240912 (Red Hat 14.2.1-3) Ubuntu 20.04 (ARM) Kernel: Depends on container host Compiler: gcc (Ubuntu 9.4.0-1ubuntu1~20.04.2) 9.4.0 RHEL9 (ARM) Kernel: Depends on container host Compiler: gcc 11.5.0 20240719 (Red Hat 11.5.0-2) Ubuntu 22.04 (ARM) Kernel: Depends on container host Compiler: gcc (Ubuntu 11.4.0-1ubuntu1~22.04) 11.4.0 Ubuntu 24.04 (ARM) Kernel: Depends on container host Compiler: gcc (Ubuntu 13.3.0-6ubuntu2~24.04) 13.3.0 32-bit Ubuntu 22.04.4 (ARM) Kernel: 5.15.83+ aarch64 Compiler: gcc (Ubuntu 11.4.0-1ubuntu1~22.04) 11.4.0 To view detailed results, visit: https://lab.dpdk.org/results/dashboard/patchsets/33153/ UNH-IOL DPDK Community Lab To manage your email subscriptions, visit: https://lab.dpdk.org/results/dashboard/preferences/subscriptions/