From mboxrd@z Thu Jan 1 00:00:00 1970 Return-Path: Received: from mails.dpdk.org (mails.dpdk.org [217.70.189.124]) by inbox.dpdk.org (Postfix) with ESMTP id D3F3746718 for ; Sun, 11 May 2025 08:24:02 +0200 (CEST) Received: from mails.dpdk.org (localhost [127.0.0.1]) by mails.dpdk.org (Postfix) with ESMTP id 925F74026C; Sun, 11 May 2025 08:24:02 +0200 (CEST) Received: from mail-pj1-f100.google.com (mail-pj1-f100.google.com [209.85.216.100]) by mails.dpdk.org (Postfix) with ESMTP id 9B3BB4026A for ; Sun, 11 May 2025 08:24:01 +0200 (CEST) Received: by mail-pj1-f100.google.com with SMTP id 98e67ed59e1d1-30c35ac35dfso2452145a91.1 for ; Sat, 10 May 2025 23:24:01 -0700 (PDT) DKIM-Signature: v=1; a=rsa-sha256; c=relaxed/relaxed; d=iol.unh.edu; s=unh-iol; t=1746944640; x=1747549440; darn=dpdk.org; h=cc:to:from:subject:message-id:date:from:to:cc:subject:date :message-id:reply-to; bh=C3HlsZuQZaumJ+oon3adSgeOmFOK+ZiIXyKjonNl16U=; b=ipx2+2K7sOMv2sh9XLXNR7CwWBOqU/K13Qxx1ZmiYbkFK2RgiOzRXNytTTIC7vK1Zr 7TPa0PksakQQ4K8D7Glt5lINycD+RAlBFjRTbRsmtoSO5WErsjtILyz0xs4KLX6pZQQZ /r+jKTj5Qx7RMtD6Nuz5ezy7lLD4V3PvwfOoI= X-Google-DKIM-Signature: v=1; a=rsa-sha256; c=relaxed/relaxed; d=1e100.net; s=20230601; t=1746944640; x=1747549440; h=cc:to:from:subject:message-id:date:x-gm-message-state:from:to:cc :subject:date:message-id:reply-to; bh=C3HlsZuQZaumJ+oon3adSgeOmFOK+ZiIXyKjonNl16U=; b=uegVAM26ntnTG6+l6nR2W2+rJA/EFtljFgm1B/9vuqPYdmG3bu855lKr4GMvt66RIZ XPDixs6goyW6r67sIplehn8YdaWIYTZ6gQDPladkmNp5d5GQ7y2XDxVOR7LKq1Efpkg/ 58pNPum9Mckq+5mlyofalIEbT0/GPjWq7ZtM5LG6CKKvnL4Fr3yWvTK+73gFZwEZ21El e2C9IIeD8Eif0/otu2HLdkCHdR1bb39yx1ZqgOPBMZE+b3rHwHlYjI1uhj3vIZrBiAap p3Xdjh2oi/T40UHLThk7IFyx9OJ0K4oXzcoLAQ1jGWM0uPypBgOD2CGsqDTn4jSfmGo8 L97g== X-Gm-Message-State: AOJu0YxdMY0GFo2K0k9iMrHrMl382YKEXzQW9LSpTtskz48TOs/b6gpg z6ZZfCTIhv5NzY9rFGdzSmBOxTWwXCN0sV72Sfoe07eJFgs6AigKkVJ3KBe7XfvUSsqoNtMCfky 2RC5mtVqiqumIBGSxioJyUFBAGEpbvhsZ X-Gm-Gg: ASbGncv+tya+yXEISzku+ssJNcwPFxifwv2OTl8Q+fWGIqDtERABx6Vj5UL1PFsdpht ZfvUEASeOHrKFIOaS/ZC5owX4AuVnA7UC88N7yByjGmb/we40hZ5nPV8qgiB4meR8rLxCG+0YTB eELty+13RXDtYOVrmkDBsykdwZ03jEX2DQzIc9cBpS/gyQNXoEgokKP/1jPUN8zX4ZABHkzvIJ/ IRkeg9ZnS04/soQw7ZMFS9aPMlCAnaQZwS/vYVsyBdh+PD1FCIXYLScRh9sqF9hDlvk5Q/P9nKs s3z+Ly/8HL97VK++T+oub375ZHCzhb7SKGm6V+KURhZeDXEYGb+ZQLalL9A= X-Google-Smtp-Source: AGHT+IE3dtSCHyxg4OmGzrVTgjs+1CMM6pIhOhjNP3wTLvm36CT3TcPN7r8x/zaeiTLRSZvZ0NzuKMKMsknV X-Received: by 2002:a17:90b:3b47:b0:2ee:d433:7c50 with SMTP id 98e67ed59e1d1-30c3d62db1cmr11413983a91.23.1746944640397; Sat, 10 May 2025 23:24:00 -0700 (PDT) Received: from postal.iol.unh.edu (postal.iol.unh.edu. [132.177.123.84]) by smtp-relay.gmail.com with ESMTPS id 98e67ed59e1d1-30c39dc83e9sm328331a91.7.2025.05.10.23.24.00 (version=TLS1_2 cipher=ECDHE-ECDSA-AES128-GCM-SHA256 bits=128/128); Sat, 10 May 2025 23:24:00 -0700 (PDT) X-Relaying-Domain: iol.unh.edu Date: Sat, 10 May 2025 23:24:00 -0700 (PDT) Message-ID: <68204280.170a0220.39aca5.1aadSMTPIN_ADDED_MISSING@mx.google.com> Received: from [172.21.0.5] (unknown [172.18.0.240]) by postal.iol.unh.edu (Postfix) with ESMTP id 89E8F6052471; Sun, 11 May 2025 02:23:59 -0400 (EDT) Subject: |WARNING| [GIT MASTER] 4401486b5e30d43a134f80f9802f60b5f43e74a8 From: dpdklab@iol.unh.edu To: Test Report Cc: dpdk-test-reports@iol.unh.edu, Xueming Li , Christian Ehrhardt , Kevin Traynor , Luca Boccassi Content-Type: text/plain X-BeenThere: test-report@dpdk.org X-Mailman-Version: 2.1.29 Precedence: list List-Id: automatic DPDK test reports List-Unsubscribe: , List-Archive: List-Post: List-Help: List-Subscribe: , Errors-To: test-report-bounces@dpdk.org _Testing issues_ Branch: tags/v22.11 4401486b5e30d43a134f80f9802f60b5f43e74a8 --> testing issues Upstream job id: Generic-DPDK-Compile-ABI#126044 Test environment and result as below: +-------------------+----------+ | Environment | abi_test | +===================+==========+ | CentOS Stream 9 | PASS | +-------------------+----------+ | Fedora 40 | PASS | +-------------------+----------+ | CentOS Stream 10 | PASS | +-------------------+----------+ | Debian 12 | FAIL | +-------------------+----------+ | Fedora 40 (Clang) | FAIL | +-------------------+----------+ | Fedora 41 (Clang) | FAIL | +-------------------+----------+ | openSUSE Leap 15 | PASS | +-------------------+----------+ | Fedora 41 | FAIL | +-------------------+----------+ | RHEL8 | PASS | +-------------------+----------+ | RHEL9 | FAIL | +-------------------+----------+ | Ubuntu 22.04 | PASS | +-------------------+----------+ | Ubuntu 24.04 | FAIL | +-------------------+----------+ ==== 20 line log output for Ubuntu 24.04 (abi_test): ==== './librte_vdpa_ifc.so.23' -> 'dpdk/pmds-23.0/librte_vdpa_ifc.so.23' './librte_vdpa_ifc.so.23.0' -> 'dpdk/pmds-23.0/librte_vdpa_ifc.so.23.0' './librte_vdpa_mlx5.so' -> 'dpdk/pmds-23.0/librte_vdpa_mlx5.so' './librte_vdpa_mlx5.so.23' -> 'dpdk/pmds-23.0/librte_vdpa_mlx5.so.23' './librte_vdpa_mlx5.so.23.0' -> 'dpdk/pmds-23.0/librte_vdpa_mlx5.so.23.0' './librte_vdpa_sfc.so' -> 'dpdk/pmds-23.0/librte_vdpa_sfc.so' './librte_vdpa_sfc.so.23' -> 'dpdk/pmds-23.0/librte_vdpa_sfc.so.23' './librte_vdpa_sfc.so.23.0' -> 'dpdk/pmds-23.0/librte_vdpa_sfc.so.23.0' Installing /root/workspace/Generic-DPDK-Compile-ABI@3/dpdk/drivers/baseband/fpga_5gnr_fec/rte_pmd_fpga_5gnr_fec.h to /root/workspace/Generic-DPDK-Compile-ABI@3/build_install/usr/local/include Installing /root/workspace/Generic-DPDK-Compile-ABI@3/dpdk/usertools/dpdk-devbind.py to /root/workspace/Generic-DPDK-Compile-ABI@3/build_install/usr/local/bin Installing /root/workspace/Generic-DPDK-Compile-ABI@3/dpdk/usertools/dpdk-pmdinfo.py to /root/workspace/Generic-DPDK-Compile-ABI@3/build_install/usr/local/bin Installing /root/workspace/Generic-DPDK-Compile-ABI@3/dpdk/usertools/dpdk-telemetry.py to /root/workspace/Generic-DPDK-Compile-ABI@3/build_install/usr/local/bin Installing /root/workspace/Generic-DPDK-Compile-ABI@3/dpdk/usertools/dpdk-hugepages.py to /root/workspace/Generic-DPDK-Compile-ABI@3/build_install/usr/local/bin Installing /root/workspace/Generic-DPDK-Compile-ABI@3/dpdk/doc/guides/custom.css to /root/workspace/Generic-DPDK-Compile-ABI@3/build_install/usr/local/share/doc/dpdk/_static/css Installing /root/workspace/Generic-DPDK-Compile-ABI@3/dpdk/build/rte_build_config.h to /root/workspace/Generic-DPDK-Compile-ABI@3/build_install/usr/local/include Installing /root/workspace/Generic-DPDK-Compile-ABI@3/dpdk/build/meson-private/libdpdk-libs.pc to /root/workspace/Generic-DPDK-Compile-ABI@3/build_install/usr/local/lib/x86_64-linux-gnu/pkgconfig Installing /root/workspace/Generic-DPDK-Compile-ABI@3/dpdk/build/meson-private/libdpdk.pc to /root/workspace/Generic-DPDK-Compile-ABI@3/build_install/usr/local/lib/x86_64-linux-gnu/pkgconfig Running custom install script '/bin/sh /root/workspace/Generic-DPDK-Compile-ABI@3/dpdk/config/../buildtools/symlink-drivers-solibs.sh lib/x86_64-linux-gnu dpdk/pmds-23.0' ==== Compiled DPDK with debugoptimized bash: /scripts/generate_abi.sh: No such file or directory ==== End log output ==== CentOS Stream 9 Kernel: Depends on container host Compiler: gcc 11.5.0 20240719 (Red Hat 11.5.0-2) Fedora 40 Kernel: Depends on container host Compiler: gcc 14.2.1 20240912 (Red Hat 14.2.1-3) CentOS Stream 10 Kernel: Depends on container host Compiler: gcc 14.2.1 20241104 (Red Hat 14.2.1-6) Debian 12 Kernel: Depends on container host Compiler: gcc (Debian 12.2.0-14) 12.2.0 Fedora 40 (Clang) Kernel: Depends on container host Compiler: clang 18.1.8 (Fedora 18.1.8-1.fc40) Fedora 41 (Clang) Kernel: Depends on container host Compiler: clang 19.1.5 (Fedora 19.1.5-1.fc41) openSUSE Leap 15 Kernel: Depends on container host Compiler: gcc (SUSE Linux) 7.5.0 Fedora 41 Kernel: Depends on container host Compiler: gcc 14.2.1 20240912 (Red Hat 14.2.1-3) RHEL8 Kernel: Depends on container host Compiler: gcc 8.5.0 20210514 (Red Hat 8.5.0-22) RHEL9 Kernel: Depends on container host Compiler: gcc 11.5.0 20240719 (Red Hat 11.5.0-2) Ubuntu 22.04 Kernel: Depends on container host Compiler: gcc (Ubuntu 11.4.0-1ubuntu1~22.04) 11.4.0 Ubuntu 24.04 Kernel: Depends on container host Compiler: gcc (Ubuntu 13.3.0-6ubuntu2~24.04) 13.3.0 To view detailed results, visit: https://lab.dpdk.org/results/dashboard/tarballs/33500/ UNH-IOL DPDK Community Lab To manage your email subscriptions, visit: https://lab.dpdk.org/results/dashboard/preferences/subscriptions/