From mboxrd@z Thu Jan 1 00:00:00 1970 Return-Path: Received: from mails.dpdk.org (mails.dpdk.org [217.70.189.124]) by inbox.dpdk.org (Postfix) with ESMTP id 36C0C46718 for ; Sun, 11 May 2025 09:17:42 +0200 (CEST) Received: from mails.dpdk.org (localhost [127.0.0.1]) by mails.dpdk.org (Postfix) with ESMTP id 11FD74026C; Sun, 11 May 2025 09:17:42 +0200 (CEST) Received: from mail-oa1-f99.google.com (mail-oa1-f99.google.com [209.85.160.99]) by mails.dpdk.org (Postfix) with ESMTP id 016724026A for ; Sun, 11 May 2025 09:17:40 +0200 (CEST) Received: by mail-oa1-f99.google.com with SMTP id 586e51a60fabf-2c7f876b321so1070070fac.1 for ; Sun, 11 May 2025 00:17:40 -0700 (PDT) DKIM-Signature: v=1; a=rsa-sha256; c=relaxed/relaxed; d=iol.unh.edu; s=unh-iol; t=1746947860; x=1747552660; darn=dpdk.org; h=cc:to:from:subject:message-id:date:from:to:cc:subject:date :message-id:reply-to; bh=XBd7u7XLReUmLVBWMVwRlYTzy/Hm6q7QrqltEpim90I=; b=Rk5Ht3Xe0kJ1arMSrrXx1LQR0LEdgPmj6wqnjzBif/nCQEw/euKTNqETbFh63V+rRX CeWloFpVC0fpfYqyDfl9zCl9cAUzLEnfqsmm/qIFQpq1OjZ3dASs9i64tTwr5lhDpLQm UPDPr6e0QpstbOknsDsuwcVfZXrw4GdKg6wlY= X-Google-DKIM-Signature: v=1; a=rsa-sha256; c=relaxed/relaxed; d=1e100.net; s=20230601; t=1746947860; x=1747552660; h=cc:to:from:subject:message-id:date:x-gm-message-state:from:to:cc :subject:date:message-id:reply-to; bh=XBd7u7XLReUmLVBWMVwRlYTzy/Hm6q7QrqltEpim90I=; b=Fj+Ig4PGvwuFM/KMShKpWI/FSX6WMAF8oMZ7M++ICalE+6x6nHg6JhG3DZ8XsHvvpM +YwjaY88Yn/lcmrmJcs7M3OCoc/9LNS7MfJIj0VTrrAoWccmG86KOOPhaQtzTIDMe2/l bO9XWktzrhWz4bpFW+sLMNlOxaQ8MgooAEJI8aG4h3lSbFrYTw74pnulL7RTnMz025au tPmmjD/RIgpO5Kpf/EMzsBWTrMhaXMKBO8geRUBfUOYuTMjVE/B0Mj1L7sPcy5rB/3cB eW6OyQip1/umdtgicIe/xgfJGFCif6B70piZHc+RNagXSDNI3dj/i2tDJ1JDzk5Mds74 9Evg== X-Gm-Message-State: AOJu0YyZQooDSXUT3s7+AWOA1vJJYnasaDHCY9RFj1LKgE1O41N6RHWP aIQjkGa+SjZQn2aW0se2LrRVGpS3Q1nQDjYLOOczWhD+lX1JFq3llrrN1xgq0Qk7qXFR6isC3uW 5EH4eLrem+GlX/yEXuf3a1WVNem9xvbN3mUzoaqSEEIdbU9M8 X-Gm-Gg: ASbGnctjKgrSIueQ7sXKBUaijTEGJEW1Lma85yW/oIjxvI3zG5X2pMQSGedAKB4I36h vPpX473TP+NYlAmuAaXYBWLVTZTkmqUOo29hzQpQkSYTw8kdY+oMlxi0CiYh4F2IOCUJEw/VaZ5 ornL/8zpewH9861BhBKpehoCaEnVGZHow0yxbn/DmmKzFf5p5uQuAUPdxzoTZwqVU0ib+ckc1y4 ES//3lMRDImSkMcRuVpNNuUlQKXJ7tNp0Gbe5HQjVf2qsbWqpTlV2d8CYlxaBK+ThQPwfrBlPtm D2G/VbQrfPkX5o3ZVo2Wlu//nxok4nc5xQ5S X-Google-Smtp-Source: AGHT+IFpE8VBAaqd4Q1I2eA1CjtwtskJIxiShfpORxS5vtY0T9eLxpjyQB1zLbOdMEi7jFodxl5B+qoUn0nJ X-Received: by 2002:a05:6870:b408:b0:2d9:3868:b324 with SMTP id 586e51a60fabf-2dba43386e6mr4455482fac.23.1746947859966; Sun, 11 May 2025 00:17:39 -0700 (PDT) Received: from postal.iol.unh.edu (postal.iol.unh.edu. [2606:4100:3880:1234::84]) by smtp-relay.gmail.com with ESMTPS id 586e51a60fabf-2dba061c274sm240144fac.1.2025.05.11.00.17.39 (version=TLS1_2 cipher=ECDHE-ECDSA-AES128-GCM-SHA256 bits=128/128); Sun, 11 May 2025 00:17:39 -0700 (PDT) X-Relaying-Domain: iol.unh.edu Date: Sun, 11 May 2025 00:17:39 -0700 (PDT) Message-ID: <68204f13.050a0220.3bcca0.cf21SMTPIN_ADDED_MISSING@mx.google.com> Received: from [172.21.0.5] (unknown [172.18.0.240]) by postal.iol.unh.edu (Postfix) with ESMTP id DF6F16052471; Sun, 11 May 2025 03:17:38 -0400 (EDT) Subject: |FAILURE| [GIT MASTER] 4401486b5e30d43a134f80f9802f60b5f43e74a8 From: dpdklab@iol.unh.edu To: Test Report Cc: dpdk-test-reports@iol.unh.edu, Xueming Li , Christian Ehrhardt , Kevin Traynor , Luca Boccassi Content-Type: text/plain X-BeenThere: test-report@dpdk.org X-Mailman-Version: 2.1.29 Precedence: list List-Id: automatic DPDK test reports List-Unsubscribe: , List-Archive: List-Post: List-Help: List-Subscribe: , Errors-To: test-report-bounces@dpdk.org _Testing issues_ Branch: tags/v22.11 4401486b5e30d43a134f80f9802f60b5f43e74a8 --> testing issues Upstream job id: Generic-Unit-Test-DPDK#337090 Test environment and result as below: +---------------------+----------------+ | Environment | dpdk_unit_test | +=====================+================+ | Fedora 41 | PEND | +---------------------+----------------+ | RHEL8 | PEND | +---------------------+----------------+ | Ubuntu 22.04 | PEND | +---------------------+----------------+ | Fedora 41 (Clang) | PEND | +---------------------+----------------+ | Ubuntu 24.04 | FAIL | +---------------------+----------------+ | RHEL9 | PEND | +---------------------+----------------+ | CentOS Stream 10 | PEND | +---------------------+----------------+ | CentOS Stream 9 | PEND | +---------------------+----------------+ | Fedora 40 (Clang) | PEND | +---------------------+----------------+ | Debian 12 | PEND | +---------------------+----------------+ | Fedora 40 | PEND | +---------------------+----------------+ | Ubuntu 20.04 | PASS | +---------------------+----------------+ | Windows Server 2022 | FAIL | +---------------------+----------------+ ==== Unit test summary for Windows Server 2022 (dpdk_unit_test): ==== Failed to get the unit test results. Displaying the unit test results is not supported for some environments, such as our aarch32 testing, where meson is not used to run the tests. Download the logs available on our CI site. ==== End log output ==== Fedora 41 Kernel: Depends on container host Compiler: gcc 14.2.1 20240912 (Red Hat 14.2.1-3) RHEL8 Kernel: Depends on container host Compiler: gcc 8.5.0 20210514 (Red Hat 8.5.0-22) Ubuntu 22.04 Kernel: Depends on container host Compiler: gcc (Ubuntu 11.4.0-1ubuntu1~22.04) 11.4.0 Fedora 41 (Clang) Kernel: Depends on container host Compiler: clang 19.1.5 (Fedora 19.1.5-1.fc41) Ubuntu 24.04 Kernel: Depends on container host Compiler: gcc (Ubuntu 13.3.0-6ubuntu2~24.04) 13.3.0 RHEL9 Kernel: Depends on container host Compiler: gcc 11.5.0 20240719 (Red Hat 11.5.0-2) CentOS Stream 10 Kernel: Depends on container host Compiler: gcc 14.2.1 20241104 (Red Hat 14.2.1-6) CentOS Stream 9 Kernel: Depends on container host Compiler: gcc 11.5.0 20240719 (Red Hat 11.5.0-2) Fedora 40 (Clang) Kernel: Depends on container host Compiler: clang 18.1.8 (Fedora 18.1.8-1.fc40) Debian 12 Kernel: Depends on container host Compiler: gcc (Debian 12.2.0-14) 12.2.0 Fedora 40 Kernel: Depends on container host Compiler: gcc 14.2.1 20240912 (Red Hat 14.2.1-3) Ubuntu 20.04 Kernel: Depends on container host Compiler: gcc (Ubuntu 9.4.0-1ubuntu1~20.04.2) 9.4.0 Windows Server 2022 Kernel: 10.0.20348.2031 Compiler: clang 15.0.7, gcc 14.1.0 (MinGW), and MSVC VS 19.39.33521 To view detailed results, visit: https://lab.dpdk.org/results/dashboard/tarballs/33500/ UNH-IOL DPDK Community Lab To manage your email subscriptions, visit: https://lab.dpdk.org/results/dashboard/preferences/subscriptions/