From mboxrd@z Thu Jan 1 00:00:00 1970 Return-Path: Received: from mails.dpdk.org (mails.dpdk.org [217.70.189.124]) by inbox.dpdk.org (Postfix) with ESMTP id 483A946718 for ; Sun, 11 May 2025 09:30:42 +0200 (CEST) Received: from mails.dpdk.org (localhost [127.0.0.1]) by mails.dpdk.org (Postfix) with ESMTP id 23E304026C; Sun, 11 May 2025 09:30:42 +0200 (CEST) Received: from mail-il1-f225.google.com (mail-il1-f225.google.com [209.85.166.225]) by mails.dpdk.org (Postfix) with ESMTP id AA8A84026A for ; Sun, 11 May 2025 09:30:41 +0200 (CEST) Received: by mail-il1-f225.google.com with SMTP id e9e14a558f8ab-3d96d16b369so34728735ab.0 for ; Sun, 11 May 2025 00:30:41 -0700 (PDT) DKIM-Signature: v=1; a=rsa-sha256; c=relaxed/relaxed; d=iol.unh.edu; s=unh-iol; t=1746948641; x=1747553441; darn=dpdk.org; h=cc:to:from:subject:message-id:date:from:to:cc:subject:date :message-id:reply-to; bh=yTbENgRocY83sJ/MqsHRkBuZ4WE2U9TEnJIxQSY4Rfo=; b=R9AouMpSO+G7N4OLhck+QLaV0QcLqr++WbOMmlqREnRl5XXH4r7MNF+cz7NgB7cXtk 1+OWyGGYPfpImrxXnbe68dKwBRM5rbM3FlubOlh2GNkYSOBoKl91UqAXWRwaHElskt/x 1olmeHQI1CAyRMfYHcs44UIP39rcZGmfTWmoc= X-Google-DKIM-Signature: v=1; a=rsa-sha256; c=relaxed/relaxed; d=1e100.net; s=20230601; t=1746948641; x=1747553441; h=cc:to:from:subject:message-id:date:x-gm-message-state:from:to:cc :subject:date:message-id:reply-to; bh=yTbENgRocY83sJ/MqsHRkBuZ4WE2U9TEnJIxQSY4Rfo=; b=Zd8wXl/6wllc7y56zCwxOv9OHYciu2qs7FNnDeDd6GHqHJ+Fbii44dxZbJAnvBFAAb Pb/psnR5gMOTqtH+/VOMjQ4kCz41UkQDh5xN7J73VzM9TtjARBFBe+YtcKhZ5iV/46Ql Pjl1zFxQOdPbtn2HVySHSyHoakgfA+h3KVzgimiHJFDxFbaGF54TmxM+STSwFJSjzcCL MzLZl4tt/BFejorQ6OWfy53HVjoTs/35b6KreE9bEqlUeyysCDDcweL02uNw6KUKb79s Nqy6mwBGiIBctvvO8M9ufPdaOWaYrlGblQKdff9mSroLVsquulvTL0GDVJFx8mBQ5od/ 2G3g== X-Gm-Message-State: AOJu0YwvdVVO9nYvGYygVdRSRMAX/M6UmZy1ejaq+WO1PMzZ6VhU4jX3 dG2yAQYN23sBrbK6vksvrqPfeinNsvF/0762m5Xbi7qtwMrlIxxl8Uz6G01vw7ZFFAkf7Ey8E0c HgMXXYGXhcp0Qs5W0hOIkfp6WuI/xITIhzbHMo2n5BxsEcECB X-Gm-Gg: ASbGnct0TozK2vQma23uXGSLM4oUfVlB4QA9G7kDJNmiIleXLiZPnCDokTAxwe1NgLz PsguEjajpDI17aM1fEzNaVfyS5kX2d20RSSMCS7lHdV20HGL+DYvA/ueC7CROr6OnYN5rg3Qn5D LKSU+LKj0p7BIWzqbju1K0rEBzBse3p6h7wDI0I8f9lxRakHgH8szaSGs+/lelX2hufgDQDHMrF NKOeNxC+0oeJwH9KeKaTUtjT9+XUJL7GYRJcNZ5prIYEZznLt9mnTIqUJWoi+82K7gsG/JapVel pEmkW68izyHTSWv1hO/ptvbp+KuQZUVsKfCw X-Google-Smtp-Source: AGHT+IGmwi3CBckSbEaRod+gHVTHajtNFT48tHkpp4Fr7FBNMbXIllb5sBNx+nKD/ZTXe6oBphLSWB0VRjqN X-Received: by 2002:a05:6e02:219c:b0:3d5:eb14:9c85 with SMTP id e9e14a558f8ab-3da7e1e7613mr96814985ab.6.1746948640910; Sun, 11 May 2025 00:30:40 -0700 (PDT) Received: from postal.iol.unh.edu (postal.iol.unh.edu. [2606:4100:3880:1234::84]) by smtp-relay.gmail.com with ESMTPS id e9e14a558f8ab-3da7e114362sm3576245ab.39.2025.05.11.00.30.40 (version=TLS1_2 cipher=ECDHE-ECDSA-AES128-GCM-SHA256 bits=128/128); Sun, 11 May 2025 00:30:40 -0700 (PDT) X-Relaying-Domain: iol.unh.edu Date: Sun, 11 May 2025 00:30:40 -0700 (PDT) Message-ID: <68205220.920a0220.136a03.3614SMTPIN_ADDED_MISSING@mx.google.com> Received: from [172.21.0.6] (unknown [172.18.0.240]) by postal.iol.unh.edu (Postfix) with ESMTP id 5ED1B6052471; Sun, 11 May 2025 03:30:40 -0400 (EDT) Subject: |FAILURE| [GIT MASTER] 4401486b5e30d43a134f80f9802f60b5f43e74a8 From: dpdklab@iol.unh.edu To: Test Report Cc: dpdk-test-reports@iol.unh.edu, Xueming Li , Christian Ehrhardt , Kevin Traynor , Luca Boccassi Content-Type: text/plain X-BeenThere: test-report@dpdk.org X-Mailman-Version: 2.1.29 Precedence: list List-Id: automatic DPDK test reports List-Unsubscribe: , List-Archive: List-Post: List-Help: List-Subscribe: , Errors-To: test-report-bounces@dpdk.org _Testing issues_ Branch: tags/v22.11 4401486b5e30d43a134f80f9802f60b5f43e74a8 --> testing issues Upstream job id: Generic-Unit-Test-DPDK#337089 Test environment and result as below: +---------------------+----------------+ | Environment | dpdk_unit_test | +=====================+================+ | Fedora 41 | FAIL | +---------------------+----------------+ | RHEL8 | FAIL | +---------------------+----------------+ | Ubuntu 22.04 | FAIL | +---------------------+----------------+ | Fedora 41 (Clang) | FAIL | +---------------------+----------------+ | Ubuntu 24.04 | FAIL | +---------------------+----------------+ | RHEL9 | PEND | +---------------------+----------------+ | CentOS Stream 10 | PEND | +---------------------+----------------+ | CentOS Stream 9 | PEND | +---------------------+----------------+ | Fedora 40 (Clang) | PEND | +---------------------+----------------+ | Debian 12 | PEND | +---------------------+----------------+ | Fedora 40 | PEND | +---------------------+----------------+ | Ubuntu 20.04 | PASS | +---------------------+----------------+ | Windows Server 2022 | FAIL | +---------------------+----------------+ ==== Unit test summary for Windows Server 2022 (dpdk_unit_test): ==== Failed to get the unit test results. Displaying the unit test results is not supported for some environments, such as our aarch32 testing, where meson is not used to run the tests. Download the logs available on our CI site. ==== End log output ==== Fedora 41 Kernel: Depends on container host Compiler: gcc 14.2.1 20240912 (Red Hat 14.2.1-3) RHEL8 Kernel: Depends on container host Compiler: gcc 8.5.0 20210514 (Red Hat 8.5.0-22) Ubuntu 22.04 Kernel: Depends on container host Compiler: gcc (Ubuntu 11.4.0-1ubuntu1~22.04) 11.4.0 Fedora 41 (Clang) Kernel: Depends on container host Compiler: clang 19.1.5 (Fedora 19.1.5-1.fc41) Ubuntu 24.04 Kernel: Depends on container host Compiler: gcc (Ubuntu 13.3.0-6ubuntu2~24.04) 13.3.0 RHEL9 Kernel: Depends on container host Compiler: gcc 11.5.0 20240719 (Red Hat 11.5.0-2) CentOS Stream 10 Kernel: Depends on container host Compiler: gcc 14.2.1 20241104 (Red Hat 14.2.1-6) CentOS Stream 9 Kernel: Depends on container host Compiler: gcc 11.5.0 20240719 (Red Hat 11.5.0-2) Fedora 40 (Clang) Kernel: Depends on container host Compiler: clang 18.1.8 (Fedora 18.1.8-1.fc40) Debian 12 Kernel: Depends on container host Compiler: gcc (Debian 12.2.0-14) 12.2.0 Fedora 40 Kernel: Depends on container host Compiler: gcc 14.2.1 20240912 (Red Hat 14.2.1-3) Ubuntu 20.04 Kernel: Depends on container host Compiler: gcc (Ubuntu 9.4.0-1ubuntu1~20.04.2) 9.4.0 Windows Server 2022 Kernel: 10.0.20348.2031 Compiler: clang 15.0.7, gcc 14.1.0 (MinGW), and MSVC VS 19.39.33521 To view detailed results, visit: https://lab.dpdk.org/results/dashboard/tarballs/33500/ UNH-IOL DPDK Community Lab To manage your email subscriptions, visit: https://lab.dpdk.org/results/dashboard/preferences/subscriptions/