From mboxrd@z Thu Jan 1 00:00:00 1970 Return-Path: Received: from mails.dpdk.org (mails.dpdk.org [217.70.189.124]) by inbox.dpdk.org (Postfix) with ESMTP id B51C946718 for ; Sun, 11 May 2025 09:48:06 +0200 (CEST) Received: from mails.dpdk.org (localhost [127.0.0.1]) by mails.dpdk.org (Postfix) with ESMTP id 8FBC34026C; Sun, 11 May 2025 09:48:06 +0200 (CEST) Received: from mail-ot1-f99.google.com (mail-ot1-f99.google.com [209.85.210.99]) by mails.dpdk.org (Postfix) with ESMTP id D6FFF4026A for ; Sun, 11 May 2025 09:48:05 +0200 (CEST) Received: by mail-ot1-f99.google.com with SMTP id 46e09a7af769-72c0b4a038fso2256459a34.0 for ; Sun, 11 May 2025 00:48:05 -0700 (PDT) DKIM-Signature: v=1; a=rsa-sha256; c=relaxed/relaxed; d=iol.unh.edu; s=unh-iol; t=1746949685; x=1747554485; darn=dpdk.org; h=cc:to:from:subject:message-id:date:from:to:cc:subject:date :message-id:reply-to; bh=PZIKVVTTXQx1cc2aq4UxyE//+Qz1k0iShQLzEp9FQug=; b=haLf55iBt45kq0cgCRV2ee2+fHfp4kVdTiOpiOi2gdFlo18BfhLO/z34uwNUwb0pMv AeGUqaZA9d6KglE13hQALT7qS8GDIkHQI0eaVUbweaNBgU68mSTuQ1G6NweVGCFBgm9t FQ4WNdyduhEP6ygwi5/UCG+5pU6ICQFiZwFlU= X-Google-DKIM-Signature: v=1; a=rsa-sha256; c=relaxed/relaxed; d=1e100.net; s=20230601; t=1746949685; x=1747554485; h=cc:to:from:subject:message-id:date:x-gm-message-state:from:to:cc :subject:date:message-id:reply-to; bh=PZIKVVTTXQx1cc2aq4UxyE//+Qz1k0iShQLzEp9FQug=; b=fXeu68LcyaSEBymZ6ZCMVZ9Q7ZhXo2YEWfkDnAWP4lVMWvzLj2M29Yv1BzwiVdveIF B1qUOohq3ub4o2tn9/r4gm9kgXd7tCtre15hh8vgFyPc3h+RsuAER5BHRkX4QDXNr5Uw xktnsgemww/2rlvcpEqysuETPz/by8iEU750hvEBmS+iO7y5/J+1NQHbhi1Pgp2thkX4 i7IiE/UAO2LzpDllSH0ACAQmB352ufJJ0rOB/xf59jk+mqMc/ok8CVEsCksE5dn5nyOh kvAEtgXALFRaDAu00AN+jLg1zeFKsmKA3GmQ+b5xOReZ1F/hBrmd675YnWayZKrBja3i /+vg== X-Gm-Message-State: AOJu0YyU7QCQm2dRLmVTFqGLJOU8F7km1A4tKPK6I7xFlGeee+8O5Rbu 9TMNWUk1/PFC4PMdlcoZpIBWi3hCZxX9IZKkJPW7pmy7AZYNfBaIcLyjeoH8AFJh6wrHLOPmWJq AWtr4zRCSZVApjzBAtRWBQODq7bH0P5IdOrnazsNjpHPEDca3 X-Gm-Gg: ASbGncst9rc+Ae54vsnmPopQ6xTz3YO8bMX+zc84E/ZNyKd/3aKkctbe9eXxwNZhKZd ulCEUsqFjdkERvLBHOX7sAKR0ZCc3o4o9DxdIoEzuW1DXYgiggemPQF9qEynprCSj0tcbCArcJ2 me2ELWJABHosepJZLscS7sCfvtnotJxWZq1vgvq9WSwIhaD5gLoK91cm3V3d3WmXh8AKUsjqvuO H45tyzB8MtAYbgl6N9stDHs7gbo+kadpK4FpBBG/r+b83Xzdz8Dbhbxoo/ZZPgb/je4IDHcBQiG mg/AtAw9JURwylCqLQPYWvkZLI5TePVziJ2C X-Google-Smtp-Source: AGHT+IFSHcPl4Wy96Jcb/IwVnWBd8KEizNiE2GqPKR3+5DCa0sg6vePIYQtq9h79WeU36gG63FYZi1/r+pFc X-Received: by 2002:a05:6830:6611:b0:72a:3a7:a07c with SMTP id 46e09a7af769-732269f88d3mr6838997a34.13.1746949684979; Sun, 11 May 2025 00:48:04 -0700 (PDT) Received: from postal.iol.unh.edu (postal.iol.unh.edu. [2606:4100:3880:1234::84]) by smtp-relay.gmail.com with ESMTPS id 46e09a7af769-732265b5efesm142526a34.10.2025.05.11.00.48.04 (version=TLS1_2 cipher=ECDHE-ECDSA-AES128-GCM-SHA256 bits=128/128); Sun, 11 May 2025 00:48:04 -0700 (PDT) X-Relaying-Domain: iol.unh.edu Date: Sun, 11 May 2025 00:48:04 -0700 (PDT) Message-ID: <68205634.050a0220.bdaaa.781fSMTPIN_ADDED_MISSING@mx.google.com> Received: from [172.17.0.3] (unknown [172.18.0.74]) by postal.iol.unh.edu (Postfix) with ESMTP id 6C66A6052471; Sun, 11 May 2025 03:48:04 -0400 (EDT) Subject: |FAILURE| [GIT MASTER] 4401486b5e30d43a134f80f9802f60b5f43e74a8 From: dpdklab@iol.unh.edu To: Test Report Cc: dpdk-test-reports@iol.unh.edu, Xueming Li , Christian Ehrhardt , Kevin Traynor , Luca Boccassi Content-Type: text/plain X-BeenThere: test-report@dpdk.org X-Mailman-Version: 2.1.29 Precedence: list List-Id: automatic DPDK test reports List-Unsubscribe: , List-Archive: List-Post: List-Help: List-Subscribe: , Errors-To: test-report-bounces@dpdk.org _Testing issues_ Branch: tags/v22.11 4401486b5e30d43a134f80f9802f60b5f43e74a8 --> testing issues Upstream job id: Generic-Unit-Test-DPDK#337079 Test environment and result as below: +---------------------+----------------+ | Environment | dpdk_unit_test | +=====================+================+ | Fedora 41 | FAIL | +---------------------+----------------+ | RHEL8 | FAIL | +---------------------+----------------+ | Ubuntu 22.04 | FAIL | +---------------------+----------------+ | Fedora 41 (Clang) | FAIL | +---------------------+----------------+ | Ubuntu 24.04 | FAIL | +---------------------+----------------+ | RHEL9 | PEND | +---------------------+----------------+ | CentOS Stream 10 | PEND | +---------------------+----------------+ | CentOS Stream 9 | FAIL | +---------------------+----------------+ | Fedora 40 (Clang) | PEND | +---------------------+----------------+ | Debian 12 | PEND | +---------------------+----------------+ | Fedora 40 | PEND | +---------------------+----------------+ | Ubuntu 20.04 | PASS | +---------------------+----------------+ | Windows Server 2022 | FAIL | +---------------------+----------------+ ==== Unit test summary for Windows Server 2022 (dpdk_unit_test): ==== Failed to get the unit test results. Displaying the unit test results is not supported for some environments, such as our aarch32 testing, where meson is not used to run the tests. Download the logs available on our CI site. ==== End log output ==== Fedora 41 Kernel: Depends on container host Compiler: gcc 14.2.1 20240912 (Red Hat 14.2.1-3) RHEL8 Kernel: Depends on container host Compiler: gcc 8.5.0 20210514 (Red Hat 8.5.0-22) Ubuntu 22.04 Kernel: Depends on container host Compiler: gcc (Ubuntu 11.4.0-1ubuntu1~22.04) 11.4.0 Fedora 41 (Clang) Kernel: Depends on container host Compiler: clang 19.1.5 (Fedora 19.1.5-1.fc41) Ubuntu 24.04 Kernel: Depends on container host Compiler: gcc (Ubuntu 13.3.0-6ubuntu2~24.04) 13.3.0 RHEL9 Kernel: Depends on container host Compiler: gcc 11.5.0 20240719 (Red Hat 11.5.0-2) CentOS Stream 10 Kernel: Depends on container host Compiler: gcc 14.2.1 20241104 (Red Hat 14.2.1-6) CentOS Stream 9 Kernel: Depends on container host Compiler: gcc 11.5.0 20240719 (Red Hat 11.5.0-2) Fedora 40 (Clang) Kernel: Depends on container host Compiler: clang 18.1.8 (Fedora 18.1.8-1.fc40) Debian 12 Kernel: Depends on container host Compiler: gcc (Debian 12.2.0-14) 12.2.0 Fedora 40 Kernel: Depends on container host Compiler: gcc 14.2.1 20240912 (Red Hat 14.2.1-3) Ubuntu 20.04 Kernel: Depends on container host Compiler: gcc (Ubuntu 9.4.0-1ubuntu1~20.04.2) 9.4.0 Windows Server 2022 Kernel: 10.0.20348.2031 Compiler: clang 15.0.7, gcc 14.1.0 (MinGW), and MSVC VS 19.39.33521 To view detailed results, visit: https://lab.dpdk.org/results/dashboard/tarballs/33500/ UNH-IOL DPDK Community Lab To manage your email subscriptions, visit: https://lab.dpdk.org/results/dashboard/preferences/subscriptions/