From mboxrd@z Thu Jan 1 00:00:00 1970 Return-Path: Received: from mails.dpdk.org (mails.dpdk.org [217.70.189.124]) by inbox.dpdk.org (Postfix) with ESMTP id 1079146718 for ; Sun, 11 May 2025 09:50:58 +0200 (CEST) Received: from mails.dpdk.org (localhost [127.0.0.1]) by mails.dpdk.org (Postfix) with ESMTP id E080D4026C; Sun, 11 May 2025 09:50:57 +0200 (CEST) Received: from mail-yw1-f228.google.com (mail-yw1-f228.google.com [209.85.128.228]) by mails.dpdk.org (Postfix) with ESMTP id 5C6454026A for ; Sun, 11 May 2025 09:50:56 +0200 (CEST) Received: by mail-yw1-f228.google.com with SMTP id 00721157ae682-708b9b5299eso29071007b3.3 for ; Sun, 11 May 2025 00:50:56 -0700 (PDT) DKIM-Signature: v=1; a=rsa-sha256; c=relaxed/relaxed; d=iol.unh.edu; s=unh-iol; t=1746949855; x=1747554655; darn=dpdk.org; h=cc:to:from:subject:message-id:date:from:to:cc:subject:date :message-id:reply-to; bh=oE3hhx4+A35I8/S42himHZdIc7xRippDVlNwwbXc/D4=; b=NrWRqV0OZ1d+A03gPmoELqvC7q9CN1dfGC/sreqevlCxHyEsg63B9vF3BSBqL6TP6m I6Rcs/JdAFivAYan0sgBbeZF8duPedeT68VU6ULg1F028Dbz1L+JgRCRLnXidEkCkhq3 IZlPMSzgQElFD4nb5fwZmxuI1iclIEFpOU6N0= X-Google-DKIM-Signature: v=1; a=rsa-sha256; c=relaxed/relaxed; d=1e100.net; s=20230601; t=1746949855; x=1747554655; h=cc:to:from:subject:message-id:date:x-gm-message-state:from:to:cc :subject:date:message-id:reply-to; bh=oE3hhx4+A35I8/S42himHZdIc7xRippDVlNwwbXc/D4=; b=PReCzERK70VWv+qHT150itb/IqVWg+8TJYwJ30JuBF1D+VLKykChEmeMojxTH8mZJT 83FpblwHNDeSiFrauZxoh+/yba74CLCg0MXeH4Qz+6YuA/sv55eZLEwRTKdRSI9LuBwr ubborJ2vGbzVb7s3WPPUOxHuf9RWg8OKKYLs9c2+POtuL+EB44IMxtVda5730Xq3vdfP mZLN52fc9nAkVPHqTz1Xls7rnWGq5kbbE853eWBBjQ+e0LJSYlJOWkbQoQxU9HxhVVPI R+Oa/gvb+dtKtW8nmb3HX7xSgxNEBfTiRYZdGSJ+huiYJ1l+ay0gqM+w6tXQZt06unTQ Upbg== X-Gm-Message-State: AOJu0YwcX72e90EdXDQ83fVHNvPdDjx4ruuqSI7AJnA3l1vjxhE160pD 9uyKnMc6PCM7MFbtXI9QenFAYPael8yQqykpKnkoBwK8tvmBqoA7xEwrS9BN7aRQgm7woJf997M 0Z+rcSKwYgpAht/dTnF/nsFdQ7PIwekal X-Gm-Gg: ASbGnctP3PvvxESt8ughV5Fk3d3gQDNheaUHHAP8TRAEJTeulupZh3BY5mgNHM1Syfo pn9qgJ6W0iUvOeHqdkhvGHPMll/HLCf7UBJoniYVLvaY0RsYkQ7+UCp/pwies19+nZCoXS/YD8s 8NHUgjNe+ciDI1QBgf4TefwY7cuKB/7toD9+QKAzVnNOta6ao3O3uifM0o0Pm2RwcGn4nPFnthQ HuqHgmWBeV5VcIXmXekAF0E/UeRI232sdnCLkXzgrL9cKH3g725IdNBATKVpNeYjCVFaB6EqqXj XF6QkO7+0imXanWI67+edyTjnI2auqn37R+cG5aGea3Tq2Mmru6HPCJSbZs= X-Google-Smtp-Source: AGHT+IFFr9X9CqXUsFjC41ZqmsNkGVNFz/36TylrfObhSX+UbQzjB9jqOqyuT80uCAYaihzgEcH+SCI0GmaY X-Received: by 2002:a05:690c:4d41:b0:6ff:1d6f:38af with SMTP id 00721157ae682-70a3f9ed3f5mr108747307b3.4.1746949855610; Sun, 11 May 2025 00:50:55 -0700 (PDT) Received: from postal.iol.unh.edu (postal.iol.unh.edu. [132.177.123.84]) by smtp-relay.gmail.com with ESMTPS id 00721157ae682-70a3d731095sm3580417b3.3.2025.05.11.00.50.55 (version=TLS1_2 cipher=ECDHE-ECDSA-AES128-GCM-SHA256 bits=128/128); Sun, 11 May 2025 00:50:55 -0700 (PDT) X-Relaying-Domain: iol.unh.edu Date: Sun, 11 May 2025 00:50:55 -0700 (PDT) Message-ID: <682056df.0d0a0220.ad35a.3bbcSMTPIN_ADDED_MISSING@mx.google.com> Received: from [172.17.0.3] (unknown [172.18.0.74]) by postal.iol.unh.edu (Postfix) with ESMTP id 515A96052471; Sun, 11 May 2025 03:50:55 -0400 (EDT) Subject: |FAILURE| [GIT MASTER] 4401486b5e30d43a134f80f9802f60b5f43e74a8 From: dpdklab@iol.unh.edu To: Test Report Cc: dpdk-test-reports@iol.unh.edu, Xueming Li , Christian Ehrhardt , Kevin Traynor , Luca Boccassi Content-Type: text/plain X-BeenThere: test-report@dpdk.org X-Mailman-Version: 2.1.29 Precedence: list List-Id: automatic DPDK test reports List-Unsubscribe: , List-Archive: List-Post: List-Help: List-Subscribe: , Errors-To: test-report-bounces@dpdk.org _Testing issues_ Branch: tags/v22.11 4401486b5e30d43a134f80f9802f60b5f43e74a8 --> testing issues Upstream job id: Generic-Unit-Test-DPDK#337081 Test environment and result as below: +---------------------+----------------+ | Environment | dpdk_unit_test | +=====================+================+ | Fedora 41 | FAIL | +---------------------+----------------+ | RHEL8 | FAIL | +---------------------+----------------+ | Ubuntu 22.04 | FAIL | +---------------------+----------------+ | Fedora 41 (Clang) | FAIL | +---------------------+----------------+ | Ubuntu 24.04 | FAIL | +---------------------+----------------+ | RHEL9 | FAIL | +---------------------+----------------+ | CentOS Stream 10 | PEND | +---------------------+----------------+ | CentOS Stream 9 | FAIL | +---------------------+----------------+ | Fedora 40 (Clang) | PEND | +---------------------+----------------+ | Debian 12 | FAIL | +---------------------+----------------+ | Fedora 40 | PEND | +---------------------+----------------+ | Ubuntu 20.04 | PASS | +---------------------+----------------+ | Windows Server 2022 | FAIL | +---------------------+----------------+ ==== Unit test summary for Windows Server 2022 (dpdk_unit_test): ==== Failed to get the unit test results. Displaying the unit test results is not supported for some environments, such as our aarch32 testing, where meson is not used to run the tests. Download the logs available on our CI site. ==== End log output ==== Fedora 41 Kernel: Depends on container host Compiler: gcc 14.2.1 20240912 (Red Hat 14.2.1-3) RHEL8 Kernel: Depends on container host Compiler: gcc 8.5.0 20210514 (Red Hat 8.5.0-22) Ubuntu 22.04 Kernel: Depends on container host Compiler: gcc (Ubuntu 11.4.0-1ubuntu1~22.04) 11.4.0 Fedora 41 (Clang) Kernel: Depends on container host Compiler: clang 19.1.5 (Fedora 19.1.5-1.fc41) Ubuntu 24.04 Kernel: Depends on container host Compiler: gcc (Ubuntu 13.3.0-6ubuntu2~24.04) 13.3.0 RHEL9 Kernel: Depends on container host Compiler: gcc 11.5.0 20240719 (Red Hat 11.5.0-2) CentOS Stream 10 Kernel: Depends on container host Compiler: gcc 14.2.1 20241104 (Red Hat 14.2.1-6) CentOS Stream 9 Kernel: Depends on container host Compiler: gcc 11.5.0 20240719 (Red Hat 11.5.0-2) Fedora 40 (Clang) Kernel: Depends on container host Compiler: clang 18.1.8 (Fedora 18.1.8-1.fc40) Debian 12 Kernel: Depends on container host Compiler: gcc (Debian 12.2.0-14) 12.2.0 Fedora 40 Kernel: Depends on container host Compiler: gcc 14.2.1 20240912 (Red Hat 14.2.1-3) Ubuntu 20.04 Kernel: Depends on container host Compiler: gcc (Ubuntu 9.4.0-1ubuntu1~20.04.2) 9.4.0 Windows Server 2022 Kernel: 10.0.20348.2031 Compiler: clang 15.0.7, gcc 14.1.0 (MinGW), and MSVC VS 19.39.33521 To view detailed results, visit: https://lab.dpdk.org/results/dashboard/tarballs/33500/ UNH-IOL DPDK Community Lab To manage your email subscriptions, visit: https://lab.dpdk.org/results/dashboard/preferences/subscriptions/