From mboxrd@z Thu Jan 1 00:00:00 1970 Return-Path: Received: from mails.dpdk.org (mails.dpdk.org [217.70.189.124]) by inbox.dpdk.org (Postfix) with ESMTP id 44A7246718 for ; Sun, 11 May 2025 09:54:25 +0200 (CEST) Received: from mails.dpdk.org (localhost [127.0.0.1]) by mails.dpdk.org (Postfix) with ESMTP id 3F8CA40277; Sun, 11 May 2025 09:54:25 +0200 (CEST) Received: from mail-qv1-f99.google.com (mail-qv1-f99.google.com [209.85.219.99]) by mails.dpdk.org (Postfix) with ESMTP id 269444026A for ; Sun, 11 May 2025 09:54:24 +0200 (CEST) Received: by mail-qv1-f99.google.com with SMTP id 6a1803df08f44-6f53d271b7cso31857946d6.2 for ; Sun, 11 May 2025 00:54:24 -0700 (PDT) DKIM-Signature: v=1; a=rsa-sha256; c=relaxed/relaxed; d=iol.unh.edu; s=unh-iol; t=1746950063; x=1747554863; darn=dpdk.org; h=cc:to:from:subject:message-id:date:from:to:cc:subject:date :message-id:reply-to; bh=Wgov2NLYYWkI2mFkoAvY3Q+YPgZl8bJF/DheUd1Sp7U=; b=P3BOWk3u/xM0n00vSVQIl5Bu2t7ZfOftqjp4n12gkWoHPJiHMyhqfMT8FT+SShQOMp eFUIR7jmxnedMeVv4Ya5+mKhl3sn5Y19j+GJWiX/wobO3oN5E5fxMiIbtogTJMbgSdse Mb7Q4p34DqwXf7t168OHfnSQyeLOMEdml0mr4= X-Google-DKIM-Signature: v=1; a=rsa-sha256; c=relaxed/relaxed; d=1e100.net; s=20230601; t=1746950063; x=1747554863; h=cc:to:from:subject:message-id:date:x-gm-message-state:from:to:cc :subject:date:message-id:reply-to; bh=Wgov2NLYYWkI2mFkoAvY3Q+YPgZl8bJF/DheUd1Sp7U=; b=v/NpW0KjOIXT5xfStcVR4CGXcHijuDBBebtXsBM8pf1p3zuR4ciDjmieYKHav207+j WfYLwWgHu4PFcDJs3p97mEZzBNrzfO052JqS04xtux0qP0P0S2Esheo3Q9zasMy1g5C3 ER6AemAMX9p3YGPnb3VF5cJoKFyA3yc/2ER3622hJ1hTi9o2X008Vvj3RgSSBxq87pqx p6ptVDDCj2Rj3zIbM//DbB6Fkmu2FYvkpA2hD9ON574QyEGF823FacmMC91JvUprFwZM VrbJPsRbLV1By87lvySMlQ0zESzq5N4ODv/qwfwhYntNeSBuejgxm4ma9QEBmRtRzmHu cFKQ== X-Gm-Message-State: AOJu0YyQyUkPWrGalByJhhjKrSlyVt/TDkIBOzyKspmuDVDOwRyYKgYg ppzvUStUqcRWLh+1gporVjRCYBJ3ykq/zMMSDsv3IoyF2btR2zT/IU+2KQGF2Gqgk9JqdcbDaEH jpjQyACbPHpMpGwl6VC+m7BpnmOL+vZ7zkmve9qxcRLECrChO X-Gm-Gg: ASbGncuNpmEtZnmnZIWvKlX78qjzMTeArHd4PCVZQdQOyqf/3q7EragaDtw6BlBVaM5 KWsYPVXMmmeXyBLXloW0hqyXvz/OfoaCxVZOKEyuRIoQZ8QO7NOCo7Hvrhe1Mb9RrTmjRk4nvoU iVQu2MPh3n95WrTdj50/NvHPKaz3EtCj9ILEcUJJpN0j1WbYMGmMqD6ShfvTUGHU+yWv6T083ZZ vFFXPRhtQDyAlHKohGS9dWzkomSbRx36eX2PFbXQ0B1gX/1og83NcXFxipDIkP44ud3DcOblPMN i4SmKXASNt6kNKwWRhxekixZqZeqx+3moBij X-Google-Smtp-Source: AGHT+IFhi1OPk1z4tQU6pF9Z0APn1X4ESnMUPAecGPvZcaCn6W0boUTymsPd2tPQVJolz3hcQKPFC5eUCwn9 X-Received: by 2002:a05:6214:300e:b0:6e8:9bcd:bba6 with SMTP id 6a1803df08f44-6f6e47ba09cmr160733136d6.7.1746950063564; Sun, 11 May 2025 00:54:23 -0700 (PDT) Received: from postal.iol.unh.edu (postal.iol.unh.edu. [2606:4100:3880:1234::84]) by smtp-relay.gmail.com with ESMTPS id 6a1803df08f44-6f6e39e7d61sm3224356d6.6.2025.05.11.00.54.23 (version=TLS1_2 cipher=ECDHE-ECDSA-AES128-GCM-SHA256 bits=128/128); Sun, 11 May 2025 00:54:23 -0700 (PDT) X-Relaying-Domain: iol.unh.edu Date: Sun, 11 May 2025 00:54:23 -0700 (PDT) Message-ID: <682057af.050a0220.7268c.1aacSMTPIN_ADDED_MISSING@mx.google.com> Received: from [172.17.0.3] (unknown [172.18.0.74]) by postal.iol.unh.edu (Postfix) with ESMTP id 494456052471; Sun, 11 May 2025 03:54:23 -0400 (EDT) Subject: |FAILURE| [GIT MASTER] 4401486b5e30d43a134f80f9802f60b5f43e74a8 From: dpdklab@iol.unh.edu To: Test Report Cc: dpdk-test-reports@iol.unh.edu, Xueming Li , Christian Ehrhardt , Kevin Traynor , Luca Boccassi Content-Type: text/plain X-BeenThere: test-report@dpdk.org X-Mailman-Version: 2.1.29 Precedence: list List-Id: automatic DPDK test reports List-Unsubscribe: , List-Archive: List-Post: List-Help: List-Subscribe: , Errors-To: test-report-bounces@dpdk.org _Testing issues_ Branch: tags/v22.11 4401486b5e30d43a134f80f9802f60b5f43e74a8 --> testing issues Upstream job id: Generic-Unit-Test-DPDK#337083 Test environment and result as below: +---------------------+----------------+ | Environment | dpdk_unit_test | +=====================+================+ | Fedora 41 | FAIL | +---------------------+----------------+ | RHEL8 | FAIL | +---------------------+----------------+ | Ubuntu 22.04 | FAIL | +---------------------+----------------+ | Fedora 41 (Clang) | FAIL | +---------------------+----------------+ | Ubuntu 24.04 | FAIL | +---------------------+----------------+ | RHEL9 | FAIL | +---------------------+----------------+ | CentOS Stream 10 | FAIL | +---------------------+----------------+ | CentOS Stream 9 | FAIL | +---------------------+----------------+ | Fedora 40 (Clang) | FAIL | +---------------------+----------------+ | Debian 12 | FAIL | +---------------------+----------------+ | Fedora 40 | PEND | +---------------------+----------------+ | Ubuntu 20.04 | PASS | +---------------------+----------------+ | Windows Server 2022 | FAIL | +---------------------+----------------+ ==== Unit test summary for Windows Server 2022 (dpdk_unit_test): ==== Failed to get the unit test results. Displaying the unit test results is not supported for some environments, such as our aarch32 testing, where meson is not used to run the tests. Download the logs available on our CI site. ==== End log output ==== Fedora 41 Kernel: Depends on container host Compiler: gcc 14.2.1 20240912 (Red Hat 14.2.1-3) RHEL8 Kernel: Depends on container host Compiler: gcc 8.5.0 20210514 (Red Hat 8.5.0-22) Ubuntu 22.04 Kernel: Depends on container host Compiler: gcc (Ubuntu 11.4.0-1ubuntu1~22.04) 11.4.0 Fedora 41 (Clang) Kernel: Depends on container host Compiler: clang 19.1.5 (Fedora 19.1.5-1.fc41) Ubuntu 24.04 Kernel: Depends on container host Compiler: gcc (Ubuntu 13.3.0-6ubuntu2~24.04) 13.3.0 RHEL9 Kernel: Depends on container host Compiler: gcc 11.5.0 20240719 (Red Hat 11.5.0-2) CentOS Stream 10 Kernel: Depends on container host Compiler: gcc 14.2.1 20241104 (Red Hat 14.2.1-6) CentOS Stream 9 Kernel: Depends on container host Compiler: gcc 11.5.0 20240719 (Red Hat 11.5.0-2) Fedora 40 (Clang) Kernel: Depends on container host Compiler: clang 18.1.8 (Fedora 18.1.8-1.fc40) Debian 12 Kernel: Depends on container host Compiler: gcc (Debian 12.2.0-14) 12.2.0 Fedora 40 Kernel: Depends on container host Compiler: gcc 14.2.1 20240912 (Red Hat 14.2.1-3) Ubuntu 20.04 Kernel: Depends on container host Compiler: gcc (Ubuntu 9.4.0-1ubuntu1~20.04.2) 9.4.0 Windows Server 2022 Kernel: 10.0.20348.2031 Compiler: clang 15.0.7, gcc 14.1.0 (MinGW), and MSVC VS 19.39.33521 To view detailed results, visit: https://lab.dpdk.org/results/dashboard/tarballs/33500/ UNH-IOL DPDK Community Lab To manage your email subscriptions, visit: https://lab.dpdk.org/results/dashboard/preferences/subscriptions/