From mboxrd@z Thu Jan 1 00:00:00 1970 Return-Path: Received: from mails.dpdk.org (mails.dpdk.org [217.70.189.124]) by inbox.dpdk.org (Postfix) with ESMTP id 96DC34671A for ; Sun, 11 May 2025 10:08:41 +0200 (CEST) Received: from mails.dpdk.org (localhost [127.0.0.1]) by mails.dpdk.org (Postfix) with ESMTP id 6A00A4026C; Sun, 11 May 2025 10:08:41 +0200 (CEST) Received: from mail-pj1-f97.google.com (mail-pj1-f97.google.com [209.85.216.97]) by mails.dpdk.org (Postfix) with ESMTP id A5E704026A for ; Sun, 11 May 2025 10:08:40 +0200 (CEST) Received: by mail-pj1-f97.google.com with SMTP id 98e67ed59e1d1-30abb2d5663so3408493a91.2 for ; Sun, 11 May 2025 01:08:40 -0700 (PDT) DKIM-Signature: v=1; a=rsa-sha256; c=relaxed/relaxed; d=iol.unh.edu; s=unh-iol; t=1746950919; x=1747555719; darn=dpdk.org; h=cc:to:from:subject:message-id:date:from:to:cc:subject:date :message-id:reply-to; bh=mwtWb86mJHogB1eq2EFrR+FhVko0GksWMvSWAAtyW3Q=; b=VwZUG6zRHe8GzPrhXU7v7LyXgX/picOWfSArQer8sIhPOu3IPDC1k0OxxiLbcpJ7pZ QAKM3bOsi7WyKt3jXNdz2SvdF8Iu3dJCXgw3HFk5vjs9f2tQIdonUO/+VYvpgoLLqpdq 7Zt6QgFK2f/wDogaTi4R8xixG5ytZykfuhVHE= X-Google-DKIM-Signature: v=1; a=rsa-sha256; c=relaxed/relaxed; d=1e100.net; s=20230601; t=1746950919; x=1747555719; h=cc:to:from:subject:message-id:date:x-gm-message-state:from:to:cc :subject:date:message-id:reply-to; bh=mwtWb86mJHogB1eq2EFrR+FhVko0GksWMvSWAAtyW3Q=; b=J7B46FLa+H73xtke7wDBTzjvR1yphFeCTv1hMtrbh4292sL8AB+y7sbUla2fMJ7Bxw VwCQ7ZLShInoZZSOJO/2+W58NF+2r0IFW9be9l3ITIt6EPcxUjLCmXKeVPPGS3NmIyni GeBZV4dH1uB+M/xwqQ/hDgz50gblrAKQCyaTE/sUjfrjBqrQzUiQ/lAfCp6pWD0G4RY3 +zVMFSdwjhORSOZz3JRgZDX0/VGT5Gcl1jctQ3IVS5CbjFbRYgHNWTAVGnCCIHdNcoH3 PRY2NL3m7CMIluJqa0FqN56nFccAQjny/N7WJ13GJALw8fW5rv+GctinAHQx1nFrjvQ7 Ddhw== X-Gm-Message-State: AOJu0YwjTAUKFx9lkG9xbqVrR8UpAeJMMyXxMJKTBnck7w5yywJ7RkTc d8EiLWapx9L4Rb19R+lZqWvwCRzK+8ZM0Y/lq1DmRe5sIoscOrkiGXQWkMneODfB8VDk1ZCS6Yq NJ5ekmPhfe2hv510T+nEyillXs+CFwqdz X-Gm-Gg: ASbGncseiCk4RC21pgv7JUmzLbvlwjYeoILMS78+IP0G2VhFrHldhoK3AtMDTnTTHEc zwR1uBx/OIZhvzvjCA3xcVVdUD9b+ZWor7qyhX59czGgJRq2Q+Ysw6ApCEZc1drnB9Gugybq54X kuuVX//OQuvaHTOu55m8x1sN4sD76pgb9A0XZVht0B2pYDjLLXtHXZtHjjsA3G29RTlx5TZXRf7 tdwl2Mfcgk2WjuMC90QLDv4hR9ombE7RN4XWgZW+T5ApiEIXyWTT68FAAf7Hbm9unxPu+aVVWZE HsO5TUPJnJobYXaSRXK4xFGKllHtSbCO9QhgP7/KCJRQC7WCf/T9P/mPkVM= X-Google-Smtp-Source: AGHT+IEoBs/RjGjEGq4cyTFtPagZG54fLxCszH0Vxj47APuar8EEsxXz2cWgVFXdrHlHB5v9M06qzrxR/1Wj X-Received: by 2002:a17:90b:38c9:b0:2fe:85f0:e115 with SMTP id 98e67ed59e1d1-30c3d62975fmr11238088a91.26.1746950919325; Sun, 11 May 2025 01:08:39 -0700 (PDT) Received: from postal.iol.unh.edu (postal.iol.unh.edu. [132.177.123.84]) by smtp-relay.gmail.com with ESMTPS id 98e67ed59e1d1-30c519dba91sm275238a91.9.2025.05.11.01.08.39 (version=TLS1_2 cipher=ECDHE-ECDSA-AES128-GCM-SHA256 bits=128/128); Sun, 11 May 2025 01:08:39 -0700 (PDT) X-Relaying-Domain: iol.unh.edu Date: Sun, 11 May 2025 01:08:39 -0700 (PDT) Message-ID: <68205b07.170a0220.310794.f286SMTPIN_ADDED_MISSING@mx.google.com> Received: from [172.17.0.2] (unknown [172.18.0.76]) by postal.iol.unh.edu (Postfix) with ESMTP id 74F436052471; Sun, 11 May 2025 04:08:38 -0400 (EDT) Subject: |FAILURE| [GIT MASTER] 4401486b5e30d43a134f80f9802f60b5f43e74a8 From: dpdklab@iol.unh.edu To: Test Report Cc: dpdk-test-reports@iol.unh.edu, Xueming Li , Christian Ehrhardt , Kevin Traynor , Luca Boccassi Content-Type: text/plain X-BeenThere: test-report@dpdk.org X-Mailman-Version: 2.1.29 Precedence: list List-Id: automatic DPDK test reports List-Unsubscribe: , List-Archive: List-Post: List-Help: List-Subscribe: , Errors-To: test-report-bounces@dpdk.org _Testing issues_ Branch: tags/v22.11 4401486b5e30d43a134f80f9802f60b5f43e74a8 --> testing issues Upstream job id: Generic-Unit-Test-DPDK#337088 Test environment and result as below: +---------------------+----------------+ | Environment | dpdk_unit_test | +=====================+================+ | Fedora 41 | FAIL | +---------------------+----------------+ | RHEL8 | FAIL | +---------------------+----------------+ | Ubuntu 22.04 | FAIL | +---------------------+----------------+ | Fedora 41 (Clang) | FAIL | +---------------------+----------------+ | Ubuntu 24.04 | FAIL | +---------------------+----------------+ | RHEL9 | FAIL | +---------------------+----------------+ | CentOS Stream 10 | FAIL | +---------------------+----------------+ | CentOS Stream 9 | FAIL | +---------------------+----------------+ | Fedora 40 (Clang) | FAIL | +---------------------+----------------+ | Debian 12 | FAIL | +---------------------+----------------+ | Fedora 40 | PEND | +---------------------+----------------+ | Ubuntu 20.04 | PASS | +---------------------+----------------+ | Windows Server 2022 | FAIL | +---------------------+----------------+ ==== Unit test summary for Windows Server 2022 (dpdk_unit_test): ==== Failed to get the unit test results. Displaying the unit test results is not supported for some environments, such as our aarch32 testing, where meson is not used to run the tests. Download the logs available on our CI site. ==== End log output ==== Fedora 41 Kernel: Depends on container host Compiler: gcc 14.2.1 20240912 (Red Hat 14.2.1-3) RHEL8 Kernel: Depends on container host Compiler: gcc 8.5.0 20210514 (Red Hat 8.5.0-22) Ubuntu 22.04 Kernel: Depends on container host Compiler: gcc (Ubuntu 11.4.0-1ubuntu1~22.04) 11.4.0 Fedora 41 (Clang) Kernel: Depends on container host Compiler: clang 19.1.5 (Fedora 19.1.5-1.fc41) Ubuntu 24.04 Kernel: Depends on container host Compiler: gcc (Ubuntu 13.3.0-6ubuntu2~24.04) 13.3.0 RHEL9 Kernel: Depends on container host Compiler: gcc 11.5.0 20240719 (Red Hat 11.5.0-2) CentOS Stream 10 Kernel: Depends on container host Compiler: gcc 14.2.1 20241104 (Red Hat 14.2.1-6) CentOS Stream 9 Kernel: Depends on container host Compiler: gcc 11.5.0 20240719 (Red Hat 11.5.0-2) Fedora 40 (Clang) Kernel: Depends on container host Compiler: clang 18.1.8 (Fedora 18.1.8-1.fc40) Debian 12 Kernel: Depends on container host Compiler: gcc (Debian 12.2.0-14) 12.2.0 Fedora 40 Kernel: Depends on container host Compiler: gcc 14.2.1 20240912 (Red Hat 14.2.1-3) Ubuntu 20.04 Kernel: Depends on container host Compiler: gcc (Ubuntu 9.4.0-1ubuntu1~20.04.2) 9.4.0 Windows Server 2022 Kernel: 10.0.20348.2031 Compiler: clang 15.0.7, gcc 14.1.0 (MinGW), and MSVC VS 19.39.33521 To view detailed results, visit: https://lab.dpdk.org/results/dashboard/tarballs/33500/ UNH-IOL DPDK Community Lab To manage your email subscriptions, visit: https://lab.dpdk.org/results/dashboard/preferences/subscriptions/