From mboxrd@z Thu Jan 1 00:00:00 1970 Return-Path: Received: from mails.dpdk.org (mails.dpdk.org [217.70.189.124]) by inbox.dpdk.org (Postfix) with ESMTP id 244004671A for ; Sun, 11 May 2025 10:15:22 +0200 (CEST) Received: from mails.dpdk.org (localhost [127.0.0.1]) by mails.dpdk.org (Postfix) with ESMTP id F3D724026C; Sun, 11 May 2025 10:15:21 +0200 (CEST) Received: from mail-pg1-f228.google.com (mail-pg1-f228.google.com [209.85.215.228]) by mails.dpdk.org (Postfix) with ESMTP id E4B354026A for ; Sun, 11 May 2025 10:15:20 +0200 (CEST) Received: by mail-pg1-f228.google.com with SMTP id 41be03b00d2f7-879d2e419b9so2906873a12.2 for ; Sun, 11 May 2025 01:15:20 -0700 (PDT) DKIM-Signature: v=1; a=rsa-sha256; c=relaxed/relaxed; d=iol.unh.edu; s=unh-iol; t=1746951319; x=1747556119; darn=dpdk.org; h=cc:to:from:subject:message-id:date:from:to:cc:subject:date :message-id:reply-to; bh=ZRdpdhAKbCPnP5+oq5Sj9UtTMBiBMSewui8CDfsUlMg=; b=I+aq7OtMJBPDfHVkMzIl15fxtf8W4ATGuwbDhxo1DF5q/NtXcNDJE2dwyyBzldRARr CdkqEPrpUzbRY4YQx/pg74qT3sYuyrHFAgycHifRvitUKyfgFPPmiT/l4WIsG7EtZqgD 8Loyw84KpetlfiJh0k1hTjTeU+3vozRmIeukg= X-Google-DKIM-Signature: v=1; a=rsa-sha256; c=relaxed/relaxed; d=1e100.net; s=20230601; t=1746951319; x=1747556119; h=cc:to:from:subject:message-id:date:x-gm-message-state:from:to:cc :subject:date:message-id:reply-to; bh=ZRdpdhAKbCPnP5+oq5Sj9UtTMBiBMSewui8CDfsUlMg=; b=YvRltJd5798yDocZyvUcSPVSNDbaHrdK3itOmj+aP5YYKU60m4FuZEk9upvhKKxIdz lxW1c2pLOLl0C5CAhz+LT6J/2Smv6QBFndk1HHHnzLVI8n8ardLg25vIX1iLG7wSTTKw 5/Wu1kl1+uUJxpw0KcASY78TAjPVY7d7+joIz7BUG7kP6TINIljkKxAwkwRI7M71Ozx9 4qIllW81RkU9/PzsZUrjVJcz5x5wZDbHLGvCDQPVXzxL28uoLM1JRglG1+Y0apwBm8Ct 8B0arrWfnvfopaLFZRL4mQatpqIxXWbmxbgU5RectLayKYj8pd6GnrR5c2DrGz1Aj0oL Vuhw== X-Gm-Message-State: AOJu0YxQdhX581rHYo0IrLZSCwFhTuBr351qBQaFlZMmkkiqgxjRGH4Q S+DZTedUiMJGi2lQt93CCX3lliGaRusnstQXfE0HcrIVI7gwpLsRs80456m1MBnSxPQt2u23AKn Gs6Q5dIrm75D0IYKD1sqicKgtV2fEb5xe X-Gm-Gg: ASbGncsJHXCU1MvSWRNV0JrHn1bZQD8gYtP6CJUelHDm4KetZRW4bvpVZuNs3qgKVrE evEdoSPkwBLCXm7Yg+VH1wFRBTPUuvtaMA+FzF6FEazylppJTVFZbVZ9pN6zztK+BkDai7/JIyv DEKsS8KVEzqhaG1WTGL40OfchehB7C2EWuUnWu9tMcfF0y/xlv+b0EUnpsWmFNBZzIv+LV85vum UGdyewlQXRbVkE6pLCtzwQHKA0TPPsAbnwBYZH+cIqC6UcZlUOGFaSXodYYo7cpapD24Br7bopV LaLgTxin2f42gl8x4oPUk/G/PxWHISY25k/QKaz3wkFVKgSkpHU5YC2A7gQ= X-Google-Smtp-Source: AGHT+IG7comgKBmqkMYGU+e5YB/V8wuvLMTZ/idkPFOwQ2fvkb+8otqCpFAKgMBhLWvjifSyXke6o23uOEtU X-Received: by 2002:a17:903:41d2:b0:21f:522b:690f with SMTP id d9443c01a7336-22fc91ad89cmr139158895ad.46.1746951319512; Sun, 11 May 2025 01:15:19 -0700 (PDT) Received: from postal.iol.unh.edu (postal.iol.unh.edu. [132.177.123.84]) by smtp-relay.gmail.com with ESMTPS id d9443c01a7336-22fc6f22e70sm3109585ad.100.2025.05.11.01.15.19 (version=TLS1_2 cipher=ECDHE-ECDSA-AES128-GCM-SHA256 bits=128/128); Sun, 11 May 2025 01:15:19 -0700 (PDT) X-Relaying-Domain: iol.unh.edu Date: Sun, 11 May 2025 01:15:19 -0700 (PDT) Message-ID: <68205c97.170a0220.1651f8.0921SMTPIN_ADDED_MISSING@mx.google.com> Received: from [172.17.0.2] (unknown [172.18.0.74]) by postal.iol.unh.edu (Postfix) with ESMTP id A09176052471; Sun, 11 May 2025 04:15:18 -0400 (EDT) Subject: |FAILURE| [GIT MASTER] 4401486b5e30d43a134f80f9802f60b5f43e74a8 From: dpdklab@iol.unh.edu To: Test Report Cc: dpdk-test-reports@iol.unh.edu, Xueming Li , Christian Ehrhardt , Kevin Traynor , Luca Boccassi Content-Type: text/plain X-BeenThere: test-report@dpdk.org X-Mailman-Version: 2.1.29 Precedence: list List-Id: automatic DPDK test reports List-Unsubscribe: , List-Archive: List-Post: List-Help: List-Subscribe: , Errors-To: test-report-bounces@dpdk.org _Testing issues_ Branch: tags/v22.11 4401486b5e30d43a134f80f9802f60b5f43e74a8 --> testing issues Upstream job id: Generic-Unit-Test-DPDK#337082 Test environment and result as below: +---------------------+----------------+ | Environment | dpdk_unit_test | +=====================+================+ | Fedora 41 | FAIL | +---------------------+----------------+ | RHEL8 | FAIL | +---------------------+----------------+ | Ubuntu 22.04 | FAIL | +---------------------+----------------+ | Fedora 41 (Clang) | FAIL | +---------------------+----------------+ | Ubuntu 24.04 | FAIL | +---------------------+----------------+ | RHEL9 | FAIL | +---------------------+----------------+ | CentOS Stream 10 | FAIL | +---------------------+----------------+ | CentOS Stream 9 | FAIL | +---------------------+----------------+ | Fedora 40 (Clang) | FAIL | +---------------------+----------------+ | Debian 12 | FAIL | +---------------------+----------------+ | Fedora 40 | FAIL | +---------------------+----------------+ | Ubuntu 20.04 | PASS | +---------------------+----------------+ | Windows Server 2022 | FAIL | +---------------------+----------------+ ==== Unit test summary for Windows Server 2022 (dpdk_unit_test): ==== Failed to get the unit test results. Displaying the unit test results is not supported for some environments, such as our aarch32 testing, where meson is not used to run the tests. Download the logs available on our CI site. ==== End log output ==== Fedora 41 Kernel: Depends on container host Compiler: gcc 14.2.1 20240912 (Red Hat 14.2.1-3) RHEL8 Kernel: Depends on container host Compiler: gcc 8.5.0 20210514 (Red Hat 8.5.0-22) Ubuntu 22.04 Kernel: Depends on container host Compiler: gcc (Ubuntu 11.4.0-1ubuntu1~22.04) 11.4.0 Fedora 41 (Clang) Kernel: Depends on container host Compiler: clang 19.1.5 (Fedora 19.1.5-1.fc41) Ubuntu 24.04 Kernel: Depends on container host Compiler: gcc (Ubuntu 13.3.0-6ubuntu2~24.04) 13.3.0 RHEL9 Kernel: Depends on container host Compiler: gcc 11.5.0 20240719 (Red Hat 11.5.0-2) CentOS Stream 10 Kernel: Depends on container host Compiler: gcc 14.2.1 20241104 (Red Hat 14.2.1-6) CentOS Stream 9 Kernel: Depends on container host Compiler: gcc 11.5.0 20240719 (Red Hat 11.5.0-2) Fedora 40 (Clang) Kernel: Depends on container host Compiler: clang 18.1.8 (Fedora 18.1.8-1.fc40) Debian 12 Kernel: Depends on container host Compiler: gcc (Debian 12.2.0-14) 12.2.0 Fedora 40 Kernel: Depends on container host Compiler: gcc 14.2.1 20240912 (Red Hat 14.2.1-3) Ubuntu 20.04 Kernel: Depends on container host Compiler: gcc (Ubuntu 9.4.0-1ubuntu1~20.04.2) 9.4.0 Windows Server 2022 Kernel: 10.0.20348.2031 Compiler: clang 15.0.7, gcc 14.1.0 (MinGW), and MSVC VS 19.39.33521 To view detailed results, visit: https://lab.dpdk.org/results/dashboard/tarballs/33500/ UNH-IOL DPDK Community Lab To manage your email subscriptions, visit: https://lab.dpdk.org/results/dashboard/preferences/subscriptions/