From mboxrd@z Thu Jan 1 00:00:00 1970 Return-Path: Received: from mails.dpdk.org (mails.dpdk.org [217.70.189.124]) by inbox.dpdk.org (Postfix) with ESMTP id 80C1B46722 for ; Mon, 12 May 2025 07:39:27 +0200 (CEST) Received: from mails.dpdk.org (localhost [127.0.0.1]) by mails.dpdk.org (Postfix) with ESMTP id 7B1484026C; Mon, 12 May 2025 07:39:27 +0200 (CEST) Received: from mail-pg1-f225.google.com (mail-pg1-f225.google.com [209.85.215.225]) by mails.dpdk.org (Postfix) with ESMTP id 437834026A for ; Mon, 12 May 2025 07:39:26 +0200 (CEST) Received: by mail-pg1-f225.google.com with SMTP id 41be03b00d2f7-b07d607dc83so3128708a12.1 for ; Sun, 11 May 2025 22:39:26 -0700 (PDT) DKIM-Signature: v=1; a=rsa-sha256; c=relaxed/relaxed; d=iol.unh.edu; s=unh-iol; t=1747028365; x=1747633165; darn=dpdk.org; h=cc:to:from:subject:message-id:date:from:to:cc:subject:date :message-id:reply-to; bh=fRBijQmudLdTcj9TI0rMXUbA5LtmdnjMJBpsn73YxMU=; b=Zv04t4XnJ9pqo+rcz+LP8MwRVuqbk7M0trmkx+gQiHGeteKdtXT8EtDNTV2hWKePzq ayLjZBWid9nXasfwZeP+/pgOeguMQsYjvsUymwNDk9B/MCE8kJv45W8111nvl5Smh3Tn YW9rHaZ9vJGJTnLNB4VI3/18R7ZjX/1mLXG9U= X-Google-DKIM-Signature: v=1; a=rsa-sha256; c=relaxed/relaxed; d=1e100.net; s=20230601; t=1747028365; x=1747633165; h=cc:to:from:subject:message-id:date:x-gm-message-state:from:to:cc :subject:date:message-id:reply-to; bh=fRBijQmudLdTcj9TI0rMXUbA5LtmdnjMJBpsn73YxMU=; b=WJ3rj05KbyqQj2r71IOoJofdzXqyp5BneDnBzfiBsxZ3WLlexdnfQPXdOj4JRuLrZf eO3xq8GT0fXlqI0/953PJB6SZuKI7EZLrC/RkloINtui9icomd3aax+PirgNSQXUkZPy QgDUpHhSmkdA0uaIg2FYkSUBvpa7H+PYy8CkLtWBKRYUOYbu0FvcvuGFykd6jya9at+J kbqjFiKFIMBGkpd/H4DgZiiz41bQ12Ni+bdeY8yyOtHol52LvkKkuN8ja2jS6JqnPKhb spscuh1t07rx7+mjeJgWn8ewj1oUvDPX2OSKcAjfhexGALalUPgS0cpydjVWW5b3C44N X4rg== X-Gm-Message-State: AOJu0YynnJZpAeLb/rvh/9yPttXRVppPRHxyzXar8+qn1hJgpGlz+mTV /N6Wt9cNITmdb3kvNYpwNu7NKOJWxxC8c5GJ7LNFii5LZtkBuFWz034oqbP8NU1eN+NARu7xC+o 9bps4ZL/lovsncJWEcvjfxkXjo1rYpAm+gXY92CCDtmqKyU7A X-Gm-Gg: ASbGnctEnzqaQ4rnjnbsoL0dxcT4ZJG+AL1lb6O/nAaQ28Z1Pzn02AYHTQq1giVwOir YdJXIFOMR0X6nPX+Vc9IyP4MXus9AlA8tjAGrkwL3vKcNXPSkzRYwcAf5D5PbZ74ad2XDbhnbm7 ekxNHnbCgKAKC7BZJw5P6QKdxVih8MgkyFl+sMNYNGlDMTmTzhq3yLlFKmm9ZljO37KTc2ypo2d EVFFzn40EV5/+GRlUI4k1TJMkDQRklLvmDsYc8jrB6AaXS6cNJM9wsF8ZOk/hbsJLn+zSwoZnTh 5tytWDcTry4EPIQFqGdzzTcNlOm55ctP66tj X-Google-Smtp-Source: AGHT+IFTTNYVlj1D4sVR7bh6GZfrOqPRAzr4n4RySPVVm1OdvEpFgRv47BWK6H1t89S4gy1EQg5tJPTWkyQV X-Received: by 2002:a17:902:f612:b0:223:54aa:6d15 with SMTP id d9443c01a7336-22fc8b3b39fmr214621685ad.12.1747028365352; Sun, 11 May 2025 22:39:25 -0700 (PDT) Received: from postal.iol.unh.edu (postal.iol.unh.edu. [2606:4100:3880:1234::84]) by smtp-relay.gmail.com with ESMTPS id d9443c01a7336-22fc6f0f862sm4212685ad.90.2025.05.11.22.39.25 (version=TLS1_2 cipher=ECDHE-ECDSA-AES128-GCM-SHA256 bits=128/128); Sun, 11 May 2025 22:39:25 -0700 (PDT) X-Relaying-Domain: iol.unh.edu Date: Sun, 11 May 2025 22:39:25 -0700 (PDT) Message-ID: <6821898d.170a0220.f553c.8726SMTPIN_ADDED_MISSING@mx.google.com> Received: from [172.21.0.5] (unknown [172.18.0.240]) by postal.iol.unh.edu (Postfix) with ESMTP id C55C46052471; Mon, 12 May 2025 01:39:24 -0400 (EDT) Subject: |WARNING| [GIT MASTER] 4401486b5e30d43a134f80f9802f60b5f43e74a8 From: dpdklab@iol.unh.edu To: Test Report Cc: dpdk-test-reports@iol.unh.edu, Xueming Li , Christian Ehrhardt , Kevin Traynor , Luca Boccassi Content-Type: text/plain X-BeenThere: test-report@dpdk.org X-Mailman-Version: 2.1.29 Precedence: list List-Id: automatic DPDK test reports List-Unsubscribe: , List-Archive: List-Post: List-Help: List-Subscribe: , Errors-To: test-report-bounces@dpdk.org _Testing issues_ Branch: tags/v22.11 4401486b5e30d43a134f80f9802f60b5f43e74a8 --> testing issues Upstream job id: Generic-DPDK-Compile-ABI#126094 Test environment and result as below: +-------------------+----------+ | Environment | abi_test | +===================+==========+ | CentOS Stream 9 | FAIL | +-------------------+----------+ | CentOS Stream 10 | PEND | +-------------------+----------+ | Debian 12 | FAIL | +-------------------+----------+ | Fedora 40 (Clang) | PEND | +-------------------+----------+ | Fedora 41 | PEND | +-------------------+----------+ | Fedora 40 | PEND | +-------------------+----------+ | Fedora 41 (Clang) | PEND | +-------------------+----------+ | RHEL9 | PEND | +-------------------+----------+ | openSUSE Leap 15 | PASS | +-------------------+----------+ | RHEL8 | FAIL | +-------------------+----------+ | Ubuntu 22.04 | PEND | +-------------------+----------+ | Ubuntu 24.04 | PEND | +-------------------+----------+ ==== 20 line log output for RHEL8 (abi_test): ==== './librte_regex_mlx5.so.23' -> 'dpdk/pmds-23.0/librte_regex_mlx5.so.23' './librte_regex_mlx5.so.23.0' -> 'dpdk/pmds-23.0/librte_regex_mlx5.so.23.0' './librte_vdpa_ifc.so' -> 'dpdk/pmds-23.0/librte_vdpa_ifc.so' './librte_vdpa_ifc.so.23' -> 'dpdk/pmds-23.0/librte_vdpa_ifc.so.23' './librte_vdpa_ifc.so.23.0' -> 'dpdk/pmds-23.0/librte_vdpa_ifc.so.23.0' './librte_vdpa_mlx5.so' -> 'dpdk/pmds-23.0/librte_vdpa_mlx5.so' './librte_vdpa_mlx5.so.23' -> 'dpdk/pmds-23.0/librte_vdpa_mlx5.so.23' './librte_vdpa_mlx5.so.23.0' -> 'dpdk/pmds-23.0/librte_vdpa_mlx5.so.23.0' './librte_vdpa_sfc.so' -> 'dpdk/pmds-23.0/librte_vdpa_sfc.so' './librte_vdpa_sfc.so.23' -> 'dpdk/pmds-23.0/librte_vdpa_sfc.so.23' './librte_vdpa_sfc.so.23.0' -> 'dpdk/pmds-23.0/librte_vdpa_sfc.so.23.0' Installing /root/workspace/Generic-DPDK-Compile-ABI@2/dpdk/usertools/dpdk-telemetry.py to /root/workspace/Generic-DPDK-Compile-ABI@2/build_install/usr/local/bin Installing /root/workspace/Generic-DPDK-Compile-ABI@2/dpdk/usertools/dpdk-hugepages.py to /root/workspace/Generic-DPDK-Compile-ABI@2/build_install/usr/local/bin Installing /root/workspace/Generic-DPDK-Compile-ABI@2/dpdk/build/rte_build_config.h to /root/workspace/Generic-DPDK-Compile-ABI@2/build_install/usr/local/include Installing /root/workspace/Generic-DPDK-Compile-ABI@2/dpdk/build/meson-private/libdpdk-libs.pc to /root/workspace/Generic-DPDK-Compile-ABI@2/build_install/usr/local/lib64/pkgconfig Installing /root/workspace/Generic-DPDK-Compile-ABI@2/dpdk/build/meson-private/libdpdk.pc to /root/workspace/Generic-DPDK-Compile-ABI@2/build_install/usr/local/lib64/pkgconfig Running custom install script '/bin/sh /root/workspace/Generic-DPDK-Compile-ABI@2/dpdk/config/../buildtools/symlink-drivers-solibs.sh lib64 dpdk/pmds-23.0' ==== Compiled DPDK with debugoptimized bash: /scripts/generate_abi.sh: No such file or directory ==== End log output ==== CentOS Stream 9 Kernel: Depends on container host Compiler: gcc 11.5.0 20240719 (Red Hat 11.5.0-2) CentOS Stream 10 Kernel: Depends on container host Compiler: gcc 14.2.1 20241104 (Red Hat 14.2.1-6) Debian 12 Kernel: Depends on container host Compiler: gcc (Debian 12.2.0-14) 12.2.0 Fedora 40 (Clang) Kernel: Depends on container host Compiler: clang 18.1.8 (Fedora 18.1.8-1.fc40) Fedora 41 Kernel: Depends on container host Compiler: gcc 14.2.1 20240912 (Red Hat 14.2.1-3) Fedora 40 Kernel: Depends on container host Compiler: gcc 14.2.1 20240912 (Red Hat 14.2.1-3) Fedora 41 (Clang) Kernel: Depends on container host Compiler: clang 19.1.5 (Fedora 19.1.5-1.fc41) RHEL9 Kernel: Depends on container host Compiler: gcc 11.5.0 20240719 (Red Hat 11.5.0-2) openSUSE Leap 15 Kernel: Depends on container host Compiler: gcc (SUSE Linux) 7.5.0 RHEL8 Kernel: Depends on container host Compiler: gcc 8.5.0 20210514 (Red Hat 8.5.0-22) Ubuntu 22.04 Kernel: Depends on container host Compiler: gcc (Ubuntu 11.4.0-1ubuntu1~22.04) 11.4.0 Ubuntu 24.04 Kernel: Depends on container host Compiler: gcc (Ubuntu 13.3.0-6ubuntu2~24.04) 13.3.0 To view detailed results, visit: https://lab.dpdk.org/results/dashboard/tarballs/33504/ UNH-IOL DPDK Community Lab To manage your email subscriptions, visit: https://lab.dpdk.org/results/dashboard/preferences/subscriptions/