From mboxrd@z Thu Jan 1 00:00:00 1970 Return-Path: Received: from mails.dpdk.org (mails.dpdk.org [217.70.189.124]) by inbox.dpdk.org (Postfix) with ESMTP id B30A046722 for ; Mon, 12 May 2025 07:41:01 +0200 (CEST) Received: from mails.dpdk.org (localhost [127.0.0.1]) by mails.dpdk.org (Postfix) with ESMTP id A586E4026C; Mon, 12 May 2025 07:41:01 +0200 (CEST) Received: from mail-qv1-f98.google.com (mail-qv1-f98.google.com [209.85.219.98]) by mails.dpdk.org (Postfix) with ESMTP id 336584026A for ; Mon, 12 May 2025 07:41:00 +0200 (CEST) Received: by mail-qv1-f98.google.com with SMTP id 6a1803df08f44-6f0ad744811so30792036d6.1 for ; Sun, 11 May 2025 22:41:00 -0700 (PDT) DKIM-Signature: v=1; a=rsa-sha256; c=relaxed/relaxed; d=iol.unh.edu; s=unh-iol; t=1747028459; x=1747633259; darn=dpdk.org; h=cc:to:from:subject:message-id:date:from:to:cc:subject:date :message-id:reply-to; bh=bydUm/Q4AzPVdq4qcwBq170AElOIf6VcdKMw0pgOs14=; b=JJG7ZrnjUbs9PDu0GZ3T+nO+YD0MmuS8lIyrtBCGuNqX2ZPNa7ovysLBtghXUo4bkM zY/TP9vAO1YNO44DjUMIJ45Dl9EChfxQT4/UwStX3B7bvu9Q00svW6/4huzM1KlX3T3w 89YGlbZZY0f/i0Vs3PYnnB5z+OnuSRqHphFng= X-Google-DKIM-Signature: v=1; a=rsa-sha256; c=relaxed/relaxed; d=1e100.net; s=20230601; t=1747028459; x=1747633259; h=cc:to:from:subject:message-id:date:x-gm-message-state:from:to:cc :subject:date:message-id:reply-to; bh=bydUm/Q4AzPVdq4qcwBq170AElOIf6VcdKMw0pgOs14=; b=iTaoKIdZs4i8zSe6wboEtVmpx7oRY4/DZ3g1RQAhIUTmvIsUTVAnkNcogKrJ7IINAO c+tcqYGom0RtOmOdjAdkPe6jqVPc/xr/2ixMRkmEaYMNfAspmjcRpRp3PWfqmM+K1htY igWHrbmvIDcRM0JuGuyQPktTUf4lA3sHtPtpYWL9U+0nG/3jbmVcNod6todlE0xE94iE I/fGFS6hFpvkeKGlanWCKCe5kaReer3sY+++eRmuxb4q08qdhKwcWX5aBK47UVAxKM7n cnFnZRNWlvfnCm97SfIJboYk+Q9c8Lz+qmAGfDPK9KWwxG0zzQP3668nUPAiBISHV7q+ 0miw== X-Gm-Message-State: AOJu0YwH6NfoKQUYBXMl80JBIcAyCLl4eGkBRoie0yPMOKRjMERxISG0 VKIrl7f2hDhzCM7rbbkXWlK7dK/ZPVH0kAXqKARxfZhsG3AyuEoW5zD5I/tkt7/AMnn+y1tghMr Gn/aZWp9bpEEdK0Zmplq0W6RBoVgqzinmPPQkkSrvY5oo32BK X-Gm-Gg: ASbGncv6fbKN/30u9oYp+Z9EiX8vXCUwRK/1m1e1LaLr4KS/BUBgiLW7HD/CHQLuOTJ MSG1EZUQSXCO9Cf4Aq23AXtByiAYInGPGSqCcqRDBWVov3LAWTWVr8T/pyaPwO8a6j8eaZ4CrqL xoB176V/rtq8eOskZILk3qVp4cs+yCjwC6t1UbAtoL8czRJmg6vgRBhR3yr38zHWqX9nj8ZILZY PGil58elWt9XRaLy3tBbnYgmlP9D3b3ySrxw+hL18m7DNpEhm4MZl9U6v8Emf+0cLQDw+g8PdPR EX1Atd019/q9pSW05pyI0MZ9PzYl9014CKbP X-Google-Smtp-Source: AGHT+IEFu73/ZZIH24vVx1gHU9JU6O628CbHqwltyCiwV+KmETJjGBy7hVeyKLIMR0RzVfVyVyDgGT0pW05I X-Received: by 2002:a05:6214:5006:b0:6e8:8e10:424d with SMTP id 6a1803df08f44-6f6e481d199mr179895886d6.41.1747028459564; Sun, 11 May 2025 22:40:59 -0700 (PDT) Received: from postal.iol.unh.edu (postal.iol.unh.edu. [2606:4100:3880:1234::84]) by smtp-relay.gmail.com with ESMTPS id 6a1803df08f44-6f6e3a0e7c7sm3786576d6.33.2025.05.11.22.40.59 (version=TLS1_2 cipher=ECDHE-ECDSA-AES128-GCM-SHA256 bits=128/128); Sun, 11 May 2025 22:40:59 -0700 (PDT) X-Relaying-Domain: iol.unh.edu Date: Sun, 11 May 2025 22:40:59 -0700 (PDT) Message-ID: <682189eb.d40a0220.1187dc.6e64SMTPIN_ADDED_MISSING@mx.google.com> Received: from [172.21.0.6] (unknown [172.18.0.240]) by postal.iol.unh.edu (Postfix) with ESMTP id 5231C6052471; Mon, 12 May 2025 01:40:59 -0400 (EDT) Subject: |WARNING| [GIT MASTER] 4401486b5e30d43a134f80f9802f60b5f43e74a8 From: dpdklab@iol.unh.edu To: Test Report Cc: dpdk-test-reports@iol.unh.edu, Xueming Li , Christian Ehrhardt , Kevin Traynor , Luca Boccassi Content-Type: text/plain X-BeenThere: test-report@dpdk.org X-Mailman-Version: 2.1.29 Precedence: list List-Id: automatic DPDK test reports List-Unsubscribe: , List-Archive: List-Post: List-Help: List-Subscribe: , Errors-To: test-report-bounces@dpdk.org _Testing issues_ Branch: tags/v22.11 4401486b5e30d43a134f80f9802f60b5f43e74a8 --> testing issues Upstream job id: Windows-Compile-DPDK-Native#28346 Test environment and result as below: +---------------------+--------------------+-------------------------+ | Environment | dpdk_meson_compile | dpdk_llvm_clang_compile | +=====================+====================+=========================+ | CentOS Stream 9 | PEND | SKIPPED | +---------------------+--------------------+-------------------------+ | CentOS Stream 10 | PEND | SKIPPED | +---------------------+--------------------+-------------------------+ | Fedora 40 (Clang) | PEND | SKIPPED | +---------------------+--------------------+-------------------------+ | Debian 12 | PEND | SKIPPED | +---------------------+--------------------+-------------------------+ | Fedora 41 (Clang) | PEND | SKIPPED | +---------------------+--------------------+-------------------------+ | Fedora 40 | PEND | SKIPPED | +---------------------+--------------------+-------------------------+ | Fedora 41 | PEND | SKIPPED | +---------------------+--------------------+-------------------------+ | openSUSE Leap 15 | PEND | SKIPPED | +---------------------+--------------------+-------------------------+ | Ubuntu 22.04 | PEND | SKIPPED | +---------------------+--------------------+-------------------------+ | RHEL8 | PEND | SKIPPED | +---------------------+--------------------+-------------------------+ | Ubuntu 20.04 | PASS | SKIPPED | +---------------------+--------------------+-------------------------+ | RHEL9 | PEND | SKIPPED | +---------------------+--------------------+-------------------------+ | Ubuntu 24.04 | PEND | SKIPPED | +---------------------+--------------------+-------------------------+ | FreeBSD 13.5 | PASS | SKIPPED | +---------------------+--------------------+-------------------------+ | FreeBSD 14.2 | PASS | SKIPPED | +---------------------+--------------------+-------------------------+ | Windows Server 2022 | SKIPPED | FAIL | +---------------------+--------------------+-------------------------+ ==== 20 line log output for Windows Server 2022 (dpdk_llvm_clang_compile): ==== ..\lib\eal\include/rte_common.h:850:32: note: expanded from macro 'RTE_FMT_TAIL' #define RTE_FMT_TAIL(fmt, ...) __VA_ARGS__ ^~~~~~~~~~~ ..\lib\eal\include/rte_common.h:848:39: note: expanded from macro 'RTE_FMT' #define RTE_FMT(fmt, ...) fmt "%.0s", __VA_ARGS__ "" ^~~~~~~~~~~ ../drivers/crypto/mlx5/mlx5_crypto.c:463:18: note: forward declaration of 'struct mlx5_err_cqe' volatile struct mlx5_err_cqe *cqe = (volatile struct mlx5_err_cqe *) ^ 3 errors generated. [618/788] Compiling C object drivers/libtmp_rte_net_vmxnet3.a.p/net_vmxnet3_vmxnet3_ethdev.c.obj [619/788] Compiling C object drivers/libtmp_rte_net_vmxnet3.a.p/net_vmxnet3_vmxnet3_rxtx.c.obj [620/788] Compiling C object drivers/libtmp_rte_crypto_mlx5.a.p/crypto_mlx5_mlx5_crypto_dek.c.obj [621/788] Generating rte_net_octeon_ep.pmd.c with a custom command (wrapped by meson to set PATH) [622/788] Compiling C object app/dpdk-testpmd.exe.p/test-pmd_cmdline_flow.c.obj [623/788] Compiling C object drivers/libtmp_rte_net_mlx5.a.p/net_mlx5_mlx5_tx_nompw.c.obj [624/788] Compiling C object app/dpdk-testpmd.exe.p/test-pmd_config.c.obj [625/788] Compiling C object drivers/libtmp_rte_net_mlx5.a.p/net_mlx5_mlx5_tx_empw.c.obj [626/788] Compiling C object drivers/libtmp_rte_net_mlx5.a.p/net_mlx5_mlx5_tx_txpp.c.obj ninja: build stopped: subcommand failed. ==== End log output ==== CentOS Stream 9 Kernel: Depends on container host Compiler: gcc 11.5.0 20240719 (Red Hat 11.5.0-2) CentOS Stream 10 Kernel: Depends on container host Compiler: gcc 14.2.1 20241104 (Red Hat 14.2.1-6) Fedora 40 (Clang) Kernel: Depends on container host Compiler: clang 18.1.8 (Fedora 18.1.8-1.fc40) Debian 12 Kernel: Depends on container host Compiler: gcc (Debian 12.2.0-14) 12.2.0 Fedora 41 (Clang) Kernel: Depends on container host Compiler: clang 19.1.5 (Fedora 19.1.5-1.fc41) Fedora 40 Kernel: Depends on container host Compiler: gcc 14.2.1 20240912 (Red Hat 14.2.1-3) Fedora 41 Kernel: Depends on container host Compiler: gcc 14.2.1 20240912 (Red Hat 14.2.1-3) openSUSE Leap 15 Kernel: Depends on container host Compiler: gcc (SUSE Linux) 7.5.0 Ubuntu 22.04 Kernel: Depends on container host Compiler: gcc (Ubuntu 11.4.0-1ubuntu1~22.04) 11.4.0 RHEL8 Kernel: Depends on container host Compiler: gcc 8.5.0 20210514 (Red Hat 8.5.0-22) Ubuntu 20.04 Kernel: Depends on container host Compiler: gcc (Ubuntu 9.4.0-1ubuntu1~20.04.2) 9.4.0 RHEL9 Kernel: Depends on container host Compiler: gcc 11.5.0 20240719 (Red Hat 11.5.0-2) Ubuntu 24.04 Kernel: Depends on container host Compiler: gcc (Ubuntu 13.3.0-6ubuntu2~24.04) 13.3.0 FreeBSD 13.5 Kernel: 13.5-RELEASE Compiler: clang 19.1.7 FreeBSD 14.2 Kernel: 14.2-RELEASE Compiler: clang 18.1.6 Windows Server 2022 Kernel: 10.0.20348.2031 Compiler: clang 15.0.7, gcc 14.1.0 (MinGW), and MSVC VS 19.39.33521 To view detailed results, visit: https://lab.dpdk.org/results/dashboard/tarballs/33504/ UNH-IOL DPDK Community Lab To manage your email subscriptions, visit: https://lab.dpdk.org/results/dashboard/preferences/subscriptions/