From mboxrd@z Thu Jan 1 00:00:00 1970 Return-Path: Received: from mails.dpdk.org (mails.dpdk.org [217.70.189.124]) by inbox.dpdk.org (Postfix) with ESMTP id 8162346722 for ; Mon, 12 May 2025 07:48:14 +0200 (CEST) Received: from mails.dpdk.org (localhost [127.0.0.1]) by mails.dpdk.org (Postfix) with ESMTP id 7DF964026C; Mon, 12 May 2025 07:48:14 +0200 (CEST) Received: from mail-ot1-f100.google.com (mail-ot1-f100.google.com [209.85.210.100]) by mails.dpdk.org (Postfix) with ESMTP id 431954026A for ; Mon, 12 May 2025 07:48:13 +0200 (CEST) Received: by mail-ot1-f100.google.com with SMTP id 46e09a7af769-72c3b863b8eso2978124a34.2 for ; Sun, 11 May 2025 22:48:13 -0700 (PDT) DKIM-Signature: v=1; a=rsa-sha256; c=relaxed/relaxed; d=iol.unh.edu; s=unh-iol; t=1747028892; x=1747633692; darn=dpdk.org; h=cc:to:from:subject:message-id:date:from:to:cc:subject:date :message-id:reply-to; bh=UWD35myUDtlcqRMoz8c8crF1zNNmQrQtjUShWJU9jPE=; b=LBsZcbB0uT7fIc92TA7mJ1fNU6KSWCKm8gB3yToWBJ/FH5XCWkXduyBzN+eHA6NJVd mYYZrvZMMaFWgLnxKvAfa2gfcGV0qSeSBtETfq+W6R2vrSaZ8WjlCqZtmB2uAbT7on27 2nNzGS59+6oz+gGy6SeX77YFQFa18eEYEXzc4= X-Google-DKIM-Signature: v=1; a=rsa-sha256; c=relaxed/relaxed; d=1e100.net; s=20230601; t=1747028892; x=1747633692; h=cc:to:from:subject:message-id:date:x-gm-message-state:from:to:cc :subject:date:message-id:reply-to; bh=UWD35myUDtlcqRMoz8c8crF1zNNmQrQtjUShWJU9jPE=; b=iTEw3EBytJxhpLEymbxOo3IJD2PwPeV7hB8TIxpOtv3CyvoQinb75kjH9ixGjcIQx5 XgSrytKaWa+Uo/F3sucGPUUMozNSQfC5PbC664f3EWw5IQXwff8ti/17KQDGXux3e91a I/ydslfyfG1vuwchtxS0zwN9wUDnNV0CL0FqYt8FtHA9yS1xE3UVoyAgmaM6mVK0NRQz KUFWsgAFB/fpbceMcE2gtTQr/yfKMwCGnPzxoDbRuG6OXTmKbRAbGXdoJacvvto/gc1p AOfIQ6gxg0ib00vnZXzdXetA2g6+jwUzrysotUZCPU9QOfGSOs5J5Ec0pJlRhE0xVzNM Df/Q== X-Gm-Message-State: AOJu0Yy2basO2xYchH1qnTW29TLoqKoBVerDFfV/wabPIRT1OuI6mzu1 2gEW+QnPYxKuNs7vIHrlZTVsYKJXk1RNNQsbF2cXTU/LHIvv+fQ1AwOKewAcrtnG5ACk5Duu6+z Y73JCQvsONq0mKGxlXF43fNujgIAPPhDU X-Gm-Gg: ASbGncu+chq4Z/KcKM0XOUPgEpkFF9jHXloR9BJ9sAO8CTRKdVKIy9uOTJPjFgRN/G/ 423PZHrJm6KCMS4bbkRkfVn4HPg8KFOXg/wGz0vPR4Zf8Uib26qNOSi80Ia4quihUAAsHo+DB1s xiwHyXAR2PGnsNrZtIJ82740DLDl7e609VJ0VmaZaQUG55pWtu5dAhqH8CyfvU7U72/slmA1hvg 2YXjqLIK9Gu2W1wwpt+qQYtaemyXZAec3ka1iygtDYLjr6gPGFjVAwrx1ijlJztwNc59WQf41Na QxIhyijBKc60IbCGIh1WHB8w/BCzRKrfkU1Ra89pwrrO+usMIA5G1fEt7jg= X-Google-Smtp-Source: AGHT+IFA6gztB01h3b6rYN06EACwgRMMWWff4FYP8OoIx/DNUUtYSmwq1pNMkH/MKXiUrghC0UIsZCtac9Nw X-Received: by 2002:a05:6870:a783:b0:296:a67c:d239 with SMTP id 586e51a60fabf-2dba42af8bbmr6902985fac.12.1747028892409; Sun, 11 May 2025 22:48:12 -0700 (PDT) Received: from postal.iol.unh.edu (postal.iol.unh.edu. [132.177.123.84]) by smtp-relay.gmail.com with ESMTPS id 586e51a60fabf-2dba01a3b9dsm310273fac.0.2025.05.11.22.48.12 (version=TLS1_2 cipher=ECDHE-ECDSA-AES128-GCM-SHA256 bits=128/128); Sun, 11 May 2025 22:48:12 -0700 (PDT) X-Relaying-Domain: iol.unh.edu Date: Sun, 11 May 2025 22:48:12 -0700 (PDT) Message-ID: <68218b9c.050a0220.135634.08abSMTPIN_ADDED_MISSING@mx.google.com> Received: from [172.21.0.8] (unknown [172.18.0.240]) by postal.iol.unh.edu (Postfix) with ESMTP id E32EC6052471; Mon, 12 May 2025 01:48:11 -0400 (EDT) Subject: |FAILURE| [GIT MASTER] 4401486b5e30d43a134f80f9802f60b5f43e74a8 From: dpdklab@iol.unh.edu To: Test Report Cc: dpdk-test-reports@iol.unh.edu, Xueming Li , Christian Ehrhardt , Kevin Traynor , Luca Boccassi Content-Type: text/plain X-BeenThere: test-report@dpdk.org X-Mailman-Version: 2.1.29 Precedence: list List-Id: automatic DPDK test reports List-Unsubscribe: , List-Archive: List-Post: List-Help: List-Subscribe: , Errors-To: test-report-bounces@dpdk.org _Testing issues_ Branch: tags/v22.11 4401486b5e30d43a134f80f9802f60b5f43e74a8 --> testing issues Upstream job id: Generic-Unit-Test-DPDK#337147 Test environment and result as below: +---------------------+----------------+ | Environment | dpdk_unit_test | +=====================+================+ | CentOS Stream 10 | PEND | +---------------------+----------------+ | Fedora 40 | PEND | +---------------------+----------------+ | CentOS Stream 9 | FAIL | +---------------------+----------------+ | Fedora 41 | PEND | +---------------------+----------------+ | Fedora 40 (Clang) | PEND | +---------------------+----------------+ | Debian 12 | PEND | +---------------------+----------------+ | RHEL9 | PEND | +---------------------+----------------+ | Fedora 41 (Clang) | PEND | +---------------------+----------------+ | Ubuntu 22.04 | PEND | +---------------------+----------------+ | Ubuntu 24.04 | PEND | +---------------------+----------------+ | Ubuntu 20.04 | PASS | +---------------------+----------------+ | RHEL8 | PEND | +---------------------+----------------+ | Windows Server 2022 | FAIL | +---------------------+----------------+ ==== Unit test summary for Windows Server 2022 (dpdk_unit_test): ==== Failed to get the unit test results. Displaying the unit test results is not supported for some environments, such as our aarch32 testing, where meson is not used to run the tests. Download the logs available on our CI site. ==== End log output ==== CentOS Stream 10 Kernel: Depends on container host Compiler: gcc 14.2.1 20241104 (Red Hat 14.2.1-6) Fedora 40 Kernel: Depends on container host Compiler: gcc 14.2.1 20240912 (Red Hat 14.2.1-3) CentOS Stream 9 Kernel: Depends on container host Compiler: gcc 11.5.0 20240719 (Red Hat 11.5.0-2) Fedora 41 Kernel: Depends on container host Compiler: gcc 14.2.1 20240912 (Red Hat 14.2.1-3) Fedora 40 (Clang) Kernel: Depends on container host Compiler: clang 18.1.8 (Fedora 18.1.8-1.fc40) Debian 12 Kernel: Depends on container host Compiler: gcc (Debian 12.2.0-14) 12.2.0 RHEL9 Kernel: Depends on container host Compiler: gcc 11.5.0 20240719 (Red Hat 11.5.0-2) Fedora 41 (Clang) Kernel: Depends on container host Compiler: clang 19.1.5 (Fedora 19.1.5-1.fc41) Ubuntu 22.04 Kernel: Depends on container host Compiler: gcc (Ubuntu 11.4.0-1ubuntu1~22.04) 11.4.0 Ubuntu 24.04 Kernel: Depends on container host Compiler: gcc (Ubuntu 13.3.0-6ubuntu2~24.04) 13.3.0 Ubuntu 20.04 Kernel: Depends on container host Compiler: gcc (Ubuntu 9.4.0-1ubuntu1~20.04.2) 9.4.0 RHEL8 Kernel: Depends on container host Compiler: gcc 8.5.0 20210514 (Red Hat 8.5.0-22) Windows Server 2022 Kernel: 10.0.20348.2031 Compiler: clang 15.0.7, gcc 14.1.0 (MinGW), and MSVC VS 19.39.33521 To view detailed results, visit: https://lab.dpdk.org/results/dashboard/tarballs/33504/ UNH-IOL DPDK Community Lab To manage your email subscriptions, visit: https://lab.dpdk.org/results/dashboard/preferences/subscriptions/