From mboxrd@z Thu Jan 1 00:00:00 1970 Return-Path: Received: from mails.dpdk.org (mails.dpdk.org [217.70.189.124]) by inbox.dpdk.org (Postfix) with ESMTP id 8F5BA46724 for ; Mon, 12 May 2025 08:11:57 +0200 (CEST) Received: from mails.dpdk.org (localhost [127.0.0.1]) by mails.dpdk.org (Postfix) with ESMTP id 69C684026C; Mon, 12 May 2025 08:11:57 +0200 (CEST) Received: from mail-qt1-f226.google.com (mail-qt1-f226.google.com [209.85.160.226]) by mails.dpdk.org (Postfix) with ESMTP id A08AB4026A for ; Mon, 12 May 2025 08:11:56 +0200 (CEST) Received: by mail-qt1-f226.google.com with SMTP id d75a77b69052e-4766631a6a4so48732351cf.2 for ; Sun, 11 May 2025 23:11:56 -0700 (PDT) DKIM-Signature: v=1; a=rsa-sha256; c=relaxed/relaxed; d=iol.unh.edu; s=unh-iol; t=1747030316; x=1747635116; darn=dpdk.org; h=cc:to:from:subject:message-id:date:from:to:cc:subject:date :message-id:reply-to; bh=a31NZ1K6hADhiptIVrWNSk6/2dm2inqEDgCLPgo4mCs=; b=Fu364lUv7gjeoNjYKamDMeTqC7Opkc5d1NKrtInk9PPdOQ9q9DFztna9A+buwPl+m7 MUXol5GQj6qJSRotUst4gjaPROiALFXsGAvkyD9fON5dFAB0DalP7mDWcD4EuJ/hujE7 Wq4yFzQUBCi/oPV/mOMDUKf7u9JCs/636o4hw= X-Google-DKIM-Signature: v=1; a=rsa-sha256; c=relaxed/relaxed; d=1e100.net; s=20230601; t=1747030316; x=1747635116; h=cc:to:from:subject:message-id:date:x-gm-message-state:from:to:cc :subject:date:message-id:reply-to; bh=a31NZ1K6hADhiptIVrWNSk6/2dm2inqEDgCLPgo4mCs=; b=IHJKkXZXu93Ihvfj92vxvRaG8/7OUTsy7qo6Nl7XKCL+4jd1QP5txXiafjZOVXX7DS ScjeCFPky65KopjLtvH3JBjGWeaWvr7puKSWghEbAZWpdIAbjrlLGDR4lgC6ti9BSCcp Um0yrWV/UTHlJ8m0kqOPExTxS/mrwYfLmRPmP0v6J8ZOeevm0TCmThqN0h8ztlbdSXh5 E2xSqpneC9lauZVdIKrrcXGiw1nb2YiogGtBSiTbkBOpFIjzojXrYMH+vLJkPfX90FmW 4WF3h6yczKjKwZ3O0BMJnSC5Ux3N/roOKGtyi+3yUqs2Ub8yOrYI7fIW1nWRTLBKwn4i zVrQ== X-Gm-Message-State: AOJu0YwovBwuGa6D3LCiy/bp77fvZbqJuO4yHMjnR5MQ6r4gr4LREZ4q dB+JD8zkRsLp4V+CKyqDGh0zPPHe3k9kDbgET2OdPIZur33+QUH66PE1YdxRrA12js9jsqqO9LO /Idwo+uWvsJsuyCNIJ7APKNjge+RpQSeH X-Gm-Gg: ASbGnctXiLsTByI5cYohwcLb23AaFWlt3v+DahVDJEbToiyE6mcHqNSRSIdmmVjWzTW IdlFDGzjeGhwW0O4S7pTEpUtSF6boCE4sWaTfjMMbzWO/Dl7fhOAM2YU6hyDAL2T8fv4/9QzkkQ Y3e7Wn0lIv6PCKKuj7D3kW+Ag5j40JU93SMpPzNuRl5N+frPeDP/6j+fIrSg4lWFsq/3vQ+xpgt w4zGBBuuUXuRaNQnRcYm3KO3rX7y99fxdBej+md6IbxWknFk5RKA+A7Biq9gzTNx56RimIRADaJ lCKRRoNAs3KoKa37xxAQ/Vi08m42kLgnGYgqzh4gSaEWJBuYnMbkeSm8sg0= X-Google-Smtp-Source: AGHT+IG2HU1DtROYvjVDltqBTxIGA5WZcEcEfyvMiNmcOWduOzoCbhSpGqS/OoHdGD41NKsm7NpZ7sJ8d8yI X-Received: by 2002:a05:622a:1342:b0:477:1e77:1b9a with SMTP id d75a77b69052e-49452765c05mr169259811cf.28.1747030315895; Sun, 11 May 2025 23:11:55 -0700 (PDT) Received: from postal.iol.unh.edu (postal.iol.unh.edu. [132.177.123.84]) by smtp-relay.gmail.com with ESMTPS id d75a77b69052e-49452468f43sm1766151cf.10.2025.05.11.23.11.55 (version=TLS1_2 cipher=ECDHE-ECDSA-AES128-GCM-SHA256 bits=128/128); Sun, 11 May 2025 23:11:55 -0700 (PDT) X-Relaying-Domain: iol.unh.edu Date: Sun, 11 May 2025 23:11:55 -0700 (PDT) Message-ID: <6821912b.050a0220.25576f.9f07SMTPIN_ADDED_MISSING@mx.google.com> Received: from [172.21.0.7] (unknown [172.18.0.240]) by postal.iol.unh.edu (Postfix) with ESMTP id 957336052471; Mon, 12 May 2025 02:11:55 -0400 (EDT) Subject: |FAILURE| [GIT MASTER] 4401486b5e30d43a134f80f9802f60b5f43e74a8 From: dpdklab@iol.unh.edu To: Test Report Cc: dpdk-test-reports@iol.unh.edu, Xueming Li , Christian Ehrhardt , Kevin Traynor , Luca Boccassi Content-Type: text/plain X-BeenThere: test-report@dpdk.org X-Mailman-Version: 2.1.29 Precedence: list List-Id: automatic DPDK test reports List-Unsubscribe: , List-Archive: List-Post: List-Help: List-Subscribe: , Errors-To: test-report-bounces@dpdk.org _Testing issues_ Branch: tags/v22.11 4401486b5e30d43a134f80f9802f60b5f43e74a8 --> testing issues Upstream job id: Generic-Unit-Test-DPDK#337155 Test environment and result as below: +---------------------+----------------+ | Environment | dpdk_unit_test | +=====================+================+ | CentOS Stream 10 | PEND | +---------------------+----------------+ | Fedora 40 | PEND | +---------------------+----------------+ | CentOS Stream 9 | FAIL | +---------------------+----------------+ | Fedora 41 | PEND | +---------------------+----------------+ | Fedora 40 (Clang) | PEND | +---------------------+----------------+ | Debian 12 | PEND | +---------------------+----------------+ | RHEL9 | FAIL | +---------------------+----------------+ | Fedora 41 (Clang) | PEND | +---------------------+----------------+ | Ubuntu 22.04 | PEND | +---------------------+----------------+ | Ubuntu 24.04 | PEND | +---------------------+----------------+ | Ubuntu 20.04 | PASS | +---------------------+----------------+ | RHEL8 | PEND | +---------------------+----------------+ | Windows Server 2022 | FAIL | +---------------------+----------------+ ==== Unit test summary for Windows Server 2022 (dpdk_unit_test): ==== Failed to get the unit test results. Displaying the unit test results is not supported for some environments, such as our aarch32 testing, where meson is not used to run the tests. Download the logs available on our CI site. ==== End log output ==== CentOS Stream 10 Kernel: Depends on container host Compiler: gcc 14.2.1 20241104 (Red Hat 14.2.1-6) Fedora 40 Kernel: Depends on container host Compiler: gcc 14.2.1 20240912 (Red Hat 14.2.1-3) CentOS Stream 9 Kernel: Depends on container host Compiler: gcc 11.5.0 20240719 (Red Hat 11.5.0-2) Fedora 41 Kernel: Depends on container host Compiler: gcc 14.2.1 20240912 (Red Hat 14.2.1-3) Fedora 40 (Clang) Kernel: Depends on container host Compiler: clang 18.1.8 (Fedora 18.1.8-1.fc40) Debian 12 Kernel: Depends on container host Compiler: gcc (Debian 12.2.0-14) 12.2.0 RHEL9 Kernel: Depends on container host Compiler: gcc 11.5.0 20240719 (Red Hat 11.5.0-2) Fedora 41 (Clang) Kernel: Depends on container host Compiler: clang 19.1.5 (Fedora 19.1.5-1.fc41) Ubuntu 22.04 Kernel: Depends on container host Compiler: gcc (Ubuntu 11.4.0-1ubuntu1~22.04) 11.4.0 Ubuntu 24.04 Kernel: Depends on container host Compiler: gcc (Ubuntu 13.3.0-6ubuntu2~24.04) 13.3.0 Ubuntu 20.04 Kernel: Depends on container host Compiler: gcc (Ubuntu 9.4.0-1ubuntu1~20.04.2) 9.4.0 RHEL8 Kernel: Depends on container host Compiler: gcc 8.5.0 20210514 (Red Hat 8.5.0-22) Windows Server 2022 Kernel: 10.0.20348.2031 Compiler: clang 15.0.7, gcc 14.1.0 (MinGW), and MSVC VS 19.39.33521 To view detailed results, visit: https://lab.dpdk.org/results/dashboard/tarballs/33504/ UNH-IOL DPDK Community Lab To manage your email subscriptions, visit: https://lab.dpdk.org/results/dashboard/preferences/subscriptions/