From mboxrd@z Thu Jan 1 00:00:00 1970 Return-Path: Received: from mails.dpdk.org (mails.dpdk.org [217.70.189.124]) by inbox.dpdk.org (Postfix) with ESMTP id DA2FD46724 for ; Mon, 12 May 2025 08:14:26 +0200 (CEST) Received: from mails.dpdk.org (localhost [127.0.0.1]) by mails.dpdk.org (Postfix) with ESMTP id D483E4026C; Mon, 12 May 2025 08:14:26 +0200 (CEST) Received: from mail-pg1-f227.google.com (mail-pg1-f227.google.com [209.85.215.227]) by mails.dpdk.org (Postfix) with ESMTP id D580E4026A for ; Mon, 12 May 2025 08:14:25 +0200 (CEST) Received: by mail-pg1-f227.google.com with SMTP id 41be03b00d2f7-b0b2d1f2845so2657219a12.3 for ; Sun, 11 May 2025 23:14:25 -0700 (PDT) DKIM-Signature: v=1; a=rsa-sha256; c=relaxed/relaxed; d=iol.unh.edu; s=unh-iol; t=1747030465; x=1747635265; darn=dpdk.org; h=cc:to:from:subject:message-id:date:from:to:cc:subject:date :message-id:reply-to; bh=NTTWCYAr7QNvgABvcJWFLijsp+NJWk5DTs+GK3hHLZI=; b=DR9OUdLfu9Ym4bakLquesof+mfWEqmjCC13zmhtKcurKDJeR2DoblExzkA3gJLceWb 5I+o9iX29H8aYSfLw51VTdXFhKzG4u6vncvkZCdmjO4sHQquxjOrCmBWiLunBeLwubZt 3xcnm4z1BWxx9YP8O8UKbo3TyIUjsrLppEftI= X-Google-DKIM-Signature: v=1; a=rsa-sha256; c=relaxed/relaxed; d=1e100.net; s=20230601; t=1747030465; x=1747635265; h=cc:to:from:subject:message-id:date:x-gm-message-state:from:to:cc :subject:date:message-id:reply-to; bh=NTTWCYAr7QNvgABvcJWFLijsp+NJWk5DTs+GK3hHLZI=; b=EAKn22PfUG7SnTYAPt1q7UNgjjVRes7hvx7jQKU5CHBhWI3lR7rnkhYCA9JJeVnrc4 k9M16cL3P9Ss0i50bUCXE87VRVGT8h2jmPwRaJ1VP8lRI5fVO0Ef7YfVQ/DYzt6WzY2o f3Bw/S/x1fii/U659A0LSLpTfbJbGXI00Cmn/p5AoLXadLRYo8lWPkai2mnpdnB5JjBv WoAqgc5lf0uWoPWF2TdioKqpCzBW2ZxC3+ZqQjI5cHFoPLsvWb1BMpePeMmUl8/fX2/9 aeJegBUmncWzV+vUb6KX/emZ3Vvcah8LwEn9jukmrVzZ+JK6AlBl6EyLiUo78biBcguK MWyw== X-Gm-Message-State: AOJu0YwfS58F+Y2EJcRwhYtNV2LR9b3W5FClIfFWNK08zlNq/QzxiZLe PQKrmb8lTWhRkH5gk/aTLqGd+JidDIodj3QubzS34K4TdzNIWuVPGaLFw4roipaTCc+Ho0xAVO9 IJoC7+h7+KUIYH/5FhizoJOECVItnukdGogj0f1KYLLDttcdC X-Gm-Gg: ASbGncv9hSLYx1wN6pxPVOCoBew75QmgqF7/bPAm/pGQxf3FAG5QkBLsReCJpHZwidL KxHWUw7/L9FsZNN2uU4XlhT47bAranuH8UdrewZpQ2Gd7L60Dpzlst/miwHg7trFvD31ow2KaPS 8PAmcWN5TWsGR5ucurmQvRYhdG+eX++Dbs4FEUP7ypAR11LFn2LANFB/mkDWrIlLuKhx6rnmIG1 n4oUXyqFtpUBwK6tJgAh3tHi2TKSbBb5urekd4sZDBnIY5lySxlNflfazHUrt7YeKCL0lYBO7z6 8IhPw8d9hPZh5Wab8X2HnuLgW3zKgJPrgh5p X-Google-Smtp-Source: AGHT+IGMfC5bYT89xwUGIRcWcYBLcrDHxpifLOILfiifYOvLLZkiaBaVMm5yE1Dq6W03ii+cU3BmhaFGONAD X-Received: by 2002:a17:902:dac5:b0:221:331:1d46 with SMTP id d9443c01a7336-22fc8b10870mr157161165ad.2.1747030464788; Sun, 11 May 2025 23:14:24 -0700 (PDT) Received: from postal.iol.unh.edu (postal.iol.unh.edu. [2606:4100:3880:1234::84]) by smtp-relay.gmail.com with ESMTPS id d9443c01a7336-22fc58243d6sm3835145ad.8.2025.05.11.23.14.24 (version=TLS1_2 cipher=ECDHE-ECDSA-AES128-GCM-SHA256 bits=128/128); Sun, 11 May 2025 23:14:24 -0700 (PDT) X-Relaying-Domain: iol.unh.edu Date: Sun, 11 May 2025 23:14:24 -0700 (PDT) Message-ID: <682191c0.170a0220.30d5ce.4911SMTPIN_ADDED_MISSING@mx.google.com> Received: from [172.21.0.5] (unknown [172.18.0.240]) by postal.iol.unh.edu (Postfix) with ESMTP id F217B6052471; Mon, 12 May 2025 02:14:23 -0400 (EDT) Subject: |WARNING| [GIT MASTER] 4401486b5e30d43a134f80f9802f60b5f43e74a8 From: dpdklab@iol.unh.edu To: Test Report Cc: dpdk-test-reports@iol.unh.edu, Xueming Li , Christian Ehrhardt , Kevin Traynor , Luca Boccassi Content-Type: text/plain X-BeenThere: test-report@dpdk.org X-Mailman-Version: 2.1.29 Precedence: list List-Id: automatic DPDK test reports List-Unsubscribe: , List-Archive: List-Post: List-Help: List-Subscribe: , Errors-To: test-report-bounces@dpdk.org _Testing issues_ Branch: tags/v22.11 4401486b5e30d43a134f80f9802f60b5f43e74a8 --> testing issues Upstream job id: Generic-DPDK-Compile-ABI#126098 Test environment and result as below: +-------------------+----------+ | Environment | abi_test | +===================+==========+ | CentOS Stream 9 | FAIL | +-------------------+----------+ | CentOS Stream 10 | PASS | +-------------------+----------+ | Debian 12 | FAIL | +-------------------+----------+ | Fedora 40 (Clang) | PASS | +-------------------+----------+ | Fedora 41 | FAIL | +-------------------+----------+ | Fedora 40 | PASS | +-------------------+----------+ | Fedora 41 (Clang) | PASS | +-------------------+----------+ | RHEL9 | FAIL | +-------------------+----------+ | openSUSE Leap 15 | PASS | +-------------------+----------+ | RHEL8 | FAIL | +-------------------+----------+ | Ubuntu 22.04 | PASS | +-------------------+----------+ | Ubuntu 24.04 | FAIL | +-------------------+----------+ ==== 20 line log output for Ubuntu 24.04 (abi_test): ==== Installing /root/workspace/Generic-DPDK-Compile-ABI/dpdk/drivers/raw/cnxk_bphy/rte_pmd_bphy.h to /root/workspace/Generic-DPDK-Compile-ABI/build_install/usr/local/include Installing /root/workspace/Generic-DPDK-Compile-ABI/dpdk/drivers/raw/cnxk_gpio/rte_pmd_cnxk_gpio.h to /root/workspace/Generic-DPDK-Compile-ABI/build_install/usr/local/include Installing /root/workspace/Generic-DPDK-Compile-ABI/dpdk/drivers/raw/dpaa2_cmdif/rte_pmd_dpaa2_cmdif.h to /root/workspace/Generic-DPDK-Compile-ABI/build_install/usr/local/include Installing /root/workspace/Generic-DPDK-Compile-ABI/dpdk/drivers/raw/ntb/rte_pmd_ntb.h to /root/workspace/Generic-DPDK-Compile-ABI/build_install/usr/local/include Installing /root/workspace/Generic-DPDK-Compile-ABI/dpdk/drivers/crypto/scheduler/rte_cryptodev_scheduler.h to /root/workspace/Generic-DPDK-Compile-ABI/build_install/usr/local/include Installing /root/workspace/Generic-DPDK-Compile-ABI/dpdk/drivers/crypto/scheduler/rte_cryptodev_scheduler_operations.h to /root/workspace/Generic-DPDK-Compile-ABI/build_install/usr/local/include Installing /root/workspace/Generic-DPDK-Compile-ABI/dpdk/drivers/event/dlb2/rte_pmd_dlb2.h to /root/workspace/Generic-DPDK-Compile-ABI/build_install/usr/local/include Installing /root/workspace/Generic-DPDK-Compile-ABI/dpdk/drivers/baseband/acc/rte_acc_cfg.h to /root/workspace/Generic-DPDK-Compile-ABI/build_install/usr/local/include Installing /root/workspace/Generic-DPDK-Compile-ABI/dpdk/drivers/baseband/fpga_5gnr_fec/rte_pmd_fpga_5gnr_fec.h to /root/workspace/Generic-DPDK-Compile-ABI/build_install/usr/local/include Installing /root/workspace/Generic-DPDK-Compile-ABI/dpdk/usertools/dpdk-devbind.py to /root/workspace/Generic-DPDK-Compile-ABI/build_install/usr/local/bin Installing /root/workspace/Generic-DPDK-Compile-ABI/dpdk/usertools/dpdk-pmdinfo.py to /root/workspace/Generic-DPDK-Compile-ABI/build_install/usr/local/bin Installing /root/workspace/Generic-DPDK-Compile-ABI/dpdk/usertools/dpdk-telemetry.py to /root/workspace/Generic-DPDK-Compile-ABI/build_install/usr/local/bin Installing /root/workspace/Generic-DPDK-Compile-ABI/dpdk/usertools/dpdk-hugepages.py to /root/workspace/Generic-DPDK-Compile-ABI/build_install/usr/local/bin Installing /root/workspace/Generic-DPDK-Compile-ABI/dpdk/doc/guides/custom.css to /root/workspace/Generic-DPDK-Compile-ABI/build_install/usr/local/share/doc/dpdk/_static/css Installing /root/workspace/Generic-DPDK-Compile-ABI/dpdk/build/rte_build_config.h to /root/workspace/Generic-DPDK-Compile-ABI/build_install/usr/local/include Installing /root/workspace/Generic-DPDK-Compile-ABI/dpdk/build/meson-private/libdpdk-libs.pc to /root/workspace/Generic-DPDK-Compile-ABI/build_install/usr/local/lib/x86_64-linux-gnu/pkgconfig Installing /root/workspace/Generic-DPDK-Compile-ABI/dpdk/build/meson-private/libdpdk.pc to /root/workspace/Generic-DPDK-Compile-ABI/build_install/usr/local/lib/x86_64-linux-gnu/pkgconfig Running custom install script '/bin/sh /root/workspace/Generic-DPDK-Compile-ABI/dpdk/config/../buildtools/symlink-drivers-solibs.sh lib/x86_64-linux-gnu dpdk/pmds-23.0' ==== Compiled DPDK with debugoptimized bash: /scripts/generate_abi.sh: No such file or directory ==== End log output ==== CentOS Stream 9 Kernel: Depends on container host Compiler: gcc 11.5.0 20240719 (Red Hat 11.5.0-2) CentOS Stream 10 Kernel: Depends on container host Compiler: gcc 14.2.1 20241104 (Red Hat 14.2.1-6) Debian 12 Kernel: Depends on container host Compiler: gcc (Debian 12.2.0-14) 12.2.0 Fedora 40 (Clang) Kernel: Depends on container host Compiler: clang 18.1.8 (Fedora 18.1.8-1.fc40) Fedora 41 Kernel: Depends on container host Compiler: gcc 14.2.1 20240912 (Red Hat 14.2.1-3) Fedora 40 Kernel: Depends on container host Compiler: gcc 14.2.1 20240912 (Red Hat 14.2.1-3) Fedora 41 (Clang) Kernel: Depends on container host Compiler: clang 19.1.5 (Fedora 19.1.5-1.fc41) RHEL9 Kernel: Depends on container host Compiler: gcc 11.5.0 20240719 (Red Hat 11.5.0-2) openSUSE Leap 15 Kernel: Depends on container host Compiler: gcc (SUSE Linux) 7.5.0 RHEL8 Kernel: Depends on container host Compiler: gcc 8.5.0 20210514 (Red Hat 8.5.0-22) Ubuntu 22.04 Kernel: Depends on container host Compiler: gcc (Ubuntu 11.4.0-1ubuntu1~22.04) 11.4.0 Ubuntu 24.04 Kernel: Depends on container host Compiler: gcc (Ubuntu 13.3.0-6ubuntu2~24.04) 13.3.0 To view detailed results, visit: https://lab.dpdk.org/results/dashboard/tarballs/33504/ UNH-IOL DPDK Community Lab To manage your email subscriptions, visit: https://lab.dpdk.org/results/dashboard/preferences/subscriptions/