From mboxrd@z Thu Jan 1 00:00:00 1970 Return-Path: Received: from mails.dpdk.org (mails.dpdk.org [217.70.189.124]) by inbox.dpdk.org (Postfix) with ESMTP id 32A2646724 for ; Mon, 12 May 2025 08:16:13 +0200 (CEST) Received: from mails.dpdk.org (localhost [127.0.0.1]) by mails.dpdk.org (Postfix) with ESMTP id 1217B4026C; Mon, 12 May 2025 08:16:13 +0200 (CEST) Received: from mail-pg1-f227.google.com (mail-pg1-f227.google.com [209.85.215.227]) by mails.dpdk.org (Postfix) with ESMTP id B17B24026A for ; Mon, 12 May 2025 08:16:11 +0200 (CEST) Received: by mail-pg1-f227.google.com with SMTP id 41be03b00d2f7-b074d908e56so2578508a12.2 for ; Sun, 11 May 2025 23:16:11 -0700 (PDT) DKIM-Signature: v=1; a=rsa-sha256; c=relaxed/relaxed; d=iol.unh.edu; s=unh-iol; t=1747030571; x=1747635371; darn=dpdk.org; h=cc:to:from:subject:message-id:date:from:to:cc:subject:date :message-id:reply-to; bh=ier6suDk46Vdjjrp3B+BWcz6wUy62spg0bMJo4oqXZI=; b=Jn9QKvtfv4qNgAyiCgzrHwhkxQ++gICbqVkHV9WqRilI5oDyef9ga4hgVs4CvGeFp6 Ik3wQUhdF11vjEbQ/4WukllpsOFqfpLavB8BYygJvM9sHXCw03A1Fvu/09gZ3YXZ4ZPH 5YZo5nPSeu377tn0U3A3BETtbpp9PRyZIYs7c= X-Google-DKIM-Signature: v=1; a=rsa-sha256; c=relaxed/relaxed; d=1e100.net; s=20230601; t=1747030571; x=1747635371; h=cc:to:from:subject:message-id:date:x-gm-message-state:from:to:cc :subject:date:message-id:reply-to; bh=ier6suDk46Vdjjrp3B+BWcz6wUy62spg0bMJo4oqXZI=; b=ovgx9ST9gkfnadwRoYmcgDGh4jIEQowD9Nqy5AQL1r+tcCBUfitqecqqUSly8XuzF9 rgQ+YfWLkAii7ViM+PO0pHnUm6QJuykEvlcgOnEOdbvZY/uYY7UNF6v867yE486ks9HH fxktZ68OgVJ1xoWpx1wUXh5Ppo9PEHQHbzrR/l+dUcubg1xSKLsNaWKgCBlKMVMH6/a8 iWGSfU2wC3s6sAC+gixlhLG7o+4DJFvHsOJunY0DTCJw66pPTsDUDgSEcR2+S5qtxJ+l tvPcs+tipSF3w5qBApJsbUcWzoC+4DZ+MViAQ7nUgthpvMQbeowLz4RkKYtHvRPKIrvn tT5A== X-Gm-Message-State: AOJu0YwQQGBLWIX0r6CaJidvt6Q93SFs7jWN/DPelr+Cjkdx/jXHGEiU MOAeh+2NPjtodVGfq2/DinNkdLqfkwY1t6i1KKQU0u6umteNoIHg3zto7jd8ii8Ir8NzvJ1j/hg 06XRdpBLq4zR99Z5mfA9X/LPIDZEWtyif4+2Fh016xz3qFO2J X-Gm-Gg: ASbGncuIMJz/0r65foG7GAPnR18qvQZvOoFEv3FAM1gehDHjtcdg6psBQ3Jq0/tgJg+ Y6vzlTJr/uFD5VCb23g69UyW9zH4wWYGTRIHmSzNTPXl1dtozAKHX4tkjMsqMCjCobuYIxluhj7 Pk3d7hPOr4kpCg+cX4Svv0ekSxKpvXEEYtVGmq7NqIvQsHpMKJICgBqTMikk00ALnw8PNV20MwL 5lnc/LSb82QaBcU1S8jLRhPghi6x4XmzqQ2+wlg8P3txtMVv2Il25ay+9MRouMEdXk/WeXMxte/ Fa0wLt4p7+CbOy3V7FRWzq/JEA5543fIDR84 X-Google-Smtp-Source: AGHT+IG8TumViX5BkW+mVBV5n8n089V0yD/mB98niiC+vd7LM1gTgtOq3EAMwrxbSHKeXNuNyvvc5/XqKUUe X-Received: by 2002:a17:902:e5c3:b0:22f:b6d6:2737 with SMTP id d9443c01a7336-22fc8b0fadfmr208121385ad.10.1747030570712; Sun, 11 May 2025 23:16:10 -0700 (PDT) Received: from postal.iol.unh.edu (postal.iol.unh.edu. [2606:4100:3880:1234::84]) by smtp-relay.gmail.com with ESMTPS id d9443c01a7336-22fc6f22e70sm4113945ad.100.2025.05.11.23.16.10 (version=TLS1_2 cipher=ECDHE-ECDSA-AES128-GCM-SHA256 bits=128/128); Sun, 11 May 2025 23:16:10 -0700 (PDT) X-Relaying-Domain: iol.unh.edu Date: Sun, 11 May 2025 23:16:10 -0700 (PDT) Message-ID: <6821922a.170a0220.1651f8.60deSMTPIN_ADDED_MISSING@mx.google.com> Received: from [172.21.0.5] (unknown [172.18.0.240]) by postal.iol.unh.edu (Postfix) with ESMTP id D7C0D6052471; Mon, 12 May 2025 02:16:09 -0400 (EDT) Subject: |FAILURE| [GIT MASTER] 4401486b5e30d43a134f80f9802f60b5f43e74a8 From: dpdklab@iol.unh.edu To: Test Report Cc: dpdk-test-reports@iol.unh.edu, Xueming Li , Christian Ehrhardt , Kevin Traynor , Luca Boccassi Content-Type: text/plain X-BeenThere: test-report@dpdk.org X-Mailman-Version: 2.1.29 Precedence: list List-Id: automatic DPDK test reports List-Unsubscribe: , List-Archive: List-Post: List-Help: List-Subscribe: , Errors-To: test-report-bounces@dpdk.org _Testing issues_ Branch: tags/v22.11 4401486b5e30d43a134f80f9802f60b5f43e74a8 --> testing issues Upstream job id: Generic-Unit-Test-DPDK#337152 Test environment and result as below: +---------------------+----------------+ | Environment | dpdk_unit_test | +=====================+================+ | CentOS Stream 10 | PEND | +---------------------+----------------+ | Fedora 40 | FAIL | +---------------------+----------------+ | CentOS Stream 9 | FAIL | +---------------------+----------------+ | Fedora 41 | FAIL | +---------------------+----------------+ | Fedora 40 (Clang) | PEND | +---------------------+----------------+ | Debian 12 | PEND | +---------------------+----------------+ | RHEL9 | FAIL | +---------------------+----------------+ | Fedora 41 (Clang) | PEND | +---------------------+----------------+ | Ubuntu 22.04 | PEND | +---------------------+----------------+ | Ubuntu 24.04 | PEND | +---------------------+----------------+ | Ubuntu 20.04 | PASS | +---------------------+----------------+ | RHEL8 | PEND | +---------------------+----------------+ | Windows Server 2022 | FAIL | +---------------------+----------------+ ==== Unit test summary for Windows Server 2022 (dpdk_unit_test): ==== Failed to get the unit test results. Displaying the unit test results is not supported for some environments, such as our aarch32 testing, where meson is not used to run the tests. Download the logs available on our CI site. ==== End log output ==== CentOS Stream 10 Kernel: Depends on container host Compiler: gcc 14.2.1 20241104 (Red Hat 14.2.1-6) Fedora 40 Kernel: Depends on container host Compiler: gcc 14.2.1 20240912 (Red Hat 14.2.1-3) CentOS Stream 9 Kernel: Depends on container host Compiler: gcc 11.5.0 20240719 (Red Hat 11.5.0-2) Fedora 41 Kernel: Depends on container host Compiler: gcc 14.2.1 20240912 (Red Hat 14.2.1-3) Fedora 40 (Clang) Kernel: Depends on container host Compiler: clang 18.1.8 (Fedora 18.1.8-1.fc40) Debian 12 Kernel: Depends on container host Compiler: gcc (Debian 12.2.0-14) 12.2.0 RHEL9 Kernel: Depends on container host Compiler: gcc 11.5.0 20240719 (Red Hat 11.5.0-2) Fedora 41 (Clang) Kernel: Depends on container host Compiler: clang 19.1.5 (Fedora 19.1.5-1.fc41) Ubuntu 22.04 Kernel: Depends on container host Compiler: gcc (Ubuntu 11.4.0-1ubuntu1~22.04) 11.4.0 Ubuntu 24.04 Kernel: Depends on container host Compiler: gcc (Ubuntu 13.3.0-6ubuntu2~24.04) 13.3.0 Ubuntu 20.04 Kernel: Depends on container host Compiler: gcc (Ubuntu 9.4.0-1ubuntu1~20.04.2) 9.4.0 RHEL8 Kernel: Depends on container host Compiler: gcc 8.5.0 20210514 (Red Hat 8.5.0-22) Windows Server 2022 Kernel: 10.0.20348.2031 Compiler: clang 15.0.7, gcc 14.1.0 (MinGW), and MSVC VS 19.39.33521 To view detailed results, visit: https://lab.dpdk.org/results/dashboard/tarballs/33504/ UNH-IOL DPDK Community Lab To manage your email subscriptions, visit: https://lab.dpdk.org/results/dashboard/preferences/subscriptions/