From mboxrd@z Thu Jan 1 00:00:00 1970 Return-Path: Received: from mails.dpdk.org (mails.dpdk.org [217.70.189.124]) by inbox.dpdk.org (Postfix) with ESMTP id C518E46724 for ; Mon, 12 May 2025 08:28:36 +0200 (CEST) Received: from mails.dpdk.org (localhost [127.0.0.1]) by mails.dpdk.org (Postfix) with ESMTP id A43A24026C; Mon, 12 May 2025 08:28:36 +0200 (CEST) Received: from mail-qv1-f98.google.com (mail-qv1-f98.google.com [209.85.219.98]) by mails.dpdk.org (Postfix) with ESMTP id 86F174026A for ; Mon, 12 May 2025 08:28:35 +0200 (CEST) Received: by mail-qv1-f98.google.com with SMTP id 6a1803df08f44-6f549550d96so53829366d6.3 for ; Sun, 11 May 2025 23:28:35 -0700 (PDT) DKIM-Signature: v=1; a=rsa-sha256; c=relaxed/relaxed; d=iol.unh.edu; s=unh-iol; t=1747031315; x=1747636115; darn=dpdk.org; h=cc:to:from:subject:message-id:date:from:to:cc:subject:date :message-id:reply-to; bh=zMWBqUbs6crZXR63DBtFdR9WnLkFkdrNTbgPVc6c3Sk=; b=Ayulv+ekLMMPV5H00dsePF2mVkALSuCQbp39JDymkBYRZHhoCEjYM/pn4yE0tG5Q85 wBLojvyMtn4Nf5/JYEplclp3BoebDRu8rwLSAPDv2IlRF7uk6t2YIvNDotGxe4qTQ3xX p5ClHfdqh4j7ZMPB06O9MU3m7zwWLKFYSKm0w= X-Google-DKIM-Signature: v=1; a=rsa-sha256; c=relaxed/relaxed; d=1e100.net; s=20230601; t=1747031315; x=1747636115; h=cc:to:from:subject:message-id:date:x-gm-message-state:from:to:cc :subject:date:message-id:reply-to; bh=zMWBqUbs6crZXR63DBtFdR9WnLkFkdrNTbgPVc6c3Sk=; b=H5slasCESHqK71uG3J/vu17LH3vQmlbLIPmA37FVgmklVV/sw098HgtqHOzz5JzGSY HuUBhnz/W5DvGTihMesZXUJVKBGUKvbwtuateZxri1UyiYtkKl4gHT3tU2ITUUJMqUBk 4hka0k+q1IYkH4s+e45opv/TORJx3Evc5iuhDr9bewYVOebY9t6BAVyX5oUhmWza7uHO V/9r0J5c5EpyxM+xVXRyS5azGwJR0x+qeT26ptCw50Z4ITDeVIumFD10ncVTiFs6eDqs a3r+BQIunEDtGCHf0A1hKn/Rdy+sPh2kfWX9qYIaWXkh2RQ2HubWDKPJxVrbaDBF7WrQ F2ng== X-Gm-Message-State: AOJu0YxvaE7NDUMD2W8WTrCFv11/z22c9US1wnhHl64Fp/z70dUjR+Rt vO7KE5BcYHsEU/ljdJrx+5pn3Jyfyi8Suuz4gvem/flHb2XBxvL4kLnPC0BXN8l0fFOv6A4+xA7 9dT4qn9mfzwiTwoN6FWlCa6uTMV5tE/Il X-Gm-Gg: ASbGncuYM88zKtCnUXNfyc1ldGsx0oHYKCIu9Ph+ptN3CYK3qXF7TFLyPmMxDuaEzui /bnrUh8YUwvA0IMuPt7TJshA515HuxrrqOKUVFlY8+YUSPx5CkwzlNJRrv/GRL4jDIGmOmWrZJF 3BKy/Owk5wxHXA7e5jDSPAn0s9r1wIYayos8nmCV5LeicB1AovIpSIkLTQSBl+2EOukJBZ+YCsE y7HJIf2BhyA/9Pem1POuywBmLDA5Pkk9r9zOPVlf9X9Ck5/Msoww9yYvu3i2gbao8RqxWZU2nu1 4mo5Y9K1oemOtGaERU1wTsZl8PF+apGTXHoBOqOKsab4D3j5K3Cc9SiC6fQ= X-Google-Smtp-Source: AGHT+IENT3MCyaSTMzsUbdKN8YAdSxkMDtp0qCfOPA4a3Zlb/b4EmhA8PEAKuyKm2zQyxsQzQWpglVAZK2+g X-Received: by 2002:a05:6214:2467:b0:6e8:fbb7:6764 with SMTP id 6a1803df08f44-6f6e4824884mr217832416d6.45.1747031314829; Sun, 11 May 2025 23:28:34 -0700 (PDT) Received: from postal.iol.unh.edu (postal.iol.unh.edu. [132.177.123.84]) by smtp-relay.gmail.com with ESMTPS id 6a1803df08f44-6f6e3a0e7d2sm4046316d6.40.2025.05.11.23.28.34 (version=TLS1_2 cipher=ECDHE-ECDSA-AES128-GCM-SHA256 bits=128/128); Sun, 11 May 2025 23:28:34 -0700 (PDT) X-Relaying-Domain: iol.unh.edu Date: Sun, 11 May 2025 23:28:34 -0700 (PDT) Message-ID: <68219512.050a0220.21a08b.6142SMTPIN_ADDED_MISSING@mx.google.com> Received: from [172.21.0.5] (unknown [172.18.0.240]) by postal.iol.unh.edu (Postfix) with ESMTP id 845076052471; Mon, 12 May 2025 02:28:34 -0400 (EDT) Subject: |FAILURE| [GIT MASTER] 4401486b5e30d43a134f80f9802f60b5f43e74a8 From: dpdklab@iol.unh.edu To: Test Report Cc: dpdk-test-reports@iol.unh.edu, Xueming Li , Christian Ehrhardt , Kevin Traynor , Luca Boccassi Content-Type: text/plain X-BeenThere: test-report@dpdk.org X-Mailman-Version: 2.1.29 Precedence: list List-Id: automatic DPDK test reports List-Unsubscribe: , List-Archive: List-Post: List-Help: List-Subscribe: , Errors-To: test-report-bounces@dpdk.org _Testing issues_ Branch: tags/v22.11 4401486b5e30d43a134f80f9802f60b5f43e74a8 --> testing issues Upstream job id: Generic-Unit-Test-DPDK#337151 Test environment and result as below: +---------------------+----------------+ | Environment | dpdk_unit_test | +=====================+================+ | CentOS Stream 10 | FAIL | +---------------------+----------------+ | Fedora 40 | FAIL | +---------------------+----------------+ | CentOS Stream 9 | FAIL | +---------------------+----------------+ | Fedora 41 | FAIL | +---------------------+----------------+ | Fedora 40 (Clang) | FAIL | +---------------------+----------------+ | Debian 12 | PEND | +---------------------+----------------+ | RHEL9 | FAIL | +---------------------+----------------+ | Fedora 41 (Clang) | PEND | +---------------------+----------------+ | Ubuntu 22.04 | PEND | +---------------------+----------------+ | Ubuntu 24.04 | PEND | +---------------------+----------------+ | Ubuntu 20.04 | PASS | +---------------------+----------------+ | RHEL8 | PEND | +---------------------+----------------+ | Windows Server 2022 | FAIL | +---------------------+----------------+ ==== Unit test summary for Windows Server 2022 (dpdk_unit_test): ==== Failed to get the unit test results. Displaying the unit test results is not supported for some environments, such as our aarch32 testing, where meson is not used to run the tests. Download the logs available on our CI site. ==== End log output ==== CentOS Stream 10 Kernel: Depends on container host Compiler: gcc 14.2.1 20241104 (Red Hat 14.2.1-6) Fedora 40 Kernel: Depends on container host Compiler: gcc 14.2.1 20240912 (Red Hat 14.2.1-3) CentOS Stream 9 Kernel: Depends on container host Compiler: gcc 11.5.0 20240719 (Red Hat 11.5.0-2) Fedora 41 Kernel: Depends on container host Compiler: gcc 14.2.1 20240912 (Red Hat 14.2.1-3) Fedora 40 (Clang) Kernel: Depends on container host Compiler: clang 18.1.8 (Fedora 18.1.8-1.fc40) Debian 12 Kernel: Depends on container host Compiler: gcc (Debian 12.2.0-14) 12.2.0 RHEL9 Kernel: Depends on container host Compiler: gcc 11.5.0 20240719 (Red Hat 11.5.0-2) Fedora 41 (Clang) Kernel: Depends on container host Compiler: clang 19.1.5 (Fedora 19.1.5-1.fc41) Ubuntu 22.04 Kernel: Depends on container host Compiler: gcc (Ubuntu 11.4.0-1ubuntu1~22.04) 11.4.0 Ubuntu 24.04 Kernel: Depends on container host Compiler: gcc (Ubuntu 13.3.0-6ubuntu2~24.04) 13.3.0 Ubuntu 20.04 Kernel: Depends on container host Compiler: gcc (Ubuntu 9.4.0-1ubuntu1~20.04.2) 9.4.0 RHEL8 Kernel: Depends on container host Compiler: gcc 8.5.0 20210514 (Red Hat 8.5.0-22) Windows Server 2022 Kernel: 10.0.20348.2031 Compiler: clang 15.0.7, gcc 14.1.0 (MinGW), and MSVC VS 19.39.33521 To view detailed results, visit: https://lab.dpdk.org/results/dashboard/tarballs/33504/ UNH-IOL DPDK Community Lab To manage your email subscriptions, visit: https://lab.dpdk.org/results/dashboard/preferences/subscriptions/