From mboxrd@z Thu Jan 1 00:00:00 1970 Return-Path: Received: from mails.dpdk.org (mails.dpdk.org [217.70.189.124]) by inbox.dpdk.org (Postfix) with ESMTP id 116DC46724 for ; Mon, 12 May 2025 08:30:55 +0200 (CEST) Received: from mails.dpdk.org (localhost [127.0.0.1]) by mails.dpdk.org (Postfix) with ESMTP id E80464026C; Mon, 12 May 2025 08:30:54 +0200 (CEST) Received: from mail-pg1-f227.google.com (mail-pg1-f227.google.com [209.85.215.227]) by mails.dpdk.org (Postfix) with ESMTP id 538444026A for ; Mon, 12 May 2025 08:30:53 +0200 (CEST) Received: by mail-pg1-f227.google.com with SMTP id 41be03b00d2f7-b0b2d1f2845so2664781a12.3 for ; Sun, 11 May 2025 23:30:53 -0700 (PDT) DKIM-Signature: v=1; a=rsa-sha256; c=relaxed/relaxed; d=iol.unh.edu; s=unh-iol; t=1747031452; x=1747636252; darn=dpdk.org; h=cc:to:from:subject:message-id:date:from:to:cc:subject:date :message-id:reply-to; bh=Zk+aGV9Ot9Fj8iZgDBQxEO+2tVdL1WUPuy1MUMLOnpc=; b=Qc1hCN/CcnjLJowm3Nqg4SfjX3wsvVETFCZ2l/ZlB6Koaw3oHYXK6jikdN01NZOVNj 9P7ZSi2poK8XkHbhCI5hKaCOSKTI/Kgo/6o6IIAx2ZS1pyqhSbJDScsVCBawqeUROuzR ml7rSJv8uhzE8FW7ehXiUgIZOmzq0w8WSSsNs= X-Google-DKIM-Signature: v=1; a=rsa-sha256; c=relaxed/relaxed; d=1e100.net; s=20230601; t=1747031452; x=1747636252; h=cc:to:from:subject:message-id:date:x-gm-message-state:from:to:cc :subject:date:message-id:reply-to; bh=Zk+aGV9Ot9Fj8iZgDBQxEO+2tVdL1WUPuy1MUMLOnpc=; b=gecS9VBpWlp3c5KFrSKwfFLaPFyzs9L5q2RCcxa9GucNyNlmncgHtdWO6RZl+2uU2N q1TInk8+d4eBoWyNuoOgirClPsYlmgDdRexQcHHjwqQDyNpvrFMirKVl7XRD3DWHfv1b HP2kH1hCL/EN99ZBNT/AMo3jaia7a4SqRPiKv1R7GZufhFRy/WnAmEjc6YcweIXEnYYC VklJegmFzhpEha8D+SgD426iWGFQbUjHjcZIopS2KLOIxgwPqKGQmDCOWAY5ysORaW0L L7KCRe32UeW6RQ/FycSh+gclh7dcThDl3Zg45WgJ0i1nQ2YhFiZBwhNRI4WiT6RZYvEb 6NmQ== X-Gm-Message-State: AOJu0YxY4R3brDtkXnFsvMlU6wXNe8ZTbTX+/L1gWRjK5V1izPQydPEW FESeN0srCyJIOZRp22IVTMAV8NJxSenNIOgwTibvrV4sgNepsB1IpZ8D1cjudU8KFbOBDRGgbXT 6+mVR8gv55NHpID0xHqClJfOQ+nVVWYt5iqq5waVgBZyZtkrl X-Gm-Gg: ASbGncubUrk5mLwlSRGnGqYwMNuzsk3EhdIeKw7AEa0naQHhMFA1lvjezPpw90PNFh1 p1UJUKDo5DoNqoAvqphHuVKFDzSj6hoUbaBYK6+A+0pLr/FLJlz9cwFCnFJaiBXwILeOjxwz0MA v1p+sSZ97U4rZqQrs/Eqr4YgkyedM7G5yAcyLZsYEs86KaZjuchb17mPm4GgmKvof7Sju7gKdkE CCsXcK0JS8z/4in0iRELNUp6gEHM0GEZS89Zlr8+sXRmr4YvSCro311kJV3tWJ99lTU8RNJnO20 r6XiolRQ9HxyJzQU392AY9NrqFUUUKEWZINb X-Google-Smtp-Source: AGHT+IGlkg5DMO55RmB4L5fyb8Hj8Vly4nlOTBQAVqBjLJ6WNg+pd+04V+yOLF5TVn2Hm8bz6J1M9fTkO3wW X-Received: by 2002:a17:902:f70a:b0:22e:a59:af6f with SMTP id d9443c01a7336-22fc8c8d2d9mr206652615ad.28.1747031452314; Sun, 11 May 2025 23:30:52 -0700 (PDT) Received: from postal.iol.unh.edu (postal.iol.unh.edu. [2606:4100:3880:1234::84]) by smtp-relay.gmail.com with ESMTPS id d9443c01a7336-22fc5a44812sm3683295ad.64.2025.05.11.23.30.52 (version=TLS1_2 cipher=ECDHE-ECDSA-AES128-GCM-SHA256 bits=128/128); Sun, 11 May 2025 23:30:52 -0700 (PDT) X-Relaying-Domain: iol.unh.edu Date: Sun, 11 May 2025 23:30:52 -0700 (PDT) Message-ID: <6821959c.170a0220.152677.40daSMTPIN_ADDED_MISSING@mx.google.com> Received: from [172.21.0.6] (unknown [172.18.0.240]) by postal.iol.unh.edu (Postfix) with ESMTP id C07DD6052471; Mon, 12 May 2025 02:30:51 -0400 (EDT) Subject: |FAILURE| [GIT MASTER] 4401486b5e30d43a134f80f9802f60b5f43e74a8 From: dpdklab@iol.unh.edu To: Test Report Cc: dpdk-test-reports@iol.unh.edu, Xueming Li , Christian Ehrhardt , Kevin Traynor , Luca Boccassi Content-Type: text/plain X-BeenThere: test-report@dpdk.org X-Mailman-Version: 2.1.29 Precedence: list List-Id: automatic DPDK test reports List-Unsubscribe: , List-Archive: List-Post: List-Help: List-Subscribe: , Errors-To: test-report-bounces@dpdk.org _Testing issues_ Branch: tags/v22.11 4401486b5e30d43a134f80f9802f60b5f43e74a8 --> testing issues Upstream job id: Generic-Unit-Test-DPDK#337153 Test environment and result as below: +---------------------+----------------+ | Environment | dpdk_unit_test | +=====================+================+ | CentOS Stream 10 | FAIL | +---------------------+----------------+ | Fedora 40 | FAIL | +---------------------+----------------+ | CentOS Stream 9 | FAIL | +---------------------+----------------+ | Fedora 41 | FAIL | +---------------------+----------------+ | Fedora 40 (Clang) | FAIL | +---------------------+----------------+ | Debian 12 | PEND | +---------------------+----------------+ | RHEL9 | FAIL | +---------------------+----------------+ | Fedora 41 (Clang) | FAIL | +---------------------+----------------+ | Ubuntu 22.04 | PEND | +---------------------+----------------+ | Ubuntu 24.04 | PEND | +---------------------+----------------+ | Ubuntu 20.04 | PASS | +---------------------+----------------+ | RHEL8 | PEND | +---------------------+----------------+ | Windows Server 2022 | FAIL | +---------------------+----------------+ ==== Unit test summary for Windows Server 2022 (dpdk_unit_test): ==== Failed to get the unit test results. Displaying the unit test results is not supported for some environments, such as our aarch32 testing, where meson is not used to run the tests. Download the logs available on our CI site. ==== End log output ==== CentOS Stream 10 Kernel: Depends on container host Compiler: gcc 14.2.1 20241104 (Red Hat 14.2.1-6) Fedora 40 Kernel: Depends on container host Compiler: gcc 14.2.1 20240912 (Red Hat 14.2.1-3) CentOS Stream 9 Kernel: Depends on container host Compiler: gcc 11.5.0 20240719 (Red Hat 11.5.0-2) Fedora 41 Kernel: Depends on container host Compiler: gcc 14.2.1 20240912 (Red Hat 14.2.1-3) Fedora 40 (Clang) Kernel: Depends on container host Compiler: clang 18.1.8 (Fedora 18.1.8-1.fc40) Debian 12 Kernel: Depends on container host Compiler: gcc (Debian 12.2.0-14) 12.2.0 RHEL9 Kernel: Depends on container host Compiler: gcc 11.5.0 20240719 (Red Hat 11.5.0-2) Fedora 41 (Clang) Kernel: Depends on container host Compiler: clang 19.1.5 (Fedora 19.1.5-1.fc41) Ubuntu 22.04 Kernel: Depends on container host Compiler: gcc (Ubuntu 11.4.0-1ubuntu1~22.04) 11.4.0 Ubuntu 24.04 Kernel: Depends on container host Compiler: gcc (Ubuntu 13.3.0-6ubuntu2~24.04) 13.3.0 Ubuntu 20.04 Kernel: Depends on container host Compiler: gcc (Ubuntu 9.4.0-1ubuntu1~20.04.2) 9.4.0 RHEL8 Kernel: Depends on container host Compiler: gcc 8.5.0 20210514 (Red Hat 8.5.0-22) Windows Server 2022 Kernel: 10.0.20348.2031 Compiler: clang 15.0.7, gcc 14.1.0 (MinGW), and MSVC VS 19.39.33521 To view detailed results, visit: https://lab.dpdk.org/results/dashboard/tarballs/33504/ UNH-IOL DPDK Community Lab To manage your email subscriptions, visit: https://lab.dpdk.org/results/dashboard/preferences/subscriptions/