From mboxrd@z Thu Jan 1 00:00:00 1970 Return-Path: Received: from mails.dpdk.org (mails.dpdk.org [217.70.189.124]) by inbox.dpdk.org (Postfix) with ESMTP id 92FCB46724 for ; Mon, 12 May 2025 08:37:11 +0200 (CEST) Received: from mails.dpdk.org (localhost [127.0.0.1]) by mails.dpdk.org (Postfix) with ESMTP id 783854026C; Mon, 12 May 2025 08:37:11 +0200 (CEST) Received: from mail-qv1-f99.google.com (mail-qv1-f99.google.com [209.85.219.99]) by mails.dpdk.org (Postfix) with ESMTP id 7EB1F4026A for ; Mon, 12 May 2025 08:37:10 +0200 (CEST) Received: by mail-qv1-f99.google.com with SMTP id 6a1803df08f44-6f53d271c4cso39241186d6.3 for ; Sun, 11 May 2025 23:37:10 -0700 (PDT) DKIM-Signature: v=1; a=rsa-sha256; c=relaxed/relaxed; d=iol.unh.edu; s=unh-iol; t=1747031830; x=1747636630; darn=dpdk.org; h=cc:to:from:subject:message-id:date:from:to:cc:subject:date :message-id:reply-to; bh=pAewcAD6wpjMqYtc/Y+63w26CP81kOrjthQ7MCVlE7c=; b=W9UA6Mff338ml2of+rz7LS95rNqxUcXpUYUXfruY7gKo3Vyv/NtKtSykqqubpWjmMd JmftIrbJiQkbzq059KiXaELDzoyhKugWYubUsX6AEiVA+gkOQli6kOXqI+Rr2Oerv6yh pzEFBTDXhHsQnxkoVnFgCF/br4WSKrVcKcowI= X-Google-DKIM-Signature: v=1; a=rsa-sha256; c=relaxed/relaxed; d=1e100.net; s=20230601; t=1747031830; x=1747636630; h=cc:to:from:subject:message-id:date:x-gm-message-state:from:to:cc :subject:date:message-id:reply-to; bh=pAewcAD6wpjMqYtc/Y+63w26CP81kOrjthQ7MCVlE7c=; b=ahpJayK5+EKcTyWOLVURAlpkIXjFfGi+Gl6ZWz2zNnxkAiyH5vpg30FwGlNioO2AP0 77YQwUshqwdt9mQyWGZ2sa9pcxaJ14lHny+C4PhM5ft7cylELgS0qfPeEaF/nve5ZUFl rTa8I4/kmH7dcmL15q39TaK7MNGKpF8xCt2Qkt7hMEm0gqbR8GXO6dVgg5I8kX4ZzeYP A2A9/bYC3wd5wPr34firdLnCyxgR541DJlmQ3gIlReOnTTfEm4nAJfSiBKCCI66TI+Vw XL0GRch78NVrHdGL5HCWs0TxC//MKkGIUgmnSDhD9zaq6fewpGagFSPkCUpLy/foOgW6 30Jg== X-Gm-Message-State: AOJu0Yy5g27sPAJ94nBZBppV9pOvAQ+nCvcdhcWVl8rSujEkjjb8RFER GaLX9khIUXcvMzMLPU8437xG21Gl4bPAI6ZDhoS4rKpPxArmNu1z/QR+WAqeFEcdFSLdz9Skgd/ F6IY1gA+72+AjqYoxVhM/MM3WtsOMDB59g/gLcoC2S1ocPAAR X-Gm-Gg: ASbGncshtP+5gRH9k64WPYELel9NOz7V9i4QQIUFibtYfbStYSlJpbrPvEpOeH2U+Pf gxXsp1DsdJ4jQpPbmcb/EijHn1ZHCBfDpbITPoUmZJB/l/Nn4jLMnXCBuJaronRUwEf156N8OtF xsh8Zrr297EIM1JHukp2F6qWjO/k0oEx5Y0UIbLkCKhwDxMUybVi8bnB4dBchm1M4DMd3N3bFew mtpFdI+Bo9OtbE70/ltXHIbf0ep01rwrZIyuo3xKpJ0vRfUDUFEESLfXMCgvFjTgWYnJL9i0Cbk qOxiVRCtqLUiRxqoUXPJBJgQKCWGDGaHRi+s X-Google-Smtp-Source: AGHT+IECkdi8Nq8TIdTqX6vwKkBEXKMrSneml66hknCqY7YtBGQ6vDo9/lzx+JRpGIzlrQIUAaHgnKd8dRaV X-Received: by 2002:a05:6214:509b:b0:6eb:26ed:4d87 with SMTP id 6a1803df08f44-6f6e4804138mr213579146d6.31.1747031829770; Sun, 11 May 2025 23:37:09 -0700 (PDT) Received: from postal.iol.unh.edu (postal.iol.unh.edu. [2606:4100:3880:1234::84]) by smtp-relay.gmail.com with ESMTPS id 6a1803df08f44-6f6e39e80c2sm4044386d6.14.2025.05.11.23.37.09 (version=TLS1_2 cipher=ECDHE-ECDSA-AES128-GCM-SHA256 bits=128/128); Sun, 11 May 2025 23:37:09 -0700 (PDT) X-Relaying-Domain: iol.unh.edu Date: Sun, 11 May 2025 23:37:09 -0700 (PDT) Message-ID: <68219715.050a0220.a29be.61b6SMTPIN_ADDED_MISSING@mx.google.com> Received: from [172.21.0.5] (unknown [172.18.0.240]) by postal.iol.unh.edu (Postfix) with ESMTP id 796066052471; Mon, 12 May 2025 02:37:09 -0400 (EDT) Subject: |FAILURE| [GIT MASTER] 4401486b5e30d43a134f80f9802f60b5f43e74a8 From: dpdklab@iol.unh.edu To: Test Report Cc: dpdk-test-reports@iol.unh.edu, Xueming Li , Christian Ehrhardt , Kevin Traynor , Luca Boccassi Content-Type: text/plain X-BeenThere: test-report@dpdk.org X-Mailman-Version: 2.1.29 Precedence: list List-Id: automatic DPDK test reports List-Unsubscribe: , List-Archive: List-Post: List-Help: List-Subscribe: , Errors-To: test-report-bounces@dpdk.org _Testing issues_ Branch: tags/v22.11 4401486b5e30d43a134f80f9802f60b5f43e74a8 --> testing issues Upstream job id: Generic-Unit-Test-DPDK#337157 Test environment and result as below: +---------------------+----------------+ | Environment | dpdk_unit_test | +=====================+================+ | CentOS Stream 10 | FAIL | +---------------------+----------------+ | Fedora 40 | FAIL | +---------------------+----------------+ | CentOS Stream 9 | FAIL | +---------------------+----------------+ | Fedora 41 | FAIL | +---------------------+----------------+ | Fedora 40 (Clang) | FAIL | +---------------------+----------------+ | Debian 12 | PEND | +---------------------+----------------+ | RHEL9 | FAIL | +---------------------+----------------+ | Fedora 41 (Clang) | FAIL | +---------------------+----------------+ | Ubuntu 22.04 | FAIL | +---------------------+----------------+ | Ubuntu 24.04 | PEND | +---------------------+----------------+ | Ubuntu 20.04 | PASS | +---------------------+----------------+ | RHEL8 | PEND | +---------------------+----------------+ | Windows Server 2022 | FAIL | +---------------------+----------------+ ==== Unit test summary for Windows Server 2022 (dpdk_unit_test): ==== Failed to get the unit test results. Displaying the unit test results is not supported for some environments, such as our aarch32 testing, where meson is not used to run the tests. Download the logs available on our CI site. ==== End log output ==== CentOS Stream 10 Kernel: Depends on container host Compiler: gcc 14.2.1 20241104 (Red Hat 14.2.1-6) Fedora 40 Kernel: Depends on container host Compiler: gcc 14.2.1 20240912 (Red Hat 14.2.1-3) CentOS Stream 9 Kernel: Depends on container host Compiler: gcc 11.5.0 20240719 (Red Hat 11.5.0-2) Fedora 41 Kernel: Depends on container host Compiler: gcc 14.2.1 20240912 (Red Hat 14.2.1-3) Fedora 40 (Clang) Kernel: Depends on container host Compiler: clang 18.1.8 (Fedora 18.1.8-1.fc40) Debian 12 Kernel: Depends on container host Compiler: gcc (Debian 12.2.0-14) 12.2.0 RHEL9 Kernel: Depends on container host Compiler: gcc 11.5.0 20240719 (Red Hat 11.5.0-2) Fedora 41 (Clang) Kernel: Depends on container host Compiler: clang 19.1.5 (Fedora 19.1.5-1.fc41) Ubuntu 22.04 Kernel: Depends on container host Compiler: gcc (Ubuntu 11.4.0-1ubuntu1~22.04) 11.4.0 Ubuntu 24.04 Kernel: Depends on container host Compiler: gcc (Ubuntu 13.3.0-6ubuntu2~24.04) 13.3.0 Ubuntu 20.04 Kernel: Depends on container host Compiler: gcc (Ubuntu 9.4.0-1ubuntu1~20.04.2) 9.4.0 RHEL8 Kernel: Depends on container host Compiler: gcc 8.5.0 20210514 (Red Hat 8.5.0-22) Windows Server 2022 Kernel: 10.0.20348.2031 Compiler: clang 15.0.7, gcc 14.1.0 (MinGW), and MSVC VS 19.39.33521 To view detailed results, visit: https://lab.dpdk.org/results/dashboard/tarballs/33504/ UNH-IOL DPDK Community Lab To manage your email subscriptions, visit: https://lab.dpdk.org/results/dashboard/preferences/subscriptions/