From mboxrd@z Thu Jan 1 00:00:00 1970 Return-Path: Received: from mails.dpdk.org (mails.dpdk.org [217.70.189.124]) by inbox.dpdk.org (Postfix) with ESMTP id 6139246724 for ; Mon, 12 May 2025 08:45:54 +0200 (CEST) Received: from mails.dpdk.org (localhost [127.0.0.1]) by mails.dpdk.org (Postfix) with ESMTP id 3965B4026C; Mon, 12 May 2025 08:45:54 +0200 (CEST) Received: from mail-pf1-f226.google.com (mail-pf1-f226.google.com [209.85.210.226]) by mails.dpdk.org (Postfix) with ESMTP id 499B44026A for ; Mon, 12 May 2025 08:45:53 +0200 (CEST) Received: by mail-pf1-f226.google.com with SMTP id d2e1a72fcca58-74237a74f15so4106795b3a.0 for ; Sun, 11 May 2025 23:45:53 -0700 (PDT) DKIM-Signature: v=1; a=rsa-sha256; c=relaxed/relaxed; d=iol.unh.edu; s=unh-iol; t=1747032352; x=1747637152; darn=dpdk.org; h=cc:to:from:subject:message-id:date:from:to:cc:subject:date :message-id:reply-to; bh=3HT7eJmxvYk65Mm6sRE7+4bqV8EevjCrChX/sj3UGHU=; b=isDXKx/0iGk3KoFA8xzelCE/2lPGKMrM/ZW8p5RYHP5YICMTGvbfw4ViSEQnkJM7nt hiqQZ0oK0jOerUH4haU3cG/7GITMquANnhRhx1D0Ww79mE/GLBKNQ031Oun3KpnUtC/O xFotw8C24jo14T/bq2LRP5ZQhX8ajm7vrBFEw= X-Google-DKIM-Signature: v=1; a=rsa-sha256; c=relaxed/relaxed; d=1e100.net; s=20230601; t=1747032352; x=1747637152; h=cc:to:from:subject:message-id:date:x-gm-message-state:from:to:cc :subject:date:message-id:reply-to; bh=3HT7eJmxvYk65Mm6sRE7+4bqV8EevjCrChX/sj3UGHU=; b=tZaxMa7zwPAue/NATVeeUsHzgOS8aUacssB7UIZ1ZxSXjKyVhwOo3MEPY0+E+V70xl d1AIPE2bjQGwHWd8SGC48P6VP9deHnDk3Zan2Fw4zUkdboCZlvNrEs9D3s/WyPLGcKq4 Zls2HuyLK7Dj96naVIA2aVd4kz5kehj9qziUcRBRI+WLt3u7fk22wlF11KaD0p77r0WV sWg/cnBwTi9yh6y4woJg/OjU2eT/pNuYdWMYp49IkQFnTaqzLPpaPVnkTSQl7zZelqay DFTqYmZuHiDXNqo+Vr4SAt13mAJRXm13D9/kR4agm9gSjmIv7kN8j7cFoHIr0MsvlSMU gQyw== X-Gm-Message-State: AOJu0YxL4AIUqxbmvinmBiKl2yqwE9TkrPe0N3QKuhd8p42zWIHUqtz3 Yq8MjGJrjXPcs0XUqvoVk2hZncOluQMcL6yyg0biEjZ93yvatouSrkP7CpXflZ05YOBCc7UtM5K xmuCqP7pb+vh+3dzHa4Hc2hBuZOgqhJdbDjTdJWoD13t98eSK X-Gm-Gg: ASbGncuszWomxGyqPg2SALx07XQp5/q/2v8EwPHVmi0MkLAuCagublSaYxE+Di8FaY5 qWGZoXtrIjc2SvbLvsovGXYMzeuamYZ81n9r8diOFfD6ijvv47mvDvoHMawz9ZJkojso/Q5u4ts UCS5uJP8Lxa0CFiWMiqpNYEtIFiK/2Eg8f9ZIhjxuOAoP0x5zPhQ1VeGpeCJW9QFbY3I1M8yxRL d5bapyqPyZ59ZVzrDBTRoSjjTUpygLOo4w8KGU/ofxGrdvRNbAIC7yLHXR2m3o6YBKHyDK3mt7r yPld+YCOotPpObRISv0TPUeBtUNdvqoy+59l X-Google-Smtp-Source: AGHT+IHAD4o7IyNG1ZUxyuNZ95Pr3RUmcHIQFrxNKuQ/gJUP1mfMDNBH9le6SVYlPYyWuBCp7bxtdoYRTWB3 X-Received: by 2002:a05:6a20:2450:b0:1f5:8748:76b0 with SMTP id adf61e73a8af0-215abc2f9a5mr17156726637.29.1747032352074; Sun, 11 May 2025 23:45:52 -0700 (PDT) Received: from postal.iol.unh.edu (postal.iol.unh.edu. [2606:4100:3880:1234::84]) by smtp-relay.gmail.com with ESMTPS id 41be03b00d2f7-b2347ed68dbsm171869a12.6.2025.05.11.23.45.51 (version=TLS1_2 cipher=ECDHE-ECDSA-AES128-GCM-SHA256 bits=128/128); Sun, 11 May 2025 23:45:52 -0700 (PDT) X-Relaying-Domain: iol.unh.edu Date: Sun, 11 May 2025 23:45:52 -0700 (PDT) Message-ID: <68219920.630a0220.16e727.9187SMTPIN_ADDED_MISSING@mx.google.com> Received: from [172.21.0.5] (unknown [172.18.0.240]) by postal.iol.unh.edu (Postfix) with ESMTP id 4397C6052471; Mon, 12 May 2025 02:45:51 -0400 (EDT) Subject: |FAILURE| [GIT MASTER] 4401486b5e30d43a134f80f9802f60b5f43e74a8 From: dpdklab@iol.unh.edu To: Test Report Cc: dpdk-test-reports@iol.unh.edu, Xueming Li , Christian Ehrhardt , Kevin Traynor , Luca Boccassi Content-Type: text/plain X-BeenThere: test-report@dpdk.org X-Mailman-Version: 2.1.29 Precedence: list List-Id: automatic DPDK test reports List-Unsubscribe: , List-Archive: List-Post: List-Help: List-Subscribe: , Errors-To: test-report-bounces@dpdk.org _Testing issues_ Branch: tags/v22.11 4401486b5e30d43a134f80f9802f60b5f43e74a8 --> testing issues Upstream job id: Generic-Unit-Test-DPDK#337149 Test environment and result as below: +---------------------+----------------+ | Environment | dpdk_unit_test | +=====================+================+ | CentOS Stream 10 | FAIL | +---------------------+----------------+ | Fedora 40 | FAIL | +---------------------+----------------+ | CentOS Stream 9 | FAIL | +---------------------+----------------+ | Fedora 41 | FAIL | +---------------------+----------------+ | Fedora 40 (Clang) | FAIL | +---------------------+----------------+ | Debian 12 | FAIL | +---------------------+----------------+ | RHEL9 | FAIL | +---------------------+----------------+ | Fedora 41 (Clang) | FAIL | +---------------------+----------------+ | Ubuntu 22.04 | FAIL | +---------------------+----------------+ | Ubuntu 24.04 | PEND | +---------------------+----------------+ | Ubuntu 20.04 | PASS | +---------------------+----------------+ | RHEL8 | PEND | +---------------------+----------------+ | Windows Server 2022 | FAIL | +---------------------+----------------+ ==== Unit test summary for Windows Server 2022 (dpdk_unit_test): ==== Failed to get the unit test results. Displaying the unit test results is not supported for some environments, such as our aarch32 testing, where meson is not used to run the tests. Download the logs available on our CI site. ==== End log output ==== CentOS Stream 10 Kernel: Depends on container host Compiler: gcc 14.2.1 20241104 (Red Hat 14.2.1-6) Fedora 40 Kernel: Depends on container host Compiler: gcc 14.2.1 20240912 (Red Hat 14.2.1-3) CentOS Stream 9 Kernel: Depends on container host Compiler: gcc 11.5.0 20240719 (Red Hat 11.5.0-2) Fedora 41 Kernel: Depends on container host Compiler: gcc 14.2.1 20240912 (Red Hat 14.2.1-3) Fedora 40 (Clang) Kernel: Depends on container host Compiler: clang 18.1.8 (Fedora 18.1.8-1.fc40) Debian 12 Kernel: Depends on container host Compiler: gcc (Debian 12.2.0-14) 12.2.0 RHEL9 Kernel: Depends on container host Compiler: gcc 11.5.0 20240719 (Red Hat 11.5.0-2) Fedora 41 (Clang) Kernel: Depends on container host Compiler: clang 19.1.5 (Fedora 19.1.5-1.fc41) Ubuntu 22.04 Kernel: Depends on container host Compiler: gcc (Ubuntu 11.4.0-1ubuntu1~22.04) 11.4.0 Ubuntu 24.04 Kernel: Depends on container host Compiler: gcc (Ubuntu 13.3.0-6ubuntu2~24.04) 13.3.0 Ubuntu 20.04 Kernel: Depends on container host Compiler: gcc (Ubuntu 9.4.0-1ubuntu1~20.04.2) 9.4.0 RHEL8 Kernel: Depends on container host Compiler: gcc 8.5.0 20210514 (Red Hat 8.5.0-22) Windows Server 2022 Kernel: 10.0.20348.2031 Compiler: clang 15.0.7, gcc 14.1.0 (MinGW), and MSVC VS 19.39.33521 To view detailed results, visit: https://lab.dpdk.org/results/dashboard/tarballs/33504/ UNH-IOL DPDK Community Lab To manage your email subscriptions, visit: https://lab.dpdk.org/results/dashboard/preferences/subscriptions/