From mboxrd@z Thu Jan 1 00:00:00 1970 Return-Path: Received: from mails.dpdk.org (mails.dpdk.org [217.70.189.124]) by inbox.dpdk.org (Postfix) with ESMTP id C48CD46728 for ; Mon, 12 May 2025 14:14:48 +0200 (CEST) Received: from mails.dpdk.org (localhost [127.0.0.1]) by mails.dpdk.org (Postfix) with ESMTP id 9DFB2402C9; Mon, 12 May 2025 14:14:48 +0200 (CEST) Received: from mail-oa1-f98.google.com (mail-oa1-f98.google.com [209.85.160.98]) by mails.dpdk.org (Postfix) with ESMTP id D870C4025D for ; Mon, 12 May 2025 14:14:46 +0200 (CEST) Received: by mail-oa1-f98.google.com with SMTP id 586e51a60fabf-2da73155e91so1815791fac.0 for ; Mon, 12 May 2025 05:14:46 -0700 (PDT) DKIM-Signature: v=1; a=rsa-sha256; c=relaxed/relaxed; d=iol.unh.edu; s=unh-iol; t=1747052086; x=1747656886; darn=dpdk.org; h=references:in-reply-to:cc:to:from:subject:message-id:date:from:to :cc:subject:date:message-id:reply-to; bh=MfdZMjjOVtczyQAouVB/2tK0elZH8mGDiS9ftqwJhRI=; b=exNiaVo2E9GGnLJztdpyqe81ymFwcDS7yiTN5FdsADopQnUtOidGB/2eT4hzUO2DLg mKmX+OR212lQSYwmxYYyKAW02p6ZsgTF7Mo42sZ3MjGAiaGvJxzkWihLtCw2i0vlCish MdmlY+Pn1r5fcNnpkc4o5nrbN9/RTCpWybNwg= X-Google-DKIM-Signature: v=1; a=rsa-sha256; c=relaxed/relaxed; d=1e100.net; s=20230601; t=1747052086; x=1747656886; h=references:in-reply-to:cc:to:from:subject:message-id:date :x-gm-message-state:from:to:cc:subject:date:message-id:reply-to; bh=MfdZMjjOVtczyQAouVB/2tK0elZH8mGDiS9ftqwJhRI=; b=HsX/+9jR0bdDL33QLg9yLSg5eZdRwqejkUlZvTAk1mfvSL3T/2OwerTFDAM8JHuebu vOMD19nJFFZrd/bs9q3XRKOV4K1xLWv0vpG43n8pgWJjP1NSTUWNA0J7/WYjVFssMmLb N1GLPvDU/Aa4OZlbu1HuUpHStF9pn0rFWtjqDne73VE1Iw5kUNsVwVYfBacmDo29t93C wMfxggg3bkMbOVvS9GzgIVTtdOPzy2yFw/YgNRX5R4lIQEoEOI+RZq4HnSi1SosEGlHC YGEAZzjUjAhYSAsRohTay9ldB8IFsLN7dzZcdiA4+Efitzx/c0q3WEHtmJQsu7a73Ilf Fq3g== X-Gm-Message-State: AOJu0YwYVvBw3K/SKKKAsgjWQwxpLIW/2vP/pgzAkSb5cRyOk7azu3ug cZRzcKQgHdcZIG3mP3LY6Gt7IPNvVMq9UzPrxsInwhDI3T0hSMbt3D3Gm5SydnBR0NUm2sP/JSL U6if5u1xQAL09cj16pXwjB/Ts3R4f5u3StU8j1zG1 X-Gm-Gg: ASbGncsqxYCmySQd4vdlpFOlZ9v8foQxgTtcINlgcWXO9CEJfMWh3zNciqyzCN87ykv 1P1HVaERdfz7hsWstPJ9UHWrziZvqg/WoVQcWKd5zvPzriADOzrI467t7RWLO+st+jiblLEfh9x rfQIQWvBpksase83v4IYgdatTpomkPa6k8d9uS+oGBioHrsnZUiEd2asidTK2Q7hA9x2e4qxZoq al0Q6CLHgEVScuaCyjagSqOfvFr/fbC9wObfHTPU/0+yC6c/GbARbmCKY8JFS2YDStfw5t1S4P8 siM8+fFy1Tpusgv4oArVOfneaACQ1MVkNzfrnvlQQjHtt5867wyIFV5Zeg8= X-Google-Smtp-Source: AGHT+IH0/w9fyzMZy15xVZU0FO/6mxzohHc0YrecbJqUhawBzIGbYxWrOj/DgiSKNXSPOpTcK1j9JLqx3DmB X-Received: by 2002:a05:6870:b026:b0:2d5:2955:aa6a with SMTP id 586e51a60fabf-2dba42164cemr7255974fac.7.1747052085797; Mon, 12 May 2025 05:14:45 -0700 (PDT) Received: from postal.iol.unh.edu (postal.iol.unh.edu. [132.177.123.84]) by smtp-relay.gmail.com with ESMTPS id 586e51a60fabf-2dba0af04besm345471fac.25.2025.05.12.05.14.45 (version=TLS1_2 cipher=ECDHE-ECDSA-AES128-GCM-SHA256 bits=128/128); Mon, 12 May 2025 05:14:45 -0700 (PDT) X-Relaying-Domain: iol.unh.edu Date: Mon, 12 May 2025 05:14:45 -0700 (PDT) Message-ID: <6821e635.050a0220.f7cf4.2d8aSMTPIN_ADDED_MISSING@mx.google.com> Received: from [172.21.0.7] (unknown [172.18.0.240]) by postal.iol.unh.edu (Postfix) with ESMTP id 7AE9C6052471; Mon, 12 May 2025 08:14:44 -0400 (EDT) Subject: |FAILURE| pw153395-153407 [PATCH] [v2,13/13] net/intel: add common T From: dpdklab@iol.unh.edu To: Test Report Cc: dpdk-test-reports@iol.unh.edu, Anatoly Burakov In-Reply-To: <948febc3a463cf589440638552dc522c6df18318.1747047506.git.anatoly.burakov@intel.com> References: <948febc3a463cf589440638552dc522c6df18318.1747047506.git.anatoly.burakov@intel.com> Content-Type: text/plain X-BeenThere: test-report@dpdk.org X-Mailman-Version: 2.1.29 Precedence: list List-Id: automatic DPDK test reports List-Unsubscribe: , List-Archive: List-Post: List-Help: List-Subscribe: , Errors-To: test-report-bounces@dpdk.org Test-Label: iol-compile-arm64-testing Test-Status: FAILURE http://dpdk.org/patch/153407 _Testing issues_ Submitter: Anatoly Burakov Date: Monday, May 12 2025 10:58:38 DPDK git baseline: Repo:dpdk Branch: master CommitID:7cf0355db9fdab5648b05fd787356c391c510534 153395-153407 --> testing issues Upstream job id: Generic-DPDK-Compile-Meson#387273 Test environment and result as below: +--------------------------------------+--------------------+ | Environment | dpdk_meson_compile | +======================================+====================+ | RHEL9 (ARM) | FAIL | +--------------------------------------+--------------------+ | Ubuntu 20.04 ARM GCC Cross Compile | PEND | +--------------------------------------+--------------------+ | Ubuntu 20.04 ARM SVE | PASS | +--------------------------------------+--------------------+ | Debian 12 with MUSDK | FAIL | +--------------------------------------+--------------------+ | Fedora 40 (ARM) | PEND | +--------------------------------------+--------------------+ | Fedora 41 (ARM) | PEND | +--------------------------------------+--------------------+ | Fedora 41 (ARM Clang) | PEND | +--------------------------------------+--------------------+ | Ubuntu 20.04 (ARM) | PEND | +--------------------------------------+--------------------+ | CentOS Stream 10 (ARM) | PEND | +--------------------------------------+--------------------+ | CentOS Stream 9 (ARM) | PEND | +--------------------------------------+--------------------+ | Ubuntu 22.04 (ARM) | PEND | +--------------------------------------+--------------------+ | Ubuntu 24.04 (ARM) | PEND | +--------------------------------------+--------------------+ | Ubuntu 20.04 ARM Clang Cross Compile | PEND | +--------------------------------------+--------------------+ ==== 20 line log output for Debian 12 with MUSDK (dpdk_meson_compile): ==== [788/1363] Compiling C object drivers/libtmp_rte_net_iavf.a.p/net_intel_iavf_iavf_rxtx.c.o [789/1363] Compiling C object drivers/libtmp_rte_net_iavf.a.p/net_intel_iavf_iavf_vchnl.c.o [790/1363] Compiling C object drivers/libtmp_rte_net_iavf.a.p/net_intel_iavf_iavf_generic_flow.c.o [791/1363] Compiling C object drivers/libtmp_rte_net_iavf.a.p/net_intel_iavf_iavf_fdir.c.o [792/1363] Compiling C object drivers/libtmp_rte_net_iavf.a.p/net_intel_iavf_iavf_hash.c.o [793/1363] Compiling C object drivers/libtmp_rte_net_iavf.a.p/net_intel_iavf_iavf_tm.c.o [794/1363] Compiling C object drivers/libtmp_rte_net_iavf.a.p/net_intel_iavf_iavf_ipsec_crypto.c.o [795/1363] Compiling C object drivers/libtmp_rte_net_iavf.a.p/net_intel_iavf_iavf_fsub.c.o [796/1363] Compiling C object drivers/libtmp_rte_net_iavf.a.p/net_intel_iavf_iavf_rxtx_vec_neon.c.o FAILED: drivers/libtmp_rte_net_iavf.a.p/net_intel_iavf_iavf_rxtx_vec_neon.c.o ccache aarch64-linux-gnu-gcc -Idrivers/libtmp_rte_net_iavf.a.p -Idrivers -I../drivers -Idrivers/net/intel/iavf -I../drivers/net/intel/iavf -I../drivers/net/intel/iavf/base -Ilib/ethdev -I../lib/ethdev -Ilib/eal/common -I../lib/eal/common -I. -I.. -Iconfig -I../config -Ilib/eal/include -I../lib/eal/include -Ilib/eal/linux/include -I../lib/eal/linux/include -Ilib/eal/arm/include -I../lib/eal/arm/include -I../kernel/linux -Ilib/eal -I../lib/eal -Ilib/kvargs -I../lib/kvargs -Ilib/log -I../lib/log -Ilib/metrics -I../lib/metrics -Ilib/telemetry -I../lib/telemetry -Ilib/net -I../lib/net -Ilib/mbuf -I../lib/mbuf -Ilib/mempool -I../lib/mempool -Ilib/ring -I../lib/ring -Ilib/meter -I../lib/meter -Idrivers/bus/pci -I../drivers/bus/pci -I../drivers/bus/pci/linux -Ilib/pci -I../lib/pci -Idrivers/bus/vdev -I../drivers/bus/vdev -Ilib/security -I../lib/security -Ilib/cryptodev -I../lib/cryptodev -Ilib/rcu -I../lib/rcu -fdiagnostics-color=always -pipe -D_FILE_OFFSET_BITS=64 -Wall -Winvalid-pch -Wextr a -Werror -std=c11 -O3 -include rte_config.h -Wvla -Wcast-qual -Wdeprecated -Wformat -Wformat-nonliteral -Wformat-security -Wmissing-declarations -Wmissing-prototypes -Wnested-externs -Wold-style-definition -Wpointer-arith -Wsign-compare -Wstrict-prototypes -Wundef -Wwrite-strings -Wno-packed-not-aligned -Wno-missing-field-initializers -D_GNU_SOURCE -fPIC -mcpu=cortex-a72 -DALLOW_EXPERIMENTAL_API -DALLOW_INTERNAL_API -Wno-format-truncation -Wno-address-of-packed-member -DRTE_LOG_DEFAULT_LOGTYPE=pmd.net.iavf -MD -MQ drivers/libtmp_rte_net_iavf.a.p/net_intel_iavf_iavf_rxtx_vec_neon.c.o -MF drivers/libtmp_rte_net_iavf.a.p/net_intel_iavf_iavf_rxtx_vec_neon.c.o.d -o drivers/libtmp_rte_net_iavf.a.p/net_intel_iavf_iavf_rxtx_vec_neon.c.o -c ../drivers/net/intel/iavf/iavf_rxtx_vec_neon.c ../drivers/net/intel/iavf/iavf_rxtx_vec_neon.c: In function '_recv_raw_pkts_vec': ../drivers/net/intel/iavf/iavf_rxtx_vec_neon.c:177:29: error: pointer of type 'void *' used in arithmetic [-Werror=pointer-arith] 177 | rxdp = rxq->rx_ring + rxq->rx_tail; | ^ ../drivers/net/intel/iavf/iavf_rxtx_vec_neon.c:197:17: error: assignment to 'struct rte_mbuf **' from incompatible pointer type 'struct ci_rx_entry *' [-Werror=incompatible-pointer-types] 197 | sw_ring = &rxq->sw_ring[rxq->rx_tail]; | ^ cc1: all warnings being treated as errors ninja: build stopped: subcommand failed. ==== End log output ==== RHEL9 (ARM) Kernel: Depends on container host Compiler: gcc 11.5.0 20240719 (Red Hat 11.5.0-2) Ubuntu 20.04 ARM GCC Cross Compile Kernel: Depends on container host Compiler: aarch64-linux-gnu-gcc (Ubuntu 9.4.0-1ubuntu1~20.04.2) 9.4.0 Ubuntu 20.04 ARM SVE Kernel: Depends on container host Compiler: gcc (Ubuntu 10.5.0-1ubuntu1~20.04) 10.5.0 Debian 12 with MUSDK Kernel: Depends on container host Compiler: gcc (Debian 12.2.0-14) 12.2.0 Fedora 40 (ARM) Kernel: Depends on container host Compiler: gcc 14.2.1 20240912 (Red Hat 14.2.1-3) Fedora 41 (ARM) Kernel: Depends on container host Compiler: gcc 14.2.1 20240912 (Red Hat 14.2.1-3) Fedora 41 (ARM Clang) Kernel: Depends on container host Compiler: clang 19.1.5 (Fedora 19.1.5-1.fc41) Ubuntu 20.04 (ARM) Kernel: Depends on container host Compiler: gcc (Ubuntu 9.4.0-1ubuntu1~20.04.2) 9.4.0 CentOS Stream 10 (ARM) Kernel: Depends on container host Compiler: gcc 14.2.1 20241104 (Red Hat 14.2.1-6) CentOS Stream 9 (ARM) Kernel: Depends on container host Compiler: gcc 11.5.0 20240719 (Red Hat 11.5.0-2) Ubuntu 22.04 (ARM) Kernel: Depends on container host Compiler: gcc (Ubuntu 11.4.0-1ubuntu1~22.04) 11.4.0 Ubuntu 24.04 (ARM) Kernel: Depends on container host Compiler: gcc (Ubuntu 13.3.0-6ubuntu2~24.04) 13.3.0 Ubuntu 20.04 ARM Clang Cross Compile Kernel: Depends on container host Compiler: clang 10.0.0-4ubuntu1 To view detailed results, visit: https://lab.dpdk.org/results/dashboard/patchsets/33155/ UNH-IOL DPDK Community Lab To manage your email subscriptions, visit: https://lab.dpdk.org/results/dashboard/preferences/subscriptions/