From mboxrd@z Thu Jan  1 00:00:00 1970
Return-Path: <test-report-bounces@dpdk.org>
Received: from mails.dpdk.org (mails.dpdk.org [217.70.189.124])
	by inbox.dpdk.org (Postfix) with ESMTP id BAD8746728
	for <public@inbox.dpdk.org>; Mon, 12 May 2025 14:24:02 +0200 (CEST)
Received: from mails.dpdk.org (localhost [127.0.0.1])
	by mails.dpdk.org (Postfix) with ESMTP id B3C41402C9;
	Mon, 12 May 2025 14:24:02 +0200 (CEST)
Received: from mail-pl1-f226.google.com (mail-pl1-f226.google.com
 [209.85.214.226])
 by mails.dpdk.org (Postfix) with ESMTP id DD69F4025D
 for <test-report@dpdk.org>; Mon, 12 May 2025 14:24:01 +0200 (CEST)
Received: by mail-pl1-f226.google.com with SMTP id
 d9443c01a7336-22fb6eda241so43737205ad.1
 for <test-report@dpdk.org>; Mon, 12 May 2025 05:24:01 -0700 (PDT)
DKIM-Signature: v=1; a=rsa-sha256; c=relaxed/relaxed;
 d=iol.unh.edu; s=unh-iol; t=1747052640; x=1747657440; darn=dpdk.org;
 h=references:in-reply-to:cc:to:from:subject:message-id:date:from:to
 :cc:subject:date:message-id:reply-to;
 bh=BQ6ZfumZdlNEHow8ZPJzPYdX1UKz8EE20f8NVMxDKAs=;
 b=UU6J37iqOK8X5Ik8rEweqV0C2oxjSzOzbwZQ7R7JNs9wIq83VX4yvnAyPwJ7zfU9QQ
 L0aumbK7Y1/ooTn2WglP2KOjX3UEZx9bW0dpLV/aih4O5XvOFUHIApOlBYrQz8+gyGEx
 PeoyQ/rs0jBKg/rFWxdeHTHMApdEYFwFzdbPc=
X-Google-DKIM-Signature: v=1; a=rsa-sha256; c=relaxed/relaxed;
 d=1e100.net; s=20230601; t=1747052640; x=1747657440;
 h=references:in-reply-to:cc:to:from:subject:message-id:date
 :x-gm-message-state:from:to:cc:subject:date:message-id:reply-to;
 bh=BQ6ZfumZdlNEHow8ZPJzPYdX1UKz8EE20f8NVMxDKAs=;
 b=m4DkR16B4K3elqYHhq5qZqQsiMiyM+PUbMvGED94P2dmPQPpFFaPyN/8SPMI/n5sVI
 pbjl2Tx6EX5lvFSFbGtcYIgsqdh94btJbF2UGM40NpRfNGTA+IIyF27d+fP4wD07V+7P
 JEGAcSTD63AIz3xUgSnJ7vrCQNlUNaZtD6aULmh8f+qJV2u4irxLopHxR8Pn0dGLknY+
 NoERSCHx9XKw9J0xvY9GVdQPZkFpkkZzkgcOd4xv3UFkL7mXjVsheQP8S6YBkYO6i+ep
 hFObkxavtaNwG1DuW1XLt4rtX5ubxaODQAQJx8SQWFkCKOUFvmxPrO/46EK5cdMf1WHQ
 XseQ==
X-Gm-Message-State: AOJu0YwMqBikXTpmK5LqG8Tvm56gmssygcwloaAC1vu33HXWd+4hhTAP
 O+paVyKI8mOZMvqe95cJ/HWx/cBtEj6Y5NSWiEsXUngHUt+rXwZTfL1MmToy3RyLTZJBmat/AGB
 eS0GZVmiA/cUCFywEvFRVhEYEpKpdb/y0LnQ1MoQp
X-Gm-Gg: ASbGncuGCqhxkWCGvwKzjVaFvE/5OwMxGOXOzrTkYZsYnslbTY6p3I+5Pf1sW0l2C/f
 vagGP9gwZLwwXPrMUOrnprm7mOJNIE/16ZO225IS9/iJovQr0Bcn4hf8sObMlNtYawOTAWZCAHC
 ED5t1izTSHAGuy6rNQb0HIUbVGvbByQ9d82R7iRHRKR7/RW7kl0CixMxdP9G1JtjWeD/2/ZZ1K3
 oT2wxWzyToiUuUN0lizCvVQAFcV4veQq+b4haDAbtD7wxkYswfn972997ZlkiG4LllN5ABEGq/p
 CuPEP1clF1pjTKKby9XW0Rx7PODyv2C/4Nhgpr46WLFsoPUJRlUMo5xs60Q=
X-Google-Smtp-Source: AGHT+IEF9zGl1llM34fDHY2LWERgtak3eB1VqnbZhkl6yH+ylfnrDQ3zokm6288R6+dZRpO/Sqcw0y4thNGr
X-Received: by 2002:a17:903:32d1:b0:22e:7c7e:2b7d with SMTP id
 d9443c01a7336-22fc8b72b47mr171997725ad.20.1747052640712; 
 Mon, 12 May 2025 05:24:00 -0700 (PDT)
Received: from postal.iol.unh.edu (postal.iol.unh.edu. [132.177.123.84])
 by smtp-relay.gmail.com with ESMTPS id
 d9443c01a7336-22fc581faf0sm3951115ad.15.2025.05.12.05.24.00
 (version=TLS1_2 cipher=ECDHE-ECDSA-AES128-GCM-SHA256 bits=128/128);
 Mon, 12 May 2025 05:24:00 -0700 (PDT)
X-Relaying-Domain: iol.unh.edu
Date: Mon, 12 May 2025 05:24:00 -0700 (PDT)
Message-ID: <6821e860.170a0220.182571.4a83SMTPIN_ADDED_MISSING@mx.google.com>
Received: from [172.17.0.3] (unknown [172.18.0.74])
 by postal.iol.unh.edu (Postfix) with ESMTP id 24E516052471;
 Mon, 12 May 2025 08:24:00 -0400 (EDT)
Subject: |FAILURE| pw153395-153407 [PATCH] [v2,13/13] net/intel: add common T
From: dpdklab@iol.unh.edu
To: Test Report <test-report@dpdk.org>
Cc: dpdk-test-reports@iol.unh.edu, Anatoly Burakov <anatoly.burakov@intel.com>
In-Reply-To: <948febc3a463cf589440638552dc522c6df18318.1747047506.git.anatoly.burakov@intel.com>
References: <948febc3a463cf589440638552dc522c6df18318.1747047506.git.anatoly.burakov@intel.com>
Content-Type: text/plain
X-BeenThere: test-report@dpdk.org
X-Mailman-Version: 2.1.29
Precedence: list
List-Id: automatic DPDK test reports <test-report.dpdk.org>
List-Unsubscribe: <https://mails.dpdk.org/options/test-report>,
 <mailto:test-report-request@dpdk.org?subject=unsubscribe>
List-Archive: <http://mails.dpdk.org/archives/test-report/>
List-Post: <mailto:test-report@dpdk.org>
List-Help: <mailto:test-report-request@dpdk.org?subject=help>
List-Subscribe: <https://mails.dpdk.org/listinfo/test-report>,
 <mailto:test-report-request@dpdk.org?subject=subscribe>
Errors-To: test-report-bounces@dpdk.org

Test-Label: iol-unit-arm64-testing
Test-Status: FAILURE
http://dpdk.org/patch/153407

_Testing issues_

Submitter: Anatoly Burakov <anatoly.burakov@intel.com>
Date: Monday, May 12 2025 10:58:38 
DPDK git baseline: Repo:dpdk
  Branch: master
  CommitID:7cf0355db9fdab5648b05fd787356c391c510534

153395-153407 --> testing issues

Upstream job id: Generic-Unit-Test-DPDK#337211

Test environment and result as below:

+-----------------------------+----------------+--------------+------------------------------+---------------------------+
|         Environment         | dpdk_unit_test | lpm_autotest | cryptodev_sw_snow3g_autotest | cryptodev_sw_zuc_autotest |
+=============================+================+==============+==============================+===========================+
| CentOS Stream 10 (ARM)      | WARN           | SKIPPED      | SKIPPED                      | SKIPPED                   |
+-----------------------------+----------------+--------------+------------------------------+---------------------------+
| Debian 12 (arm)             | WARN           | SKIPPED      | WARN                         | WARN                      |
+-----------------------------+----------------+--------------+------------------------------+---------------------------+
| CentOS Stream 9 (ARM)       | WARN           | SKIPPED      | SKIPPED                      | SKIPPED                   |
+-----------------------------+----------------+--------------+------------------------------+---------------------------+
| Fedora 41 (ARM)             | WARN           | SKIPPED      | SKIPPED                      | SKIPPED                   |
+-----------------------------+----------------+--------------+------------------------------+---------------------------+
| Fedora 40 (ARM)             | WARN           | SKIPPED      | SKIPPED                      | SKIPPED                   |
+-----------------------------+----------------+--------------+------------------------------+---------------------------+
| Fedora 40 (ARM Clang)       | WARN           | SKIPPED      | SKIPPED                      | SKIPPED                   |
+-----------------------------+----------------+--------------+------------------------------+---------------------------+
| Ubuntu 22.04 (ARM)          | WARN           | SKIPPED      | SKIPPED                      | SKIPPED                   |
+-----------------------------+----------------+--------------+------------------------------+---------------------------+
| RHEL9 (ARM)                 | WARN           | SKIPPED      | SKIPPED                      | SKIPPED                   |
+-----------------------------+----------------+--------------+------------------------------+---------------------------+
| Fedora 41 (ARM Clang)       | WARN           | SKIPPED      | SKIPPED                      | SKIPPED                   |
+-----------------------------+----------------+--------------+------------------------------+---------------------------+
| Ubuntu 20.04 (ARM)          | WARN           | SKIPPED      | SKIPPED                      | SKIPPED                   |
+-----------------------------+----------------+--------------+------------------------------+---------------------------+
| Ubuntu 24.04 (ARM)          | WARN           | SKIPPED      | SKIPPED                      | SKIPPED                   |
+-----------------------------+----------------+--------------+------------------------------+---------------------------+
| 32-bit Ubuntu 22.04.4 (ARM) | PEND           | SKIPPED      | SKIPPED                      | SKIPPED                   |
+-----------------------------+----------------+--------------+------------------------------+---------------------------+
| Ubuntu 20.04 ARM SVE        | SKIPPED        | PASS         | SKIPPED                      | SKIPPED                   |
+-----------------------------+----------------+--------------+------------------------------+---------------------------+

==== 20 line log output for Ubuntu 24.04 (ARM) (dpdk_unit_test): ====
[1928/3676] Compiling C object drivers/net/intel/ice/base/libice_base.a.p/ice_parser_rt.c.o
[1929/3676] Compiling C object drivers/net/intel/ice/base/libice_base.a.p/ice_ddp.c.o
[1930/3676] Compiling C object drivers/net/intel/ice/base/libice_base.a.p/ice_fwlog.c.o
[1931/3676] Compiling C object drivers/net/intel/ice/base/libice_base.a.p/ice_vf_mbx.c.o
[1932/3676] Linking static target drivers/net/intel/ice/base/libice_base.a
[1933/3676] Compiling C object drivers/libtmp_rte_net_iavf.a.p/net_intel_iavf_iavf_rxtx_vec_neon.c.o
FAILED: drivers/libtmp_rte_net_iavf.a.p/net_intel_iavf_iavf_rxtx_vec_neon.c.o
ccache cc -Idrivers/libtmp_rte_net_iavf.a.p -Idrivers -I../drivers -Idrivers/net/intel/iavf -I../drivers/net/intel/iavf -I../drivers/net/intel/iavf/base -Ilib/ethdev -I../lib/ethdev -Ilib/eal/common -I../lib/eal/common -I. -I.. -Iconfig -I../config -Ilib/eal/include -I../lib/eal/include -Ilib/eal/linux/include -I../lib/eal/linux/include -Ilib/eal/arm/include -I../lib/eal/arm/include -I../kernel/linux -Ilib/eal -I../lib/eal -Ilib/kvargs -I../lib/kvargs -Ilib/log -I../lib/log -Ilib/metrics -I../lib/metrics -Ilib/telemetry -I../lib/telemetry -Ilib/net -I../lib/net -Ilib/mbuf -I../lib/mbuf -Ilib/mempool -I../lib/mempool -Ilib/ring -I../lib/ring -Ilib/meter -I../lib/meter -Idrivers/bus/pci -I../drivers/bus/pci -I../drivers/bus/pci/linux -Ilib/pci -I../lib/pci -Idrivers/bus/vdev -I../drivers/bus/vdev -Ilib/security -I../lib/security -Ilib/cryptodev -I../lib/cryptodev -Ilib/rcu -I../lib/rcu -fdiagnostics-color=always -pipe -D_FILE_OFFSET_BITS=64 -Wall -Winvalid-pch -Wextra -Werror -std=c11 
 -O3 -include rte_config.h -Wvla -Wcast-qual -Wdeprecated -Wformat -Wformat-nonliteral -Wformat-security -Wmissing-declarations -Wmissing-prototypes -Wnested-externs -Wold-style-definition -Wpointer-arith -Wsign-compare -Wstrict-prototypes -Wundef -Wwrite-strings -Wno-packed-not-aligned -Wno-missing-field-initializers -D_GNU_SOURCE -fPIC -march=armv8.1-a+crc+crypto -DALLOW_EXPERIMENTAL_API -DALLOW_INTERNAL_API -Wno-format-truncation -Wno-address-of-packed-member -DRTE_LOG_DEFAULT_LOGTYPE=pmd.net.iavf -MD -MQ drivers/libtmp_rte_net_iavf.a.p/net_intel_iavf_iavf_rxtx_vec_neon.c.o -MF drivers/libtmp_rte_net_iavf.a.p/net_intel_iavf_iavf_rxtx_vec_neon.c.o.d -o drivers/libtmp_rte_net_iavf.a.p/net_intel_iavf_iavf_rxtx_vec_neon.c.o -c ../drivers/net/intel/iavf/iavf_rxtx_vec_neon.c
../drivers/net/intel/iavf/iavf_rxtx_vec_neon.c: In function '_recv_raw_pkts_vec':
../drivers/net/intel/iavf/iavf_rxtx_vec_neon.c:177:29: error: pointer of type 'void *' used in arithmetic [-Werror=pointer-arith]
177 |         rxdp = rxq->rx_ring + rxq->rx_tail;
|                             ^
../drivers/net/intel/iavf/iavf_rxtx_vec_neon.c:197:17: error: assignment to 'struct rte_mbuf **' from incompatible pointer type 'struct ci_rx_entry *' [-Werror=incompatible-pointer-types]
197 |         sw_ring = &rxq->sw_ring[rxq->rx_tail];
|                 ^
cc1: all warnings being treated as errors
[1934/3676] Compiling C object drivers/libtmp_rte_net_iavf.a.p/net_intel_iavf_iavf_rxtx.c.o
[1935/3676] Compiling C object drivers/libtmp_rte_net_ice.a.p/net_intel_ice_ice_diagnose.c.o
[1936/3676] Compiling C object drivers/libtmp_rte_net_ice.a.p/net_intel_ice_ice_acl_filter.c.o
ninja: build stopped: subcommand failed.
==== End log output ====

CentOS Stream 10 (ARM)
	Kernel: Depends on container host
	Compiler: gcc 14.2.1 20241104 (Red Hat 14.2.1-6)

Debian 12 (arm)
	Kernel: Depends on container host
	Compiler: gcc (Debian 12.2.0-14) 12.2.0

CentOS Stream 9 (ARM)
	Kernel: Depends on container host
	Compiler: gcc 11.5.0 20240719 (Red Hat 11.5.0-2)

Fedora 41 (ARM)
	Kernel: Depends on container host
	Compiler: gcc 14.2.1 20240912 (Red Hat 14.2.1-3)

Fedora 40 (ARM)
	Kernel: Depends on container host
	Compiler: gcc 14.2.1 20240912 (Red Hat 14.2.1-3)

Fedora 40 (ARM Clang)
	Kernel: Depends on container host
	Compiler: clang 18.1.8 (Fedora 18.1.8-1.fc40)

Ubuntu 22.04 (ARM)
	Kernel: Depends on container host
	Compiler: gcc (Ubuntu 11.4.0-1ubuntu1~22.04) 11.4.0

RHEL9 (ARM)
	Kernel: Depends on container host
	Compiler: gcc 11.5.0 20240719 (Red Hat 11.5.0-2)

Fedora 41 (ARM Clang)
	Kernel: Depends on container host
	Compiler: clang 19.1.5 (Fedora 19.1.5-1.fc41)

Ubuntu 20.04 (ARM)
	Kernel: Depends on container host
	Compiler: gcc (Ubuntu 9.4.0-1ubuntu1~20.04.2) 9.4.0

Ubuntu 24.04 (ARM)
	Kernel: Depends on container host
	Compiler: gcc (Ubuntu 13.3.0-6ubuntu2~24.04) 13.3.0

32-bit Ubuntu 22.04.4 (ARM)
	Kernel: 5.15.83+ aarch64
	Compiler: gcc (Ubuntu 11.4.0-1ubuntu1~22.04) 11.4.0

Ubuntu 20.04 ARM SVE
	Kernel: Depends on container host
	Compiler: gcc (Ubuntu 10.5.0-1ubuntu1~20.04) 10.5.0

To view detailed results, visit:
https://lab.dpdk.org/results/dashboard/patchsets/33155/

UNH-IOL DPDK Community Lab

To manage your email subscriptions, visit: 
https://lab.dpdk.org/results/dashboard/preferences/subscriptions/