From: dpdklab@iol.unh.edu
To: Test Report <test-report@dpdk.org>
Cc: dpdk-test-reports@iol.unh.edu,
Anatoly Burakov <anatoly.burakov@intel.com>
Subject: |FAILURE| pw153395-153407 [PATCH] [v2,13/13] net/intel: add common T
Date: Mon, 12 May 2025 05:24:55 -0700 (PDT) [thread overview]
Message-ID: <6821e897.170a0220.5d65a.5e8fSMTPIN_ADDED_MISSING@mx.google.com> (raw)
In-Reply-To: <948febc3a463cf589440638552dc522c6df18318.1747047506.git.anatoly.burakov@intel.com>
Test-Label: iol-compile-arm64-testing
Test-Status: FAILURE
http://dpdk.org/patch/153407
_Testing issues_
Submitter: Anatoly Burakov <anatoly.burakov@intel.com>
Date: Monday, May 12 2025 10:58:38
DPDK git baseline: Repo:dpdk
Branch: master
CommitID:7cf0355db9fdab5648b05fd787356c391c510534
153395-153407 --> testing issues
Upstream job id: Generic-DPDK-Compile-Meson#387282
Test environment and result as below:
+----------------------------------------+--------------------+
| Environment | dpdk_meson_compile |
+========================================+====================+
| RHEL9 (ARM) | FAIL |
+----------------------------------------+--------------------+
| Ubuntu 20.04 ARM GCC Cross Compile | PEND |
+----------------------------------------+--------------------+
| Ubuntu 20.04 ARM SVE | PASS |
+----------------------------------------+--------------------+
| Debian 12 with MUSDK | FAIL |
+----------------------------------------+--------------------+
| Fedora 40 (ARM) | FAIL |
+----------------------------------------+--------------------+
| Fedora 41 (ARM) | FAIL |
+----------------------------------------+--------------------+
| Fedora 41 (ARM Clang) | PEND |
+----------------------------------------+--------------------+
| Ubuntu 20.04 (ARM) | FAIL |
+----------------------------------------+--------------------+
| CentOS Stream 10 (ARM) | FAIL |
+----------------------------------------+--------------------+
| CentOS Stream 9 (ARM) | FAIL |
+----------------------------------------+--------------------+
| Ubuntu 22.04 (ARM) | FAIL |
+----------------------------------------+--------------------+
| Ubuntu 24.04 (ARM) | FAIL |
+----------------------------------------+--------------------+
| Ubuntu 20.04 ARM Clang Cross Compile | PEND |
+----------------------------------------+--------------------+
| Debian 12 (arm) | PEND |
+----------------------------------------+--------------------+
| Ubuntu 20.04 aarch32 GCC Cross Compile | FAIL |
+----------------------------------------+--------------------+
| Fedora 40 (ARM Clang) | PEND |
+----------------------------------------+--------------------+
==== 20 line log output for Ubuntu 20.04 aarch32 GCC Cross Compile (dpdk_meson_compile): ====
[1356/2629] Compiling C object drivers/libtmp_rte_net_iavf.a.p/net_intel_iavf_iavf_rxtx.c.o
[1357/2629] Compiling C object drivers/libtmp_rte_net_iavf.a.p/net_intel_iavf_iavf_vchnl.c.o
[1358/2629] Compiling C object drivers/libtmp_rte_net_iavf.a.p/net_intel_iavf_iavf_generic_flow.c.o
[1359/2629] Compiling C object drivers/libtmp_rte_net_iavf.a.p/net_intel_iavf_iavf_fdir.c.o
[1360/2629] Compiling C object drivers/libtmp_rte_net_iavf.a.p/net_intel_iavf_iavf_hash.c.o
[1361/2629] Compiling C object drivers/libtmp_rte_net_iavf.a.p/net_intel_iavf_iavf_tm.c.o
[1362/2629] Compiling C object drivers/libtmp_rte_net_iavf.a.p/net_intel_iavf_iavf_ipsec_crypto.c.o
[1363/2629] Compiling C object drivers/libtmp_rte_net_iavf.a.p/net_intel_iavf_iavf_fsub.c.o
[1364/2629] Compiling C object drivers/libtmp_rte_net_iavf.a.p/net_intel_iavf_iavf_rxtx_vec_neon.c.o
FAILED: drivers/libtmp_rte_net_iavf.a.p/net_intel_iavf_iavf_rxtx_vec_neon.c.o
ccache arm-linux-gnueabihf-gcc -Idrivers/libtmp_rte_net_iavf.a.p -Idrivers -I../drivers -Idrivers/net/intel/iavf -I../drivers/net/intel/iavf -I../drivers/net/intel/iavf/base -Ilib/ethdev -I../lib/ethdev -Ilib/eal/common -I../lib/eal/common -I. -I.. -Iconfig -I../config -Ilib/eal/include -I../lib/eal/include -Ilib/eal/linux/include -I../lib/eal/linux/include -Ilib/eal/arm/include -I../lib/eal/arm/include -I../kernel/linux -Ilib/eal -I../lib/eal -Ilib/kvargs -I../lib/kvargs -Ilib/log -I../lib/log -Ilib/metrics -I../lib/metrics -Ilib/telemetry -I../lib/telemetry -Ilib/net -I../lib/net -Ilib/mbuf -I../lib/mbuf -Ilib/mempool -I../lib/mempool -Ilib/ring -I../lib/ring -Ilib/meter -I../lib/meter -Idrivers/bus/pci -I../drivers/bus/pci -I../drivers/bus/pci/linux -Ilib/pci -I../lib/pci -Idrivers/bus/vdev -I../drivers/bus/vdev -Ilib/security -I../lib/security -Ilib/cryptodev -I../lib/cryptodev -Ilib/rcu -I../lib/rcu -fdiagnostics-color=always -pipe -D_FILE_OFFSET_BITS=64 -Wall -Winvalid-pch -Wex
tra -Werror -std=c11 -O3 -include rte_config.h -Wvla -Wcast-qual -Wdeprecated -Wformat -Wformat-nonliteral -Wformat-security -Wmissing-declarations -Wmissing-prototypes -Wnested-externs -Wold-style-definition -Wpointer-arith -Wsign-compare -Wstrict-prototypes -Wundef -Wwrite-strings -Wno-packed-not-aligned -Wno-missing-field-initializers -Wno-pointer-to-int-cast -D_GNU_SOURCE -fPIC -march=armv8-a+simd -mfpu=auto -DALLOW_EXPERIMENTAL_API -DALLOW_INTERNAL_API -Wno-format-truncation -Wno-address-of-packed-member -DRTE_LOG_DEFAULT_LOGTYPE=pmd.net.iavf -MD -MQ drivers/libtmp_rte_net_iavf.a.p/net_intel_iavf_iavf_rxtx_vec_neon.c.o -MF drivers/libtmp_rte_net_iavf.a.p/net_intel_iavf_iavf_rxtx_vec_neon.c.o.d -o drivers/libtmp_rte_net_iavf.a.p/net_intel_iavf_iavf_rxtx_vec_neon.c.o -c ../drivers/net/intel/iavf/iavf_rxtx_vec_neon.c
../drivers/net/intel/iavf/iavf_rxtx_vec_neon.c: In function '_recv_raw_pkts_vec':
../drivers/net/intel/iavf/iavf_rxtx_vec_neon.c:177:22: error: pointer of type 'void *' used in arithmetic [-Werror=pointer-arith]
177 | rxdp = rxq->rx_ring + rxq->rx_tail;
| ^
../drivers/net/intel/iavf/iavf_rxtx_vec_neon.c:197:10: error: assignment to 'struct rte_mbuf **' from incompatible pointer type 'struct ci_rx_entry *' [-Werror=incompatible-pointer-types]
197 | sw_ring = &rxq->sw_ring[rxq->rx_tail];
| ^
cc1: all warnings being treated as errors
ninja: build stopped: subcommand failed.
==== End log output ====
RHEL9 (ARM)
Kernel: Depends on container host
Compiler: gcc 11.5.0 20240719 (Red Hat 11.5.0-2)
Ubuntu 20.04 ARM GCC Cross Compile
Kernel: Depends on container host
Compiler: aarch64-linux-gnu-gcc (Ubuntu 9.4.0-1ubuntu1~20.04.2) 9.4.0
Ubuntu 20.04 ARM SVE
Kernel: Depends on container host
Compiler: gcc (Ubuntu 10.5.0-1ubuntu1~20.04) 10.5.0
Debian 12 with MUSDK
Kernel: Depends on container host
Compiler: gcc (Debian 12.2.0-14) 12.2.0
Fedora 40 (ARM)
Kernel: Depends on container host
Compiler: gcc 14.2.1 20240912 (Red Hat 14.2.1-3)
Fedora 41 (ARM)
Kernel: Depends on container host
Compiler: gcc 14.2.1 20240912 (Red Hat 14.2.1-3)
Fedora 41 (ARM Clang)
Kernel: Depends on container host
Compiler: clang 19.1.5 (Fedora 19.1.5-1.fc41)
Ubuntu 20.04 (ARM)
Kernel: Depends on container host
Compiler: gcc (Ubuntu 9.4.0-1ubuntu1~20.04.2) 9.4.0
CentOS Stream 10 (ARM)
Kernel: Depends on container host
Compiler: gcc 14.2.1 20241104 (Red Hat 14.2.1-6)
CentOS Stream 9 (ARM)
Kernel: Depends on container host
Compiler: gcc 11.5.0 20240719 (Red Hat 11.5.0-2)
Ubuntu 22.04 (ARM)
Kernel: Depends on container host
Compiler: gcc (Ubuntu 11.4.0-1ubuntu1~22.04) 11.4.0
Ubuntu 24.04 (ARM)
Kernel: Depends on container host
Compiler: gcc (Ubuntu 13.3.0-6ubuntu2~24.04) 13.3.0
Ubuntu 20.04 ARM Clang Cross Compile
Kernel: Depends on container host
Compiler: clang 10.0.0-4ubuntu1
Debian 12 (arm)
Kernel: Depends on container host
Compiler: gcc (Debian 12.2.0-14) 12.2.0
Ubuntu 20.04 aarch32 GCC Cross Compile
Kernel: Depends on container host
Compiler: gcc 9.4.0
Fedora 40 (ARM Clang)
Kernel: Depends on container host
Compiler: clang 18.1.8 (Fedora 18.1.8-1.fc40)
To view detailed results, visit:
https://lab.dpdk.org/results/dashboard/patchsets/33155/
UNH-IOL DPDK Community Lab
To manage your email subscriptions, visit:
https://lab.dpdk.org/results/dashboard/preferences/subscriptions/
next prev parent reply other threads:[~2025-05-12 12:24 UTC|newest]
Thread overview: 38+ messages / expand[flat|nested] mbox.gz Atom feed top
[not found] <948febc3a463cf589440638552dc522c6df18318.1747047506.git.anatoly.burakov@intel.com>
2025-05-12 10:27 ` |SUCCESS| pw153395-153407 [PATCH v2 13/13] net/intel: add common Tx mbuf recycle qemudev
2025-05-12 10:32 ` qemudev
2025-05-12 11:00 ` |SUCCESS| pw153407 " checkpatch
2025-05-12 11:31 ` |PENDING| pw153395-153407 [PATCH] [v2,13/13] net/intel: add common T dpdklab
2025-05-12 11:37 ` |SUCCESS| " dpdklab
2025-05-12 11:38 ` |FAILURE| " dpdklab
2025-05-12 11:40 ` |SUCCESS| " dpdklab
2025-05-12 11:43 ` |PENDING| " dpdklab
2025-05-12 11:47 ` |SUCCESS| " dpdklab
2025-05-12 11:51 ` dpdklab
2025-05-12 11:51 ` |FAILURE| " dpdklab
2025-05-12 11:53 ` |SUCCESS| " dpdklab
2025-05-12 11:56 ` dpdklab
2025-05-12 11:57 ` dpdklab
2025-05-12 12:06 ` dpdklab
2025-05-12 12:10 ` |PENDING| " dpdklab
2025-05-12 12:14 ` |FAILURE| " dpdklab
2025-05-12 12:16 ` dpdklab
2025-05-12 12:17 ` |SUCCESS| " dpdklab
2025-05-12 12:18 ` |FAILURE| " dpdklab
2025-05-12 12:21 ` dpdklab
2025-05-12 12:21 ` dpdklab
2025-05-12 12:22 ` dpdklab
2025-05-12 12:24 ` dpdklab
2025-05-12 12:24 ` dpdklab [this message]
2025-05-12 12:25 ` dpdklab
2025-05-12 12:25 ` |SUCCESS| " dpdklab
2025-05-12 12:26 ` dpdklab
2025-05-12 12:26 ` |FAILURE| " dpdklab
2025-05-12 12:27 ` dpdklab
2025-05-12 12:31 ` dpdklab
2025-05-12 12:32 ` |SUCCESS| " dpdklab
2025-05-12 12:36 ` |FAILURE| " dpdklab
2025-05-12 12:39 ` |WARNING| " dpdklab
2025-05-12 12:45 ` |SUCCESS| " dpdklab
2025-05-12 12:46 ` dpdklab
2025-05-12 13:15 ` |FAILURE| " dpdklab
2025-05-12 13:21 ` dpdklab
Reply instructions:
You may reply publicly to this message via plain-text email
using any one of the following methods:
* Save the following mbox file, import it into your mail client,
and reply-to-all from there: mbox
Avoid top-posting and favor interleaved quoting:
https://en.wikipedia.org/wiki/Posting_style#Interleaved_style
* Reply using the --to, --cc, and --in-reply-to
switches of git-send-email(1):
git send-email \
--in-reply-to=6821e897.170a0220.5d65a.5e8fSMTPIN_ADDED_MISSING@mx.google.com \
--to=dpdklab@iol.unh.edu \
--cc=anatoly.burakov@intel.com \
--cc=dpdk-test-reports@iol.unh.edu \
--cc=test-report@dpdk.org \
/path/to/YOUR_REPLY
https://kernel.org/pub/software/scm/git/docs/git-send-email.html
* If your mail client supports setting the In-Reply-To header
via mailto: links, try the mailto: link
Be sure your reply has a Subject: header at the top and a blank line
before the message body.
This is a public inbox, see mirroring instructions
for how to clone and mirror all data and code used for this inbox;
as well as URLs for NNTP newsgroup(s).