From mboxrd@z Thu Jan  1 00:00:00 1970
Return-Path: <test-report-bounces@dpdk.org>
Received: from mails.dpdk.org (mails.dpdk.org [217.70.189.124])
	by inbox.dpdk.org (Postfix) with ESMTP id D611346728
	for <public@inbox.dpdk.org>; Mon, 12 May 2025 14:24:57 +0200 (CEST)
Received: from mails.dpdk.org (localhost [127.0.0.1])
	by mails.dpdk.org (Postfix) with ESMTP id CF5C3402C9;
	Mon, 12 May 2025 14:24:57 +0200 (CEST)
Received: from mail-pf1-f225.google.com (mail-pf1-f225.google.com
 [209.85.210.225])
 by mails.dpdk.org (Postfix) with ESMTP id 620514025D
 for <test-report@dpdk.org>; Mon, 12 May 2025 14:24:56 +0200 (CEST)
Received: by mail-pf1-f225.google.com with SMTP id
 d2e1a72fcca58-740b3a18e26so3414199b3a.2
 for <test-report@dpdk.org>; Mon, 12 May 2025 05:24:56 -0700 (PDT)
DKIM-Signature: v=1; a=rsa-sha256; c=relaxed/relaxed;
 d=iol.unh.edu; s=unh-iol; t=1747052695; x=1747657495; darn=dpdk.org;
 h=references:in-reply-to:cc:to:from:subject:message-id:date:from:to
 :cc:subject:date:message-id:reply-to;
 bh=Rj3BYk1LHiPCy6LQ+jp3qoGuDoPoBIrUSstnVZeIBII=;
 b=ale7hSBvLj+b4nWc2fl15vMc/LtSFXrsFanmzu1NpOlDSTiqC48pJLs8q6dvNYcwAs
 PgAhyjVaD+yI6nfVL0ixKA/mYGdlZ/i+lbQuy6T3k3IE5SAXp0aAPQGUOyfMuqQM00j/
 3HC+8jsJGuIsDe/rnbBjX6k3BHKj7CDMMhBWw=
X-Google-DKIM-Signature: v=1; a=rsa-sha256; c=relaxed/relaxed;
 d=1e100.net; s=20230601; t=1747052695; x=1747657495;
 h=references:in-reply-to:cc:to:from:subject:message-id:date
 :x-gm-message-state:from:to:cc:subject:date:message-id:reply-to;
 bh=Rj3BYk1LHiPCy6LQ+jp3qoGuDoPoBIrUSstnVZeIBII=;
 b=gpOVkueD2dQZgyyFsxuG7CSiyQr88Ve9GBmcWc3Z6tKpoH5tiXgY0b0p6muaUuTMjW
 esD/6pxSCT4DrVLFBVBxh4S7LotRQL8jW2v1CUR3KOOtkRSri4HrseaFQsAtlkDZv8ZK
 vZhSNbKDP/wviZ2iHYCJiSlmXr9cRV6sCLbyynrxx4lSBjEg3nBl6CNVyzYTLoOBSrbL
 OfNVzH6V8ypFA1wwS8tM2i/tvvZ1iJwanbuRPSLj7SVeoM1GSYGruqHEjIBVCLgn24zK
 SvLRMX5YddwYSyGzeAHRAzuj7xw5JGHquxsubHIYX1gUX/JaRKQ0HQA/Ot001rWyLh+n
 Uyow==
X-Gm-Message-State: AOJu0YxjyOxQDvv1yWWyAeEqGvXE7EhGE6KyJq71X9kXFDxIJ7ZSQEHa
 x2OJ4WZmpDDVwAK26V7YYKcL7cdx0QN2nE9Ss4fpDctCJYpfEuQarhKBg5a3Fy/JRYDP9pdxd4K
 +at1g8TUeszoUekBqPcJthapw0lLCq7U66AnrPeMu
X-Gm-Gg: ASbGncvKL6Ny7ZekVkZTF+GRfR8CBovG1Yh7iL7vuqff1QCr3boGb+WVzGdwjlZWhGz
 hEjo48kjN4WNXafqwSGTorDj5uoOoiRO/vuXfmNBi1IDUfMBrHaY7Jd9lsWIttk5uivQzchMs11
 DwrNP9nqL/q6McQnUBdAU72OJSGDgmRyKVLXUNum/yMlHpL+kDgBL/OPrswGN4yVGO4FFWEO545
 sIGYas99fsUAOJVg2KDwJeESjjxTJzMvWkz0RktSFnaSWNbVQ3ohAa79G1sTM7fSh8HSMT0VHti
 txI31VydunGebTvGwIhgxCn/c3eWE1ouCGGUPAtI5YTSvi64YNR2PROyXak=
X-Google-Smtp-Source: AGHT+IHLLKFQLLHCxoTCBKTDvmc37vAyNrrTVRd5zN8WYPYCIIBi9DJjIep3GGhEqzKVEu50G9nigpZoB2iR
X-Received: by 2002:a17:902:e951:b0:22e:68c4:2602 with SMTP id
 d9443c01a7336-22fc8d97ca3mr182479875ad.33.1747052695480; 
 Mon, 12 May 2025 05:24:55 -0700 (PDT)
Received: from postal.iol.unh.edu (postal.iol.unh.edu. [132.177.123.84])
 by smtp-relay.gmail.com with ESMTPS id
 d9443c01a7336-22fc581de94sm4067335ad.9.2025.05.12.05.24.55
 (version=TLS1_2 cipher=ECDHE-ECDSA-AES128-GCM-SHA256 bits=128/128);
 Mon, 12 May 2025 05:24:55 -0700 (PDT)
X-Relaying-Domain: iol.unh.edu
Date: Mon, 12 May 2025 05:24:55 -0700 (PDT)
Message-ID: <6821e897.170a0220.5d65a.5e8fSMTPIN_ADDED_MISSING@mx.google.com>
Received: from [172.17.0.2] (unknown [172.18.0.76])
 by postal.iol.unh.edu (Postfix) with ESMTP id A33516052471;
 Mon, 12 May 2025 08:24:54 -0400 (EDT)
Subject: |FAILURE| pw153395-153407 [PATCH] [v2,13/13] net/intel: add common T
From: dpdklab@iol.unh.edu
To: Test Report <test-report@dpdk.org>
Cc: dpdk-test-reports@iol.unh.edu, Anatoly Burakov <anatoly.burakov@intel.com>
In-Reply-To: <948febc3a463cf589440638552dc522c6df18318.1747047506.git.anatoly.burakov@intel.com>
References: <948febc3a463cf589440638552dc522c6df18318.1747047506.git.anatoly.burakov@intel.com>
Content-Type: text/plain
X-BeenThere: test-report@dpdk.org
X-Mailman-Version: 2.1.29
Precedence: list
List-Id: automatic DPDK test reports <test-report.dpdk.org>
List-Unsubscribe: <https://mails.dpdk.org/options/test-report>,
 <mailto:test-report-request@dpdk.org?subject=unsubscribe>
List-Archive: <http://mails.dpdk.org/archives/test-report/>
List-Post: <mailto:test-report@dpdk.org>
List-Help: <mailto:test-report-request@dpdk.org?subject=help>
List-Subscribe: <https://mails.dpdk.org/listinfo/test-report>,
 <mailto:test-report-request@dpdk.org?subject=subscribe>
Errors-To: test-report-bounces@dpdk.org

Test-Label: iol-compile-arm64-testing
Test-Status: FAILURE
http://dpdk.org/patch/153407

_Testing issues_

Submitter: Anatoly Burakov <anatoly.burakov@intel.com>
Date: Monday, May 12 2025 10:58:38 
DPDK git baseline: Repo:dpdk
  Branch: master
  CommitID:7cf0355db9fdab5648b05fd787356c391c510534

153395-153407 --> testing issues

Upstream job id: Generic-DPDK-Compile-Meson#387282

Test environment and result as below:

+----------------------------------------+--------------------+
|              Environment               | dpdk_meson_compile |
+========================================+====================+
| RHEL9 (ARM)                            | FAIL               |
+----------------------------------------+--------------------+
| Ubuntu 20.04 ARM GCC Cross Compile     | PEND               |
+----------------------------------------+--------------------+
| Ubuntu 20.04 ARM SVE                   | PASS               |
+----------------------------------------+--------------------+
| Debian 12 with MUSDK                   | FAIL               |
+----------------------------------------+--------------------+
| Fedora 40 (ARM)                        | FAIL               |
+----------------------------------------+--------------------+
| Fedora 41 (ARM)                        | FAIL               |
+----------------------------------------+--------------------+
| Fedora 41 (ARM Clang)                  | PEND               |
+----------------------------------------+--------------------+
| Ubuntu 20.04 (ARM)                     | FAIL               |
+----------------------------------------+--------------------+
| CentOS Stream 10 (ARM)                 | FAIL               |
+----------------------------------------+--------------------+
| CentOS Stream 9 (ARM)                  | FAIL               |
+----------------------------------------+--------------------+
| Ubuntu 22.04 (ARM)                     | FAIL               |
+----------------------------------------+--------------------+
| Ubuntu 24.04 (ARM)                     | FAIL               |
+----------------------------------------+--------------------+
| Ubuntu 20.04 ARM Clang Cross Compile   | PEND               |
+----------------------------------------+--------------------+
| Debian 12 (arm)                        | PEND               |
+----------------------------------------+--------------------+
| Ubuntu 20.04 aarch32 GCC Cross Compile | FAIL               |
+----------------------------------------+--------------------+
| Fedora 40 (ARM Clang)                  | PEND               |
+----------------------------------------+--------------------+

==== 20 line log output for Ubuntu 20.04 aarch32 GCC Cross Compile (dpdk_meson_compile): ====
[1356/2629] Compiling C object drivers/libtmp_rte_net_iavf.a.p/net_intel_iavf_iavf_rxtx.c.o
[1357/2629] Compiling C object drivers/libtmp_rte_net_iavf.a.p/net_intel_iavf_iavf_vchnl.c.o
[1358/2629] Compiling C object drivers/libtmp_rte_net_iavf.a.p/net_intel_iavf_iavf_generic_flow.c.o
[1359/2629] Compiling C object drivers/libtmp_rte_net_iavf.a.p/net_intel_iavf_iavf_fdir.c.o
[1360/2629] Compiling C object drivers/libtmp_rte_net_iavf.a.p/net_intel_iavf_iavf_hash.c.o
[1361/2629] Compiling C object drivers/libtmp_rte_net_iavf.a.p/net_intel_iavf_iavf_tm.c.o
[1362/2629] Compiling C object drivers/libtmp_rte_net_iavf.a.p/net_intel_iavf_iavf_ipsec_crypto.c.o
[1363/2629] Compiling C object drivers/libtmp_rte_net_iavf.a.p/net_intel_iavf_iavf_fsub.c.o
[1364/2629] Compiling C object drivers/libtmp_rte_net_iavf.a.p/net_intel_iavf_iavf_rxtx_vec_neon.c.o
FAILED: drivers/libtmp_rte_net_iavf.a.p/net_intel_iavf_iavf_rxtx_vec_neon.c.o
ccache arm-linux-gnueabihf-gcc -Idrivers/libtmp_rte_net_iavf.a.p -Idrivers -I../drivers -Idrivers/net/intel/iavf -I../drivers/net/intel/iavf -I../drivers/net/intel/iavf/base -Ilib/ethdev -I../lib/ethdev -Ilib/eal/common -I../lib/eal/common -I. -I.. -Iconfig -I../config -Ilib/eal/include -I../lib/eal/include -Ilib/eal/linux/include -I../lib/eal/linux/include -Ilib/eal/arm/include -I../lib/eal/arm/include -I../kernel/linux -Ilib/eal -I../lib/eal -Ilib/kvargs -I../lib/kvargs -Ilib/log -I../lib/log -Ilib/metrics -I../lib/metrics -Ilib/telemetry -I../lib/telemetry -Ilib/net -I../lib/net -Ilib/mbuf -I../lib/mbuf -Ilib/mempool -I../lib/mempool -Ilib/ring -I../lib/ring -Ilib/meter -I../lib/meter -Idrivers/bus/pci -I../drivers/bus/pci -I../drivers/bus/pci/linux -Ilib/pci -I../lib/pci -Idrivers/bus/vdev -I../drivers/bus/vdev -Ilib/security -I../lib/security -Ilib/cryptodev -I../lib/cryptodev -Ilib/rcu -I../lib/rcu -fdiagnostics-color=always -pipe -D_FILE_OFFSET_BITS=64 -Wall -Winvalid-pch -Wex
 tra -Werror -std=c11 -O3 -include rte_config.h -Wvla -Wcast-qual -Wdeprecated -Wformat -Wformat-nonliteral -Wformat-security -Wmissing-declarations -Wmissing-prototypes -Wnested-externs -Wold-style-definition -Wpointer-arith -Wsign-compare -Wstrict-prototypes -Wundef -Wwrite-strings -Wno-packed-not-aligned -Wno-missing-field-initializers -Wno-pointer-to-int-cast -D_GNU_SOURCE -fPIC -march=armv8-a+simd -mfpu=auto -DALLOW_EXPERIMENTAL_API -DALLOW_INTERNAL_API -Wno-format-truncation -Wno-address-of-packed-member -DRTE_LOG_DEFAULT_LOGTYPE=pmd.net.iavf -MD -MQ drivers/libtmp_rte_net_iavf.a.p/net_intel_iavf_iavf_rxtx_vec_neon.c.o -MF drivers/libtmp_rte_net_iavf.a.p/net_intel_iavf_iavf_rxtx_vec_neon.c.o.d -o drivers/libtmp_rte_net_iavf.a.p/net_intel_iavf_iavf_rxtx_vec_neon.c.o -c ../drivers/net/intel/iavf/iavf_rxtx_vec_neon.c
../drivers/net/intel/iavf/iavf_rxtx_vec_neon.c: In function '_recv_raw_pkts_vec':
../drivers/net/intel/iavf/iavf_rxtx_vec_neon.c:177:22: error: pointer of type 'void *' used in arithmetic [-Werror=pointer-arith]
177 |  rxdp = rxq->rx_ring + rxq->rx_tail;
|                      ^
../drivers/net/intel/iavf/iavf_rxtx_vec_neon.c:197:10: error: assignment to 'struct rte_mbuf **' from incompatible pointer type 'struct ci_rx_entry *' [-Werror=incompatible-pointer-types]
197 |  sw_ring = &rxq->sw_ring[rxq->rx_tail];
|          ^
cc1: all warnings being treated as errors
ninja: build stopped: subcommand failed.
==== End log output ====

RHEL9 (ARM)
	Kernel: Depends on container host
	Compiler: gcc 11.5.0 20240719 (Red Hat 11.5.0-2)

Ubuntu 20.04 ARM GCC Cross Compile
	Kernel: Depends on container host
	Compiler: aarch64-linux-gnu-gcc (Ubuntu 9.4.0-1ubuntu1~20.04.2) 9.4.0

Ubuntu 20.04 ARM SVE
	Kernel: Depends on container host
	Compiler: gcc (Ubuntu 10.5.0-1ubuntu1~20.04) 10.5.0

Debian 12 with MUSDK
	Kernel: Depends on container host
	Compiler: gcc (Debian 12.2.0-14) 12.2.0

Fedora 40 (ARM)
	Kernel: Depends on container host
	Compiler: gcc 14.2.1 20240912 (Red Hat 14.2.1-3)

Fedora 41 (ARM)
	Kernel: Depends on container host
	Compiler: gcc 14.2.1 20240912 (Red Hat 14.2.1-3)

Fedora 41 (ARM Clang)
	Kernel: Depends on container host
	Compiler: clang 19.1.5 (Fedora 19.1.5-1.fc41)

Ubuntu 20.04 (ARM)
	Kernel: Depends on container host
	Compiler: gcc (Ubuntu 9.4.0-1ubuntu1~20.04.2) 9.4.0

CentOS Stream 10 (ARM)
	Kernel: Depends on container host
	Compiler: gcc 14.2.1 20241104 (Red Hat 14.2.1-6)

CentOS Stream 9 (ARM)
	Kernel: Depends on container host
	Compiler: gcc 11.5.0 20240719 (Red Hat 11.5.0-2)

Ubuntu 22.04 (ARM)
	Kernel: Depends on container host
	Compiler: gcc (Ubuntu 11.4.0-1ubuntu1~22.04) 11.4.0

Ubuntu 24.04 (ARM)
	Kernel: Depends on container host
	Compiler: gcc (Ubuntu 13.3.0-6ubuntu2~24.04) 13.3.0

Ubuntu 20.04 ARM Clang Cross Compile
	Kernel: Depends on container host
	Compiler: clang 10.0.0-4ubuntu1

Debian 12 (arm)
	Kernel: Depends on container host
	Compiler: gcc (Debian 12.2.0-14) 12.2.0

Ubuntu 20.04 aarch32 GCC Cross Compile
	Kernel: Depends on container host
	Compiler: gcc 9.4.0

Fedora 40 (ARM Clang)
	Kernel: Depends on container host
	Compiler: clang 18.1.8 (Fedora 18.1.8-1.fc40)

To view detailed results, visit:
https://lab.dpdk.org/results/dashboard/patchsets/33155/

UNH-IOL DPDK Community Lab

To manage your email subscriptions, visit: 
https://lab.dpdk.org/results/dashboard/preferences/subscriptions/