From mboxrd@z Thu Jan 1 00:00:00 1970 Return-Path: Received: from mails.dpdk.org (mails.dpdk.org [217.70.189.124]) by inbox.dpdk.org (Postfix) with ESMTP id 30C8746728 for ; Mon, 12 May 2025 14:26:09 +0200 (CEST) Received: from mails.dpdk.org (localhost [127.0.0.1]) by mails.dpdk.org (Postfix) with ESMTP id 2AA3F402C9; Mon, 12 May 2025 14:26:09 +0200 (CEST) Received: from mail-oo1-f100.google.com (mail-oo1-f100.google.com [209.85.161.100]) by mails.dpdk.org (Postfix) with ESMTP id 1D987402CA for ; Mon, 12 May 2025 14:26:06 +0200 (CEST) Received: by mail-oo1-f100.google.com with SMTP id 006d021491bc7-60402c94319so2490975eaf.1 for ; Mon, 12 May 2025 05:26:06 -0700 (PDT) DKIM-Signature: v=1; a=rsa-sha256; c=relaxed/relaxed; d=iol.unh.edu; s=unh-iol; t=1747052765; x=1747657565; darn=dpdk.org; h=references:in-reply-to:cc:to:from:subject:message-id:date:from:to :cc:subject:date:message-id:reply-to; bh=5/krR4U1X2ScW82nNv8dwIUNOg/KRVwqNCG7Pm/5a+k=; b=TGsCNUtCVqJOKWzTZ7MhG9JqRFjz0kadjoXad+Cx+dRKgvq5PQy4tVHmu9Kdvp6XCf H9skMfm/SL5KfcBC0wH2wkDWTyvsWbt1/Ndg21R98E6cgh9fQrBxTdbUpK52Ghf5Uf4V mVNAFD9k988o1hS0ebG3xk2g/12U89c5lnuY0= X-Google-DKIM-Signature: v=1; a=rsa-sha256; c=relaxed/relaxed; d=1e100.net; s=20230601; t=1747052765; x=1747657565; h=references:in-reply-to:cc:to:from:subject:message-id:date :x-gm-message-state:from:to:cc:subject:date:message-id:reply-to; bh=5/krR4U1X2ScW82nNv8dwIUNOg/KRVwqNCG7Pm/5a+k=; b=eupe7hMyfjakYLL2Ht1SE3ChYyybbvdsjvTw7i+xblULq35p7HeDIDyWih8JisLEWE OzDhmr55tU5amMu9RSXARa9kP3Kmj4B9TxOzazOLR2Z7/T/RDsA0W78rmFFi5yfP//zO em4UaUPODmh6UCN9GgAHGs5vpgy2UwnbWbJ9vpduLIU5uI1JK8BEZjiKadETwCJcHVRr kDelbFXUAOwXprbU7J8XZnGyrhuk7ba1GJL9VHqTaJ1yfTTs7zdAim/XDqLspLSxSKOj FFEFz7xCg+HintZl5IMEPEQcR5cugLTYgdXi05RQxae/lozEhde8pvMMJ2eSU2hpCmQI /8Sw== X-Gm-Message-State: AOJu0YzetB8KUE8NI+6X+zIYCj1RIlRw6fwoOG/q+hDl2CaKyYatU6lc 5/ON+7SjGrdPiArcwsJbYDxq+G271DQm2XCRNDyjGYZYde/40U9T62V8EYKR5LsOlpcIb8ewylZ 4brBkFMqge6zyEBP8/9LrqaMK+19aci0FE6/ZheCC83RwEewZaw6mQat9 X-Gm-Gg: ASbGncu5B/n02jW1jEbvz2dMG2ufnpRFfS0jZ2Uy4Hn20hfvcqcy8jZveuVV5tl4nvX SfPmahwtqL7Kc2gj27AmQfSP56zTlGQ/h1SqcJ9U3jH/8Raf90l4C3DVyPaYz621tdSHzPJHNNA KHyx3pCcXFy9BVRWS3gk7ZO/YK7ZFV4MqSuh0D/j5CiVGAjpuSSFBH2HCm69smHHYM8v3DVRLak 87IvYxEDR4mUmSAyEUTS8xvHf+CCRs4BdmpBrh9FD9Vy5oxXB57DUTVTmEhF1vEh2PBJH7miopH x0EEQxCMudGugQW51HCcFtlSXm33Xrw8CBu1 X-Google-Smtp-Source: AGHT+IGW+kkpmShM9hcZ/pF5R0vFT3OsFA8kFFbyfZoDm+8GV+561ELI+6s4WIVoVQ7CUNxARestfe1FNCoE X-Received: by 2002:a05:6871:a40b:b0:2db:b643:80f6 with SMTP id 586e51a60fabf-2dbb6438df1mr5996754fac.16.1747052765228; Mon, 12 May 2025 05:26:05 -0700 (PDT) Received: from postal.iol.unh.edu (postal.iol.unh.edu. [2606:4100:3880:1234::84]) by smtp-relay.gmail.com with ESMTPS id 586e51a60fabf-2dba0789324sm311356fac.17.2025.05.12.05.26.05 (version=TLS1_2 cipher=ECDHE-ECDSA-AES128-GCM-SHA256 bits=128/128); Mon, 12 May 2025 05:26:05 -0700 (PDT) X-Relaying-Domain: iol.unh.edu Date: Mon, 12 May 2025 05:26:05 -0700 (PDT) Message-ID: <6821e8dd.050a0220.27873.05cbSMTPIN_ADDED_MISSING@mx.google.com> Received: from [172.21.0.5] (unknown [172.18.0.240]) by postal.iol.unh.edu (Postfix) with ESMTP id B48006052471; Mon, 12 May 2025 08:26:04 -0400 (EDT) Subject: |FAILURE| pw153395-153407 [PATCH] [v2,13/13] net/intel: add common T From: dpdklab@iol.unh.edu To: Test Report Cc: dpdk-test-reports@iol.unh.edu, Anatoly Burakov In-Reply-To: <948febc3a463cf589440638552dc522c6df18318.1747047506.git.anatoly.burakov@intel.com> References: <948febc3a463cf589440638552dc522c6df18318.1747047506.git.anatoly.burakov@intel.com> Content-Type: text/plain X-BeenThere: test-report@dpdk.org X-Mailman-Version: 2.1.29 Precedence: list List-Id: automatic DPDK test reports List-Unsubscribe: , List-Archive: List-Post: List-Help: List-Subscribe: , Errors-To: test-report-bounces@dpdk.org Test-Label: iol-compile-arm64-testing Test-Status: FAILURE http://dpdk.org/patch/153407 _Testing issues_ Submitter: Anatoly Burakov Date: Monday, May 12 2025 10:58:38 DPDK git baseline: Repo:dpdk Branch: master CommitID:7cf0355db9fdab5648b05fd787356c391c510534 153395-153407 --> testing issues Upstream job id: Generic-DPDK-Compile-Meson#387285 Test environment and result as below: +----------------------------------------+--------------------+ | Environment | dpdk_meson_compile | +========================================+====================+ | RHEL9 (ARM) | FAIL | +----------------------------------------+--------------------+ | Ubuntu 20.04 ARM GCC Cross Compile | PEND | +----------------------------------------+--------------------+ | Ubuntu 20.04 ARM SVE | PASS | +----------------------------------------+--------------------+ | Debian 12 with MUSDK | FAIL | +----------------------------------------+--------------------+ | Fedora 40 (ARM) | FAIL | +----------------------------------------+--------------------+ | Fedora 41 (ARM) | FAIL | +----------------------------------------+--------------------+ | Fedora 41 (ARM Clang) | PEND | +----------------------------------------+--------------------+ | Ubuntu 20.04 (ARM) | FAIL | +----------------------------------------+--------------------+ | CentOS Stream 10 (ARM) | FAIL | +----------------------------------------+--------------------+ | CentOS Stream 9 (ARM) | FAIL | +----------------------------------------+--------------------+ | Ubuntu 22.04 (ARM) | FAIL | +----------------------------------------+--------------------+ | Ubuntu 24.04 (ARM) | FAIL | +----------------------------------------+--------------------+ | Ubuntu 20.04 ARM Clang Cross Compile | PEND | +----------------------------------------+--------------------+ | Debian 12 (arm) | FAIL | +----------------------------------------+--------------------+ | Ubuntu 20.04 aarch32 GCC Cross Compile | FAIL | +----------------------------------------+--------------------+ | Fedora 40 (ARM Clang) | PEND | +----------------------------------------+--------------------+ ==== 20 line log output for Ubuntu 20.04 aarch32 GCC Cross Compile (dpdk_meson_compile): ==== [1356/2629] Compiling C object drivers/libtmp_rte_net_iavf.a.p/net_intel_iavf_iavf_rxtx.c.o [1357/2629] Compiling C object drivers/libtmp_rte_net_iavf.a.p/net_intel_iavf_iavf_vchnl.c.o [1358/2629] Compiling C object drivers/libtmp_rte_net_iavf.a.p/net_intel_iavf_iavf_generic_flow.c.o [1359/2629] Compiling C object drivers/libtmp_rte_net_iavf.a.p/net_intel_iavf_iavf_fdir.c.o [1360/2629] Compiling C object drivers/libtmp_rte_net_iavf.a.p/net_intel_iavf_iavf_hash.c.o [1361/2629] Compiling C object drivers/libtmp_rte_net_iavf.a.p/net_intel_iavf_iavf_tm.c.o [1362/2629] Compiling C object drivers/libtmp_rte_net_iavf.a.p/net_intel_iavf_iavf_ipsec_crypto.c.o [1363/2629] Compiling C object drivers/libtmp_rte_net_iavf.a.p/net_intel_iavf_iavf_fsub.c.o [1364/2629] Compiling C object drivers/libtmp_rte_net_iavf.a.p/net_intel_iavf_iavf_rxtx_vec_neon.c.o FAILED: drivers/libtmp_rte_net_iavf.a.p/net_intel_iavf_iavf_rxtx_vec_neon.c.o ccache arm-linux-gnueabihf-gcc -Idrivers/libtmp_rte_net_iavf.a.p -Idrivers -I../drivers -Idrivers/net/intel/iavf -I../drivers/net/intel/iavf -I../drivers/net/intel/iavf/base -Ilib/ethdev -I../lib/ethdev -Ilib/eal/common -I../lib/eal/common -I. -I.. -Iconfig -I../config -Ilib/eal/include -I../lib/eal/include -Ilib/eal/linux/include -I../lib/eal/linux/include -Ilib/eal/arm/include -I../lib/eal/arm/include -I../kernel/linux -Ilib/eal -I../lib/eal -Ilib/kvargs -I../lib/kvargs -Ilib/log -I../lib/log -Ilib/metrics -I../lib/metrics -Ilib/telemetry -I../lib/telemetry -Ilib/net -I../lib/net -Ilib/mbuf -I../lib/mbuf -Ilib/mempool -I../lib/mempool -Ilib/ring -I../lib/ring -Ilib/meter -I../lib/meter -Idrivers/bus/pci -I../drivers/bus/pci -I../drivers/bus/pci/linux -Ilib/pci -I../lib/pci -Idrivers/bus/vdev -I../drivers/bus/vdev -Ilib/security -I../lib/security -Ilib/cryptodev -I../lib/cryptodev -Ilib/rcu -I../lib/rcu -fdiagnostics-color=always -pipe -D_FILE_OFFSET_BITS=64 -Wall -Winvalid-pch -Wex tra -Werror -std=c11 -O3 -include rte_config.h -Wvla -Wcast-qual -Wdeprecated -Wformat -Wformat-nonliteral -Wformat-security -Wmissing-declarations -Wmissing-prototypes -Wnested-externs -Wold-style-definition -Wpointer-arith -Wsign-compare -Wstrict-prototypes -Wundef -Wwrite-strings -Wno-packed-not-aligned -Wno-missing-field-initializers -Wno-pointer-to-int-cast -D_GNU_SOURCE -fPIC -march=armv8-a+simd -mfpu=auto -DALLOW_EXPERIMENTAL_API -DALLOW_INTERNAL_API -Wno-format-truncation -Wno-address-of-packed-member -DRTE_LOG_DEFAULT_LOGTYPE=pmd.net.iavf -MD -MQ drivers/libtmp_rte_net_iavf.a.p/net_intel_iavf_iavf_rxtx_vec_neon.c.o -MF drivers/libtmp_rte_net_iavf.a.p/net_intel_iavf_iavf_rxtx_vec_neon.c.o.d -o drivers/libtmp_rte_net_iavf.a.p/net_intel_iavf_iavf_rxtx_vec_neon.c.o -c ../drivers/net/intel/iavf/iavf_rxtx_vec_neon.c ../drivers/net/intel/iavf/iavf_rxtx_vec_neon.c: In function '_recv_raw_pkts_vec': ../drivers/net/intel/iavf/iavf_rxtx_vec_neon.c:177:22: error: pointer of type 'void *' used in arithmetic [-Werror=pointer-arith] 177 | rxdp = rxq->rx_ring + rxq->rx_tail; | ^ ../drivers/net/intel/iavf/iavf_rxtx_vec_neon.c:197:10: error: assignment to 'struct rte_mbuf **' from incompatible pointer type 'struct ci_rx_entry *' [-Werror=incompatible-pointer-types] 197 | sw_ring = &rxq->sw_ring[rxq->rx_tail]; | ^ cc1: all warnings being treated as errors ninja: build stopped: subcommand failed. ==== End log output ==== RHEL9 (ARM) Kernel: Depends on container host Compiler: gcc 11.5.0 20240719 (Red Hat 11.5.0-2) Ubuntu 20.04 ARM GCC Cross Compile Kernel: Depends on container host Compiler: aarch64-linux-gnu-gcc (Ubuntu 9.4.0-1ubuntu1~20.04.2) 9.4.0 Ubuntu 20.04 ARM SVE Kernel: Depends on container host Compiler: gcc (Ubuntu 10.5.0-1ubuntu1~20.04) 10.5.0 Debian 12 with MUSDK Kernel: Depends on container host Compiler: gcc (Debian 12.2.0-14) 12.2.0 Fedora 40 (ARM) Kernel: Depends on container host Compiler: gcc 14.2.1 20240912 (Red Hat 14.2.1-3) Fedora 41 (ARM) Kernel: Depends on container host Compiler: gcc 14.2.1 20240912 (Red Hat 14.2.1-3) Fedora 41 (ARM Clang) Kernel: Depends on container host Compiler: clang 19.1.5 (Fedora 19.1.5-1.fc41) Ubuntu 20.04 (ARM) Kernel: Depends on container host Compiler: gcc (Ubuntu 9.4.0-1ubuntu1~20.04.2) 9.4.0 CentOS Stream 10 (ARM) Kernel: Depends on container host Compiler: gcc 14.2.1 20241104 (Red Hat 14.2.1-6) CentOS Stream 9 (ARM) Kernel: Depends on container host Compiler: gcc 11.5.0 20240719 (Red Hat 11.5.0-2) Ubuntu 22.04 (ARM) Kernel: Depends on container host Compiler: gcc (Ubuntu 11.4.0-1ubuntu1~22.04) 11.4.0 Ubuntu 24.04 (ARM) Kernel: Depends on container host Compiler: gcc (Ubuntu 13.3.0-6ubuntu2~24.04) 13.3.0 Ubuntu 20.04 ARM Clang Cross Compile Kernel: Depends on container host Compiler: clang 10.0.0-4ubuntu1 Debian 12 (arm) Kernel: Depends on container host Compiler: gcc (Debian 12.2.0-14) 12.2.0 Ubuntu 20.04 aarch32 GCC Cross Compile Kernel: Depends on container host Compiler: gcc 9.4.0 Fedora 40 (ARM Clang) Kernel: Depends on container host Compiler: clang 18.1.8 (Fedora 18.1.8-1.fc40) To view detailed results, visit: https://lab.dpdk.org/results/dashboard/patchsets/33155/ UNH-IOL DPDK Community Lab To manage your email subscriptions, visit: https://lab.dpdk.org/results/dashboard/preferences/subscriptions/