From mboxrd@z Thu Jan 1 00:00:00 1970 Return-Path: Received: from mails.dpdk.org (mails.dpdk.org [217.70.189.124]) by inbox.dpdk.org (Postfix) with ESMTP id 98E1046728 for ; Mon, 12 May 2025 15:15:40 +0200 (CEST) Received: from mails.dpdk.org (localhost [127.0.0.1]) by mails.dpdk.org (Postfix) with ESMTP id 6F123402DF; Mon, 12 May 2025 15:15:40 +0200 (CEST) Received: from mail-qk1-f228.google.com (mail-qk1-f228.google.com [209.85.222.228]) by mails.dpdk.org (Postfix) with ESMTP id C07FE402CA for ; Mon, 12 May 2025 15:15:38 +0200 (CEST) Received: by mail-qk1-f228.google.com with SMTP id af79cd13be357-7c54f67db99so611887785a.1 for ; Mon, 12 May 2025 06:15:38 -0700 (PDT) DKIM-Signature: v=1; a=rsa-sha256; c=relaxed/relaxed; d=iol.unh.edu; s=unh-iol; t=1747055738; x=1747660538; darn=dpdk.org; h=references:in-reply-to:cc:to:from:subject:message-id:date:from:to :cc:subject:date:message-id:reply-to; bh=2tUJC6s4iM1GEhqnZMVI0CelHg6UPyjiMbRYqfsDjmk=; b=MkghjxOaLzOs75uP3nvW+ej7Ejx9GaWnRZsIcToQUvmMXcPspOieY1rVS4QzIXqciO dI2t7Io7fCveQsAnD0PucoWzciNu76H3eXqxuWdUEmOAkb21TResO1/lh8nz1quCORj3 OW3ZFqpir0SHkFbxFGXO6NY1G17w/GMLIMPaI= X-Google-DKIM-Signature: v=1; a=rsa-sha256; c=relaxed/relaxed; d=1e100.net; s=20230601; t=1747055738; x=1747660538; h=references:in-reply-to:cc:to:from:subject:message-id:date :x-gm-message-state:from:to:cc:subject:date:message-id:reply-to; bh=2tUJC6s4iM1GEhqnZMVI0CelHg6UPyjiMbRYqfsDjmk=; b=iCmlIiwBvDKKM1Dr1PVRHzLEZ4eZW3z0xqEaBpsYMGyKAM2sY3SGQFRsYf0OslQH2Y AS5PwQyMhdGnzsLRWqu6Hkn6bd6LFRMcLGO6d7WecK0unKN0Cb/5vSth7xMjRQgY+a0i dVg9FEOlOhECl/8dvzr+8H1exbmNA3/2W3sjlKENMF2Ca4yQ2t87MuQFH+7v3AYdL+7C 9o8kKF4u2bJQW8TtKr0Ci1P4SX7JOdEojnyS1S5nGnqH+tdzxNBQOf55J7AEBm8DITT/ VE3pRef5SeR5rtevSowCbcR1utZIaiYUXOF0KCwHBDarxflF3xwI4L4Mba6AaOCr869A vewA== X-Gm-Message-State: AOJu0YyDKcThOCGApdsmArItrPyOufigp67IrxRu1iF4GGxbpxLuu76M Uw294oIPQAJ1rXXdrZFNBK9uyvjpVw3XnF9BhCPp1nDv3tgoP9qHe1dDEvsRRl+RHwEeVyudFh8 6e2KL6pUv2uCNZEMQ54/DaUEdvEw3gqo3XVCFujcnFbd8eFJ1msckrUxv X-Gm-Gg: ASbGncsFBNjS1IoFHGXQV6FWWb3BXlN82JULTRbP4130Z2govVvtkX6uCzTZ2OZLt0+ E7+oazikHILuQA91sdBVumI3UYdwq326No/Z2GRjJYdTQ9ritGm5Uk9NyxsdFo6IgOejVCESoMy M+gq6w00IGOBL/poblMzO2uj6QlT5GH/PJEkPc6rSn7CJLaHEFrBvCLvuFYMJPKfHumWaqAs8aJ 16fDLSnC02l1MsmVLwicULvtXwnjLHm+FH7hy5vms4PsStqlFnJsC1vCqNRA4A9oaW1wSf7WAUg PTim5Fd1RRdsKE3Tm8rguu2VmpSO6RcDjSir X-Google-Smtp-Source: AGHT+IFHCO8BqpB5whoXcyJUcR4AVIG3V/FYzDNNf0qU1E5qhBa5QQZo4zHu/MOkh6COnj0+geo/xzFhP4pv X-Received: by 2002:a05:620a:1a1e:b0:7c2:f39d:d0e0 with SMTP id af79cd13be357-7ccf994a94amr2848362885a.3.1747055737777; Mon, 12 May 2025 06:15:37 -0700 (PDT) Received: from postal.iol.unh.edu (postal.iol.unh.edu. [2606:4100:3880:1234::84]) by smtp-relay.gmail.com with ESMTPS id af79cd13be357-7cd00f11f13sm33839185a.3.2025.05.12.06.15.37 (version=TLS1_2 cipher=ECDHE-ECDSA-AES128-GCM-SHA256 bits=128/128); Mon, 12 May 2025 06:15:37 -0700 (PDT) X-Relaying-Domain: iol.unh.edu Date: Mon, 12 May 2025 06:15:37 -0700 (PDT) Message-ID: <6821f479.050a0220.59de.2444SMTPIN_ADDED_MISSING@mx.google.com> Received: from [172.17.0.2] (unknown [172.18.0.74]) by postal.iol.unh.edu (Postfix) with ESMTP id 152D96052471; Mon, 12 May 2025 09:15:37 -0400 (EDT) Subject: |FAILURE| pw153395-153407 [PATCH] [v2,13/13] net/intel: add common T From: dpdklab@iol.unh.edu To: Test Report Cc: dpdk-test-reports@iol.unh.edu, Anatoly Burakov In-Reply-To: <948febc3a463cf589440638552dc522c6df18318.1747047506.git.anatoly.burakov@intel.com> References: <948febc3a463cf589440638552dc522c6df18318.1747047506.git.anatoly.burakov@intel.com> Content-Type: text/plain X-BeenThere: test-report@dpdk.org X-Mailman-Version: 2.1.29 Precedence: list List-Id: automatic DPDK test reports List-Unsubscribe: , List-Archive: List-Post: List-Help: List-Subscribe: , Errors-To: test-report-bounces@dpdk.org Test-Label: iol-compile-arm64-testing Test-Status: FAILURE http://dpdk.org/patch/153407 _Testing issues_ Submitter: Anatoly Burakov Date: Monday, May 12 2025 10:58:38 DPDK git baseline: Repo:dpdk Branch: master CommitID:7cf0355db9fdab5648b05fd787356c391c510534 153395-153407 --> testing issues Upstream job id: Generic-DPDK-Compile-Meson#387277 Test environment and result as below: +----------------------------------------+--------------------+ | Environment | dpdk_meson_compile | +========================================+====================+ | RHEL9 (ARM) | FAIL | +----------------------------------------+--------------------+ | Ubuntu 20.04 ARM GCC Cross Compile | FAIL | +----------------------------------------+--------------------+ | Ubuntu 20.04 ARM SVE | PASS | +----------------------------------------+--------------------+ | Debian 12 with MUSDK | FAIL | +----------------------------------------+--------------------+ | Fedora 40 (ARM) | FAIL | +----------------------------------------+--------------------+ | Fedora 41 (ARM) | FAIL | +----------------------------------------+--------------------+ | Fedora 41 (ARM Clang) | FAIL | +----------------------------------------+--------------------+ | Ubuntu 20.04 (ARM) | FAIL | +----------------------------------------+--------------------+ | CentOS Stream 10 (ARM) | FAIL | +----------------------------------------+--------------------+ | CentOS Stream 9 (ARM) | FAIL | +----------------------------------------+--------------------+ | Ubuntu 22.04 (ARM) | FAIL | +----------------------------------------+--------------------+ | Ubuntu 24.04 (ARM) | FAIL | +----------------------------------------+--------------------+ | Ubuntu 20.04 ARM Clang Cross Compile | FAIL | +----------------------------------------+--------------------+ | Debian 12 (arm) | FAIL | +----------------------------------------+--------------------+ | Ubuntu 20.04 aarch32 GCC Cross Compile | FAIL | +----------------------------------------+--------------------+ | Fedora 40 (ARM Clang) | PEND | +----------------------------------------+--------------------+ ==== 20 line log output for Ubuntu 20.04 aarch32 GCC Cross Compile (dpdk_meson_compile): ==== [1356/2629] Compiling C object drivers/libtmp_rte_net_iavf.a.p/net_intel_iavf_iavf_rxtx.c.o [1357/2629] Compiling C object drivers/libtmp_rte_net_iavf.a.p/net_intel_iavf_iavf_vchnl.c.o [1358/2629] Compiling C object drivers/libtmp_rte_net_iavf.a.p/net_intel_iavf_iavf_generic_flow.c.o [1359/2629] Compiling C object drivers/libtmp_rte_net_iavf.a.p/net_intel_iavf_iavf_fdir.c.o [1360/2629] Compiling C object drivers/libtmp_rte_net_iavf.a.p/net_intel_iavf_iavf_hash.c.o [1361/2629] Compiling C object drivers/libtmp_rte_net_iavf.a.p/net_intel_iavf_iavf_tm.c.o [1362/2629] Compiling C object drivers/libtmp_rte_net_iavf.a.p/net_intel_iavf_iavf_ipsec_crypto.c.o [1363/2629] Compiling C object drivers/libtmp_rte_net_iavf.a.p/net_intel_iavf_iavf_fsub.c.o [1364/2629] Compiling C object drivers/libtmp_rte_net_iavf.a.p/net_intel_iavf_iavf_rxtx_vec_neon.c.o FAILED: drivers/libtmp_rte_net_iavf.a.p/net_intel_iavf_iavf_rxtx_vec_neon.c.o ccache arm-linux-gnueabihf-gcc -Idrivers/libtmp_rte_net_iavf.a.p -Idrivers -I../drivers -Idrivers/net/intel/iavf -I../drivers/net/intel/iavf -I../drivers/net/intel/iavf/base -Ilib/ethdev -I../lib/ethdev -Ilib/eal/common -I../lib/eal/common -I. -I.. -Iconfig -I../config -Ilib/eal/include -I../lib/eal/include -Ilib/eal/linux/include -I../lib/eal/linux/include -Ilib/eal/arm/include -I../lib/eal/arm/include -I../kernel/linux -Ilib/eal -I../lib/eal -Ilib/kvargs -I../lib/kvargs -Ilib/log -I../lib/log -Ilib/metrics -I../lib/metrics -Ilib/telemetry -I../lib/telemetry -Ilib/net -I../lib/net -Ilib/mbuf -I../lib/mbuf -Ilib/mempool -I../lib/mempool -Ilib/ring -I../lib/ring -Ilib/meter -I../lib/meter -Idrivers/bus/pci -I../drivers/bus/pci -I../drivers/bus/pci/linux -Ilib/pci -I../lib/pci -Idrivers/bus/vdev -I../drivers/bus/vdev -Ilib/security -I../lib/security -Ilib/cryptodev -I../lib/cryptodev -Ilib/rcu -I../lib/rcu -fdiagnostics-color=always -pipe -D_FILE_OFFSET_BITS=64 -Wall -Winvalid-pch -Wex tra -Werror -std=c11 -O3 -include rte_config.h -Wvla -Wcast-qual -Wdeprecated -Wformat -Wformat-nonliteral -Wformat-security -Wmissing-declarations -Wmissing-prototypes -Wnested-externs -Wold-style-definition -Wpointer-arith -Wsign-compare -Wstrict-prototypes -Wundef -Wwrite-strings -Wno-packed-not-aligned -Wno-missing-field-initializers -Wno-pointer-to-int-cast -D_GNU_SOURCE -fPIC -march=armv8-a+simd -mfpu=auto -DALLOW_EXPERIMENTAL_API -DALLOW_INTERNAL_API -Wno-format-truncation -Wno-address-of-packed-member -DRTE_LOG_DEFAULT_LOGTYPE=pmd.net.iavf -MD -MQ drivers/libtmp_rte_net_iavf.a.p/net_intel_iavf_iavf_rxtx_vec_neon.c.o -MF drivers/libtmp_rte_net_iavf.a.p/net_intel_iavf_iavf_rxtx_vec_neon.c.o.d -o drivers/libtmp_rte_net_iavf.a.p/net_intel_iavf_iavf_rxtx_vec_neon.c.o -c ../drivers/net/intel/iavf/iavf_rxtx_vec_neon.c ../drivers/net/intel/iavf/iavf_rxtx_vec_neon.c: In function '_recv_raw_pkts_vec': ../drivers/net/intel/iavf/iavf_rxtx_vec_neon.c:177:22: error: pointer of type 'void *' used in arithmetic [-Werror=pointer-arith] 177 | rxdp = rxq->rx_ring + rxq->rx_tail; | ^ ../drivers/net/intel/iavf/iavf_rxtx_vec_neon.c:197:10: error: assignment to 'struct rte_mbuf **' from incompatible pointer type 'struct ci_rx_entry *' [-Werror=incompatible-pointer-types] 197 | sw_ring = &rxq->sw_ring[rxq->rx_tail]; | ^ cc1: all warnings being treated as errors ninja: build stopped: subcommand failed. ==== End log output ==== RHEL9 (ARM) Kernel: Depends on container host Compiler: gcc 11.5.0 20240719 (Red Hat 11.5.0-2) Ubuntu 20.04 ARM GCC Cross Compile Kernel: Depends on container host Compiler: aarch64-linux-gnu-gcc (Ubuntu 9.4.0-1ubuntu1~20.04.2) 9.4.0 Ubuntu 20.04 ARM SVE Kernel: Depends on container host Compiler: gcc (Ubuntu 10.5.0-1ubuntu1~20.04) 10.5.0 Debian 12 with MUSDK Kernel: Depends on container host Compiler: gcc (Debian 12.2.0-14) 12.2.0 Fedora 40 (ARM) Kernel: Depends on container host Compiler: gcc 14.2.1 20240912 (Red Hat 14.2.1-3) Fedora 41 (ARM) Kernel: Depends on container host Compiler: gcc 14.2.1 20240912 (Red Hat 14.2.1-3) Fedora 41 (ARM Clang) Kernel: Depends on container host Compiler: clang 19.1.5 (Fedora 19.1.5-1.fc41) Ubuntu 20.04 (ARM) Kernel: Depends on container host Compiler: gcc (Ubuntu 9.4.0-1ubuntu1~20.04.2) 9.4.0 CentOS Stream 10 (ARM) Kernel: Depends on container host Compiler: gcc 14.2.1 20241104 (Red Hat 14.2.1-6) CentOS Stream 9 (ARM) Kernel: Depends on container host Compiler: gcc 11.5.0 20240719 (Red Hat 11.5.0-2) Ubuntu 22.04 (ARM) Kernel: Depends on container host Compiler: gcc (Ubuntu 11.4.0-1ubuntu1~22.04) 11.4.0 Ubuntu 24.04 (ARM) Kernel: Depends on container host Compiler: gcc (Ubuntu 13.3.0-6ubuntu2~24.04) 13.3.0 Ubuntu 20.04 ARM Clang Cross Compile Kernel: Depends on container host Compiler: clang 10.0.0-4ubuntu1 Debian 12 (arm) Kernel: Depends on container host Compiler: gcc (Debian 12.2.0-14) 12.2.0 Ubuntu 20.04 aarch32 GCC Cross Compile Kernel: Depends on container host Compiler: gcc 9.4.0 Fedora 40 (ARM Clang) Kernel: Depends on container host Compiler: clang 18.1.8 (Fedora 18.1.8-1.fc40) To view detailed results, visit: https://lab.dpdk.org/results/dashboard/patchsets/33155/ UNH-IOL DPDK Community Lab To manage your email subscriptions, visit: https://lab.dpdk.org/results/dashboard/preferences/subscriptions/