From mboxrd@z Thu Jan 1 00:00:00 1970 Return-Path: Received: from mails.dpdk.org (mails.dpdk.org [217.70.189.124]) by inbox.dpdk.org (Postfix) with ESMTP id 5656E46729 for ; Mon, 12 May 2025 19:51:30 +0200 (CEST) Received: from mails.dpdk.org (localhost [127.0.0.1]) by mails.dpdk.org (Postfix) with ESMTP id 4EB884026C; Mon, 12 May 2025 19:51:30 +0200 (CEST) Received: from mail-il1-f228.google.com (mail-il1-f228.google.com [209.85.166.228]) by mails.dpdk.org (Postfix) with ESMTP id 9CDAA4025F for ; Mon, 12 May 2025 19:51:28 +0200 (CEST) Received: by mail-il1-f228.google.com with SMTP id e9e14a558f8ab-3da73df6c4eso43523345ab.0 for ; Mon, 12 May 2025 10:51:28 -0700 (PDT) DKIM-Signature: v=1; a=rsa-sha256; c=relaxed/relaxed; d=iol.unh.edu; s=unh-iol; t=1747072288; x=1747677088; darn=dpdk.org; h=references:in-reply-to:cc:to:from:subject:message-id:date:from:to :cc:subject:date:message-id:reply-to; bh=EsnxBUxpDqN+yd2E7FAULl8Z0xw6vjZGuHXMtDiKBfc=; b=D2wj6YxJ0BP/fB3E8CiAkOSIzPsbZPD0sGQK7kevj1mLmL0IzWGlnrCDZmAjKN1Kp3 dVzpikiD2CHcgnJHo56APvvTz7RZwPGoA09fr83ksWaN5Zo6yYAz1ZCdoVL+5xDHWAI7 ywI5iIyS1JcpYU0lRjvkqXG551aJO7CAkCX0E= X-Google-DKIM-Signature: v=1; a=rsa-sha256; c=relaxed/relaxed; d=1e100.net; s=20230601; t=1747072288; x=1747677088; h=references:in-reply-to:cc:to:from:subject:message-id:date :x-gm-message-state:from:to:cc:subject:date:message-id:reply-to; bh=EsnxBUxpDqN+yd2E7FAULl8Z0xw6vjZGuHXMtDiKBfc=; b=qATTBNxl0IqxXX1qcoeDaiMbVFya630TcEvD+IiGX82EXw2NN74UCzFQc6Ka9+UY7a 3pvg9MLB99KDzJzjAdgcdml9lIF9UV58LPf6c2wb1CVUSqdgu2HHMD/MmhF1jvPoz7Yi nugOhNC0QI0QBpiWYyjCzUI/TSbj6XL4XgXUzyOFeduAIprzbUzMnhhP0jnfGSA7LnhA 6Hia+Z+gBMXYLvISjdz0TSIrMo6Z/Rt69c32qJT7dc+zhr3HaKC/PF9pw9rb639PZphJ FFhFo7edy7/uaFXdHuJDljdoZi9vT+Whbhw7N1EQ5I1itGe8xRbCAt5uMV01+EFLbLvU 7Wkg== X-Gm-Message-State: AOJu0YxKd3I9KjBfbPaMTz6CW6/p9XfTY2241QTJqJ4uBWRdjcT9lbJx eQCcqoLcdbk8Yxht/EwXEEMqmOXcMkGIlr0tNT3xA/jNeJOwdjU1C9wQJD3XaYpBRq4rKncgoxW ZrZGV7IDmRN8dCe4HmxxUiT/ZSd5C4L5VtKkJgKOPIPU04IzeSup3Sj7q X-Gm-Gg: ASbGncuIgdOBZ7FvZmgkXaj5D7HL9hdDZAGDxhtJWX1V0rXVUmFqAzsQyoX9DJijAe/ HvTLWJJi1dBR8f7TmdlnFLqSFmoVV2AWJi2pkxqVkOmhA0aWWkVyvxtwO1E3LX9uxR5eJ0RpgGn jsZO0fj9FKxNeSwlq76NNfcRYREPVdn01/pk93RSLSqFwMgnCzSNRI+8GC1B2393cIwJ1Y+/HpF 63HswL0y18EiVbTMmcCXAH6c+m5MuEgcHBKbZtiiNmtwb+wn/s7k9xk03P7o3TYvIUOV1TeUGaO T3SeQKBMnagU9sYTW/XRU6PwJ+KAjYOPhUpp X-Google-Smtp-Source: AGHT+IGE+u9fJvZBWKOjoDSqHiHP8sj0V+9hNEdiYReN2nKy5CCjNwp+o7Edyd4M+PJzM0VNtiO3kAaTw0sb X-Received: by 2002:a92:ca45:0:b0:3d9:4172:eecf with SMTP id e9e14a558f8ab-3da7e1e1b07mr169166665ab.3.1747072287746; Mon, 12 May 2025 10:51:27 -0700 (PDT) Received: from postal.iol.unh.edu (postal.iol.unh.edu. [2606:4100:3880:1234::84]) by smtp-relay.gmail.com with ESMTPS id e9e14a558f8ab-3da7e163785sm5391555ab.64.2025.05.12.10.51.27 (version=TLS1_2 cipher=ECDHE-ECDSA-AES128-GCM-SHA256 bits=128/128); Mon, 12 May 2025 10:51:27 -0700 (PDT) X-Relaying-Domain: iol.unh.edu Date: Mon, 12 May 2025 10:51:27 -0700 (PDT) Message-ID: <6822351f.050a0220.304616.d84cSMTPIN_ADDED_MISSING@mx.google.com> Received: from [172.21.0.5] (unknown [172.18.0.240]) by postal.iol.unh.edu (Postfix) with ESMTP id 413D46052471; Mon, 12 May 2025 13:51:27 -0400 (EDT) Subject: |WARNING| pw153425 [PATCH] net/tap: fix add qdisc failed when create From: dpdklab@iol.unh.edu To: Test Report Cc: dpdk-test-reports@iol.unh.edu In-Reply-To: References: Content-Type: text/plain X-BeenThere: test-report@dpdk.org X-Mailman-Version: 2.1.29 Precedence: list List-Id: automatic DPDK test reports List-Unsubscribe: , List-Archive: List-Post: List-Help: List-Subscribe: , Errors-To: test-report-bounces@dpdk.org Test-Label: iol-abi-testing Test-Status: WARNING http://dpdk.org/patch/153425 _Testing issues_ Submitter: luyan <973788536@qq.com> Date: Monday, May 12 2025 08:22:04 DPDK git baseline: Repo:dpdk Branch: master CommitID:ff05ee3e3f8fb4ce958a2ce6461e8141aea959c6 153425 --> testing issues Upstream job id: Generic-DPDK-Compile-ABI#126139 Test environment and result as below: +-------------------+----------+ | Environment | abi_test | +===================+==========+ | CentOS Stream 9 | FAIL | +-------------------+----------+ | CentOS Stream 10 | FAIL | +-------------------+----------+ | Debian 12 | FAIL | +-------------------+----------+ | Fedora 40 (Clang) | FAIL | +-------------------+----------+ | Fedora 40 | FAIL | +-------------------+----------+ | Fedora 41 (Clang) | FAIL | +-------------------+----------+ | RHEL8 | FAIL | +-------------------+----------+ | Fedora 41 | FAIL | +-------------------+----------+ | openSUSE Leap 15 | FAIL | +-------------------+----------+ | RHEL9 | FAIL | +-------------------+----------+ | Ubuntu 22.04 | FAIL | +-------------------+----------+ | Ubuntu 24.04 | FAIL | +-------------------+----------+ ==== 20 line log output for Ubuntu 24.04 (abi_test): ==== Variables changes summary: 0 Removed, 0 Changed, 0 Added variable Functions changes summary: 0 Removed, 0 Changed, 0 Added (1 filtered out) function Variables changes summary: 0 Removed, 0 Changed, 0 Added variable Functions changes summary: 0 Removed, 0 Changed (4 filtered out), 0 Added (1 filtered out) functions Variables changes summary: 0 Removed, 0 Changed (1 filtered out), 0 Added variable Functions changes summary: 0 Removed, 0 Changed (2 filtered out), 0 Added functions Variables changes summary: 0 Removed, 0 Changed, 0 Added variable Functions changes summary: 0 Removed, 0 Changed (295 filtered out), 0 Added (8 filtered out) functions Variables changes summary: 0 Removed, 0 Changed, 0 Added variable Functions changes summary: 0 Removed, 0 Changed (15 filtered out), 0 Added (2 filtered out) functions Variables changes summary: 0 Removed, 0 Changed (2 filtered out), 0 Added variables Functions changes summary: 0 Removed, 0 Changed (215 filtered out), 0 Added (2 filtered out) functions Variables changes summary: 0 Removed, 0 Changed, 0 Added variable ==== End log output ==== CentOS Stream 9 Kernel: Depends on container host Compiler: gcc 11.5.0 20240719 (Red Hat 11.5.0-2) CentOS Stream 10 Kernel: Depends on container host Compiler: gcc 14.2.1 20241104 (Red Hat 14.2.1-6) Debian 12 Kernel: Depends on container host Compiler: gcc (Debian 12.2.0-14) 12.2.0 Fedora 40 (Clang) Kernel: Depends on container host Compiler: clang 18.1.8 (Fedora 18.1.8-1.fc40) Fedora 40 Kernel: Depends on container host Compiler: gcc 14.2.1 20240912 (Red Hat 14.2.1-3) Fedora 41 (Clang) Kernel: Depends on container host Compiler: clang 19.1.5 (Fedora 19.1.5-1.fc41) RHEL8 Kernel: Depends on container host Compiler: gcc 8.5.0 20210514 (Red Hat 8.5.0-22) Fedora 41 Kernel: Depends on container host Compiler: gcc 14.2.1 20240912 (Red Hat 14.2.1-3) openSUSE Leap 15 Kernel: Depends on container host Compiler: gcc (SUSE Linux) 7.5.0 RHEL9 Kernel: Depends on container host Compiler: gcc 11.5.0 20240719 (Red Hat 11.5.0-2) Ubuntu 22.04 Kernel: Depends on container host Compiler: gcc (Ubuntu 11.4.0-1ubuntu1~22.04) 11.4.0 Ubuntu 24.04 Kernel: Depends on container host Compiler: gcc (Ubuntu 13.3.0-6ubuntu2~24.04) 13.3.0 To view detailed results, visit: https://lab.dpdk.org/results/dashboard/patchsets/33160/ UNH-IOL DPDK Community Lab To manage your email subscriptions, visit: https://lab.dpdk.org/results/dashboard/preferences/subscriptions/