From mboxrd@z Thu Jan 1 00:00:00 1970 Return-Path: Received: from mails.dpdk.org (mails.dpdk.org [217.70.189.124]) by inbox.dpdk.org (Postfix) with ESMTP id 84AEA4672C for ; Tue, 13 May 2025 01:19:04 +0200 (CEST) Received: from mails.dpdk.org (localhost [127.0.0.1]) by mails.dpdk.org (Postfix) with ESMTP id 5FBA44026C; Tue, 13 May 2025 01:19:04 +0200 (CEST) Received: from mail-pj1-f99.google.com (mail-pj1-f99.google.com [209.85.216.99]) by mails.dpdk.org (Postfix) with ESMTP id BF9754025F for ; Tue, 13 May 2025 01:19:02 +0200 (CEST) Received: by mail-pj1-f99.google.com with SMTP id 98e67ed59e1d1-30c35ac35dfso3886974a91.1 for ; Mon, 12 May 2025 16:19:02 -0700 (PDT) DKIM-Signature: v=1; a=rsa-sha256; c=relaxed/relaxed; d=iol.unh.edu; s=unh-iol; t=1747091942; x=1747696742; darn=dpdk.org; h=references:in-reply-to:cc:to:from:subject:message-id:date:from:to :cc:subject:date:message-id:reply-to; bh=J0MJxSfhOwJe1Q3VIaJ7li5/hhJWZ91F8GY5jEauRwU=; b=UH0mGOPjVS8PXSa59Awcyq+AQbJ4jcgn2EZk6pBNo4n7Zq9cE5q18B86B/9G2prGhG l9+WDhteJA1lm5L0F8n9AAmEgkD0ATIaoJEzmBnjeLGnhwTLdMGQqcfzg0uBwOQceSoe tHAl4uJxMXNy42JORG8vgzc1AHUI2eOz9z+5M= X-Google-DKIM-Signature: v=1; a=rsa-sha256; c=relaxed/relaxed; d=1e100.net; s=20230601; t=1747091942; x=1747696742; h=references:in-reply-to:cc:to:from:subject:message-id:date :x-gm-message-state:from:to:cc:subject:date:message-id:reply-to; bh=J0MJxSfhOwJe1Q3VIaJ7li5/hhJWZ91F8GY5jEauRwU=; b=tsdjHxK9VAHas7kg4uxnSfVnnzu8BltCH9FPveS4ijAv/K2yAqb95TINacpGjYSKqI 6zYY5jOYufl+kGMlp9lh0b3lRi7hs4K+2aiFQ+HihrvcalqcGQZNkk7nmNbPOibkCHUY PvnBd0TO9Xg1B+Ad0/kf0bQlP8lfFpAMEAw313cNuB/GmHze81ISVZ37srAoyMbCzwsW h8CE9OnDcEFjaI/AAYrynWiNDfaLiQy+OrpBJs6nopozX0vhna5GnDlADgqA8ta9fmsP hivy+BrB+ZIM0XYivCwhzUO1+QoxzQiTp7MtrfzWnhYnxZdAZAVyByQ+QnybV4CTcAqo sK6w== X-Gm-Message-State: AOJu0YzIBnExIpdgz7DM8yMvUaCtfDA1UfT9uLJXu1aLsQTIBXhbvlrq R1m3SVHsNpp6DEPdwXByq8zQY2ctHVAdTqH4YnTRa4SP4oIKvGvtRYQxzKzItnq1uB0IamWbw3L bQsMsitrDJJmPqZD8mm2OiTcUqko91YxJVP/ThaLq X-Gm-Gg: ASbGncuXRtaNiw2ug8N+ihiEziK+/Y4lbO9lPS4DvmEi0TzOD9gO6OqsgMfUzLB0yln jPmXsO1/x/xfkpQDQaHP/zx2Ai4xQMr9bAaWIRSqtS3ABCw5+kRZ2N9o0Rv91rD/UsfOLLwYZza C0/uW+WeCzCak+ajxHznZ6AdZcXU+oTlOVG3hJaDLAsq1XLTl7XGXySlP9h/kB5ZKdNJfF01Y0p zE9IT7Av55m+Z2qViVSHuzaJD4gQ9V1IpwEcWgFs8yaeC/6egdQudshbKWMhnIdCjd4oH+0CuS2 CCARMjLgGFghgNDDzqb+1d+N+xRQb5kGhWzGTAiypFRR+Y7kUsXEYk4vXxo= X-Google-Smtp-Source: AGHT+IHFwbcJ+8QZgkiFcohrU/BTuGKfdhTJQ4uLkZMeuQ0Y3ydnD4SoWCBjxd/XikiuMbUWvDyqH5qyf1b4 X-Received: by 2002:a17:90b:1d52:b0:2ff:4a8d:74f8 with SMTP id 98e67ed59e1d1-30c3cafbd6emr20146265a91.6.1747091941676; Mon, 12 May 2025 16:19:01 -0700 (PDT) Received: from postal.iol.unh.edu (postal.iol.unh.edu. [132.177.123.84]) by smtp-relay.gmail.com with ESMTPS id 98e67ed59e1d1-30c39dad588sm578853a91.4.2025.05.12.16.19.01 (version=TLS1_2 cipher=ECDHE-ECDSA-AES128-GCM-SHA256 bits=128/128); Mon, 12 May 2025 16:19:01 -0700 (PDT) X-Relaying-Domain: iol.unh.edu Date: Mon, 12 May 2025 16:19:01 -0700 (PDT) Message-ID: <682281e5.170a0220.1a5f84.e334SMTPIN_ADDED_MISSING@mx.google.com> Received: from [172.17.0.2] (unknown [172.18.0.76]) by postal.iol.unh.edu (Postfix) with ESMTP id CC7676052471; Mon, 12 May 2025 19:19:00 -0400 (EDT) Subject: |WARNING| pw153426 [PATCH] net/mana: check for vendor_part_id when p From: dpdklab@iol.unh.edu To: Test Report Cc: dpdk-test-reports@iol.unh.edu In-Reply-To: <1747086722-456-1-git-send-email-longli@linuxonhyperv.com> References: <1747086722-456-1-git-send-email-longli@linuxonhyperv.com> Content-Type: text/plain X-BeenThere: test-report@dpdk.org X-Mailman-Version: 2.1.29 Precedence: list List-Id: automatic DPDK test reports List-Unsubscribe: , List-Archive: List-Post: List-Help: List-Subscribe: , Errors-To: test-report-bounces@dpdk.org Test-Label: iol-abi-testing Test-Status: WARNING http://dpdk.org/patch/153426 _Testing issues_ Submitter: Long Li Date: Monday, May 12 2025 21:52:02 DPDK git baseline: Repo:dpdk Branch: master CommitID:ff05ee3e3f8fb4ce958a2ce6461e8141aea959c6 153426 --> testing issues Upstream job id: Generic-DPDK-Compile-ABI#126148 Test environment and result as below: +-------------------+----------+ | Environment | abi_test | +===================+==========+ | CentOS Stream 10 | FAIL | +-------------------+----------+ | CentOS Stream 9 | FAIL | +-------------------+----------+ | Debian 12 | FAIL | +-------------------+----------+ | Fedora 40 (Clang) | FAIL | +-------------------+----------+ | Fedora 40 | FAIL | +-------------------+----------+ | Fedora 41 (Clang) | FAIL | +-------------------+----------+ | Fedora 41 | FAIL | +-------------------+----------+ | openSUSE Leap 15 | FAIL | +-------------------+----------+ | RHEL8 | FAIL | +-------------------+----------+ | RHEL9 | FAIL | +-------------------+----------+ | Ubuntu 24.04 | FAIL | +-------------------+----------+ | Ubuntu 22.04 | FAIL | +-------------------+----------+ ==== 20 line log output for Ubuntu 22.04 (abi_test): ==== Variables changes summary: 0 Removed, 0 Changed, 0 Added variable Functions changes summary: 0 Removed, 0 Changed (1 filtered out), 0 Added function Variables changes summary: 0 Removed, 0 Changed, 0 Added variable Functions changes summary: 0 Removed, 0 Changed (5 filtered out), 0 Added functions Variables changes summary: 0 Removed, 0 Changed, 0 Added variable Functions changes summary: 0 Removed, 0 Changed (7 filtered out), 0 Added functions Variables changes summary: 0 Removed, 0 Changed, 0 Added variable Functions changes summary: 0 Removed, 0 Changed (2 filtered out), 0 Added functions Variables changes summary: 0 Removed, 0 Changed, 0 Added variable Functions changes summary: 0 Removed, 0 Changed (4 filtered out), 0 Added (1 filtered out) functions Variables changes summary: 0 Removed, 0 Changed (1 filtered out), 0 Added variable Functions changes summary: 0 Removed, 0 Changed (215 filtered out), 0 Added (2 filtered out) functions Variables changes summary: 0 Removed, 0 Changed, 0 Added variable ==== End log output ==== CentOS Stream 10 Kernel: Depends on container host Compiler: gcc 14.2.1 20241104 (Red Hat 14.2.1-6) CentOS Stream 9 Kernel: Depends on container host Compiler: gcc 11.5.0 20240719 (Red Hat 11.5.0-2) Debian 12 Kernel: Depends on container host Compiler: gcc (Debian 12.2.0-14) 12.2.0 Fedora 40 (Clang) Kernel: Depends on container host Compiler: clang 18.1.8 (Fedora 18.1.8-1.fc40) Fedora 40 Kernel: Depends on container host Compiler: gcc 14.2.1 20240912 (Red Hat 14.2.1-3) Fedora 41 (Clang) Kernel: Depends on container host Compiler: clang 19.1.5 (Fedora 19.1.5-1.fc41) Fedora 41 Kernel: Depends on container host Compiler: gcc 14.2.1 20240912 (Red Hat 14.2.1-3) openSUSE Leap 15 Kernel: Depends on container host Compiler: gcc (SUSE Linux) 7.5.0 RHEL8 Kernel: Depends on container host Compiler: gcc 8.5.0 20210514 (Red Hat 8.5.0-22) RHEL9 Kernel: Depends on container host Compiler: gcc 11.5.0 20240719 (Red Hat 11.5.0-2) Ubuntu 24.04 Kernel: Depends on container host Compiler: gcc (Ubuntu 13.3.0-6ubuntu2~24.04) 13.3.0 Ubuntu 22.04 Kernel: Depends on container host Compiler: gcc (Ubuntu 11.4.0-1ubuntu1~22.04) 11.4.0 To view detailed results, visit: https://lab.dpdk.org/results/dashboard/patchsets/33161/ UNH-IOL DPDK Community Lab To manage your email subscriptions, visit: https://lab.dpdk.org/results/dashboard/preferences/subscriptions/