From mboxrd@z Thu Jan 1 00:00:00 1970 Return-Path: Received: from mails.dpdk.org (mails.dpdk.org [217.70.189.124]) by inbox.dpdk.org (Postfix) with ESMTP id CD06A46730 for ; Tue, 13 May 2025 07:55:31 +0200 (CEST) Received: from mails.dpdk.org (localhost [127.0.0.1]) by mails.dpdk.org (Postfix) with ESMTP id A64644026C; Tue, 13 May 2025 07:55:31 +0200 (CEST) Received: from mail-oo1-f98.google.com (mail-oo1-f98.google.com [209.85.161.98]) by mails.dpdk.org (Postfix) with ESMTP id 1BD104025F for ; Tue, 13 May 2025 07:55:29 +0200 (CEST) Received: by mail-oo1-f98.google.com with SMTP id 006d021491bc7-604ad6c4cf1so1741743eaf.3 for ; Mon, 12 May 2025 22:55:29 -0700 (PDT) DKIM-Signature: v=1; a=rsa-sha256; c=relaxed/relaxed; d=iol.unh.edu; s=unh-iol; t=1747115729; x=1747720529; darn=dpdk.org; h=cc:to:from:subject:message-id:date:from:to:cc:subject:date :message-id:reply-to; bh=nbmi2Bpv+JOPTv6Hk+X/TQ0NPe+fCnfK0WTu/didZ0g=; b=e3A6I2WhWw82/o/BchuCnTVItLUrsNPDQvtB3cCfuqE7BdmpO1KAEc2tAmolsUMjyR T6pjfjwDsTX57h/2/3mG3ayngn0qOzaMg8nWvNHgla+PC8WoG7j/lwIZ2WBtZwYUvaep jEvnxow7GEhWp0pAuFntYOYcrXSD+dNxJLGyU= X-Google-DKIM-Signature: v=1; a=rsa-sha256; c=relaxed/relaxed; d=1e100.net; s=20230601; t=1747115729; x=1747720529; h=cc:to:from:subject:message-id:date:x-gm-message-state:from:to:cc :subject:date:message-id:reply-to; bh=nbmi2Bpv+JOPTv6Hk+X/TQ0NPe+fCnfK0WTu/didZ0g=; b=r/AhCiQL5N/owtNxdYr085KMwId0RDxIpthoZrN2vkTZQPE+1rbPU04OmhpkBojQDY y1PUOOrpGsDSRDFWlr6APc61aMG08R1njMLKjjCNKsAUvwKLIoiVdnHD7qMXLvHH3dLM RtNpcsWKMK+rgsvT+nLXACfBu0025rm2l+zBmTpBSsvveop5hfR5Zo8eSEStDoT9kQbU foTmA3QLLFwevEjwp3XuxPzFDnHZaBCBRLhAuIua7yYeeC8+Jmm+zKYvr8WKpSQBLS6M RtsqgKqL82EE/sAY5YSICwCFqAZiDmJjgzpA4rt5AObdBdQoKYNwjl/RDdnZEcvG2ygJ owDg== X-Gm-Message-State: AOJu0Yz+n1TZm7WXpShbucm/XsPXhWMba5xAkoDoLKriXE9Sbrnb1otG KVoj+vhEkyEeaZD4tcnpDtVaclFFEsx36m3GsMm2uYLPducv9Qke3KvEEtmiIjVGw1doBvY2IlG f47Vp5s8Jn8EvxsEc5vFQS93uVCzKhD+O X-Gm-Gg: ASbGncuBY1SIrhswGzV/2hYDbeByGTW1fSkXNYRYwwcAzLLUgKNWkJWjPARwJ6US41+ JcDvEn7zOWoDESuPZWzDk22cQiitr7S7QzQPcpZ5R3QkEYjuQfGjyKND3hBzdl92wEVqMFyRZNS m/l+PyEccShrgEpXOW1e1XyVMBmVnnTWl/VcD4DIVi87BmuFVkbw5LbuMYX39SC9CFDqOjfXjK7 n4uTNP2qHtJGrU+czm55RDzWvD2JYMg9LhYZzSAJH3J/ps0BjIRqyXk0CSWriNdGJ/8NfrSHc/c kMCNmwxO1rf7FHMK0Apzu2T3co8FJW+Jt7tfufPv6aER6vS6f6Z5OTsoYjU= X-Google-Smtp-Source: AGHT+IHcvHe1TLBz9/Z5KMDzV7TEo0hUJ1kBN2xEau+Cx3LUgJ5Rx1uT/T7PnV1qCIimK2Rdc3t05hHLs+8M X-Received: by 2002:a05:6820:4b0d:b0:608:271a:8d7a with SMTP id 006d021491bc7-6084c0de928mr9192750eaf.7.1747115729044; Mon, 12 May 2025 22:55:29 -0700 (PDT) Received: from postal.iol.unh.edu (postal.iol.unh.edu. [132.177.123.84]) by smtp-relay.gmail.com with ESMTPS id 006d021491bc7-60997a7f3a5sm164588eaf.3.2025.05.12.22.55.28 (version=TLS1_2 cipher=ECDHE-ECDSA-AES128-GCM-SHA256 bits=128/128); Mon, 12 May 2025 22:55:29 -0700 (PDT) X-Relaying-Domain: iol.unh.edu Date: Mon, 12 May 2025 22:55:29 -0700 (PDT) Message-ID: <6822ded1.050a0220.17ec42.874cSMTPIN_ADDED_MISSING@mx.google.com> Received: from [172.21.0.8] (unknown [172.18.0.240]) by postal.iol.unh.edu (Postfix) with ESMTP id 86B546052471; Tue, 13 May 2025 01:55:28 -0400 (EDT) Subject: |FAILURE| [GIT MASTER] 4401486b5e30d43a134f80f9802f60b5f43e74a8 From: dpdklab@iol.unh.edu To: Test Report Cc: dpdk-test-reports@iol.unh.edu, Xueming Li , Christian Ehrhardt , Kevin Traynor , Luca Boccassi Content-Type: text/plain X-BeenThere: test-report@dpdk.org X-Mailman-Version: 2.1.29 Precedence: list List-Id: automatic DPDK test reports List-Unsubscribe: , List-Archive: List-Post: List-Help: List-Subscribe: , Errors-To: test-report-bounces@dpdk.org _Testing issues_ Branch: tags/v22.11 4401486b5e30d43a134f80f9802f60b5f43e74a8 --> testing issues Upstream job id: Generic-Unit-Test-DPDK#337327 Test environment and result as below: +---------------------+----------------+ | Environment | dpdk_unit_test | +=====================+================+ | Debian 12 | FAIL | +---------------------+----------------+ | Fedora 40 (Clang) | FAIL | +---------------------+----------------+ | CentOS Stream 9 | FAIL | +---------------------+----------------+ | Fedora 40 | PEND | +---------------------+----------------+ | CentOS Stream 10 | PEND | +---------------------+----------------+ | Ubuntu 20.04 | PASS | +---------------------+----------------+ | RHEL9 | PEND | +---------------------+----------------+ | Fedora 41 (Clang) | PEND | +---------------------+----------------+ | Fedora 41 | PEND | +---------------------+----------------+ | Ubuntu 24.04 | PEND | +---------------------+----------------+ | Ubuntu 22.04 | PEND | +---------------------+----------------+ | RHEL8 | PEND | +---------------------+----------------+ | Windows Server 2022 | FAIL | +---------------------+----------------+ ==== Unit test summary for Windows Server 2022 (dpdk_unit_test): ==== Failed to get the unit test results. Displaying the unit test results is not supported for some environments, such as our aarch32 testing, where meson is not used to run the tests. Download the logs available on our CI site. ==== End log output ==== Debian 12 Kernel: Depends on container host Compiler: gcc (Debian 12.2.0-14) 12.2.0 Fedora 40 (Clang) Kernel: Depends on container host Compiler: clang 18.1.8 (Fedora 18.1.8-1.fc40) CentOS Stream 9 Kernel: Depends on container host Compiler: gcc 11.5.0 20240719 (Red Hat 11.5.0-2) Fedora 40 Kernel: Depends on container host Compiler: gcc 14.2.1 20240912 (Red Hat 14.2.1-3) CentOS Stream 10 Kernel: Depends on container host Compiler: gcc 14.2.1 20241104 (Red Hat 14.2.1-6) Ubuntu 20.04 Kernel: Depends on container host Compiler: gcc (Ubuntu 9.4.0-1ubuntu1~20.04.2) 9.4.0 RHEL9 Kernel: Depends on container host Compiler: gcc 11.5.0 20240719 (Red Hat 11.5.0-2) Fedora 41 (Clang) Kernel: Depends on container host Compiler: clang 19.1.5 (Fedora 19.1.5-1.fc41) Fedora 41 Kernel: Depends on container host Compiler: gcc 14.2.1 20240912 (Red Hat 14.2.1-3) Ubuntu 24.04 Kernel: Depends on container host Compiler: gcc (Ubuntu 13.3.0-6ubuntu2~24.04) 13.3.0 Ubuntu 22.04 Kernel: Depends on container host Compiler: gcc (Ubuntu 11.4.0-1ubuntu1~22.04) 11.4.0 RHEL8 Kernel: Depends on container host Compiler: gcc 8.5.0 20210514 (Red Hat 8.5.0-22) Windows Server 2022 Kernel: 10.0.20348.2031 Compiler: clang 15.0.7, gcc 14.1.0 (MinGW), and MSVC VS 19.39.33521 To view detailed results, visit: https://lab.dpdk.org/results/dashboard/tarballs/33513/ UNH-IOL DPDK Community Lab To manage your email subscriptions, visit: https://lab.dpdk.org/results/dashboard/preferences/subscriptions/