From mboxrd@z Thu Jan 1 00:00:00 1970 Return-Path: Received: from mails.dpdk.org (mails.dpdk.org [217.70.189.124]) by inbox.dpdk.org (Postfix) with ESMTP id A656246731 for ; Tue, 13 May 2025 08:04:12 +0200 (CEST) Received: from mails.dpdk.org (localhost [127.0.0.1]) by mails.dpdk.org (Postfix) with ESMTP id 7197D4026C; Tue, 13 May 2025 08:04:12 +0200 (CEST) Received: from mail-io1-f100.google.com (mail-io1-f100.google.com [209.85.166.100]) by mails.dpdk.org (Postfix) with ESMTP id 39A7F4025F for ; Tue, 13 May 2025 08:04:11 +0200 (CEST) Received: by mail-io1-f100.google.com with SMTP id ca18e2360f4ac-85de3e8d0adso117093339f.1 for ; Mon, 12 May 2025 23:04:11 -0700 (PDT) DKIM-Signature: v=1; a=rsa-sha256; c=relaxed/relaxed; d=iol.unh.edu; s=unh-iol; t=1747116250; x=1747721050; darn=dpdk.org; h=cc:to:from:subject:message-id:date:from:to:cc:subject:date :message-id:reply-to; bh=H6Wj/aUdigJEhDeqKJqhboKiFhxFWxGs/1Pc+5VrO1Y=; b=T9hLuqgFlBv8DmKYzxm0Mj7kmicvap/D0JEzt2yVw2B/b0xyhjZfM9UzlvhOzDm3tH WV3bv1GLFVEi7+AhPQcaMDDRWHaKO7hIq8ZMlcH+S6Qijcc3YM0MTv9rmje/Az7gmhwP 7biJK4p5/p7pdrFTAnLixtjfWyacbBRlSfwEg= X-Google-DKIM-Signature: v=1; a=rsa-sha256; c=relaxed/relaxed; d=1e100.net; s=20230601; t=1747116250; x=1747721050; h=cc:to:from:subject:message-id:date:x-gm-message-state:from:to:cc :subject:date:message-id:reply-to; bh=H6Wj/aUdigJEhDeqKJqhboKiFhxFWxGs/1Pc+5VrO1Y=; b=jvj4M/bBM4Xtcc0EVR534U1hT7s4/Me8r2tykYBs5W2GJJzjKGC1sUl9dN4oURXpMW mipgP9PYKp0mGKNPMmddq5i78Fsrp4rgdx9YW8FIt8bFxos7bSJahw6fG4YI+vCD/R99 UDgLnzcn+SzQp85UL+IN9dG8YXv3gUzmylIgbM9Bu+Bm7gdfna3JN3zci111QwA6O9Q9 +6IGpSG6At8K6AHo+TqWsLuTgJoTioKXZr1uwAyUZLjQf0Wkzli+j1lft0ntnbVucBsB KRwPeIsD4LmhSadDAg+yiUisKYT1QW7FFG0SFv8KZv8PwhWXzMQKVP40AC2USQopIg6q SlZg== X-Gm-Message-State: AOJu0YyWwWHYD+F7qbs3lOOIcI8xljUkl+f+s7wcWiDRUiJxpqrexss4 JGiNMsJutsvHLZG+eBnUJHYdW8R4WDeWSN/mf7E9JyMg2oUqDfYVETwKDiQzGc3cxau8HS13oiD O15iYFeBxCo/i05xiUVZuvD8bHJtK1PW28cP2OXKDRjPRPZQ2 X-Gm-Gg: ASbGncuTbwsA67k1Km6Bu0FCzV0LPPX9V2kOX6uqG9mNY5OxROtBhPMzDPQA/wRaHx9 7fCbXzx6KSDsEDJA8PEhmdS/zX3oAuOxH6qRaiqUnTv5I8DPZo6h8A73RT3YuUKxf6qkouxTjnu 18lXV1T1NT3TfXPVKrbIe61cl6Xr2CBGt7nWTg/kOan04LAuEDWENrVFhZDwq51L0yzcRv6sEDJ EOmIc0ojjezk0fb1CvwPJRhBXobfwtPOxXx8Ks0QYYUhxPrSmQmYCRf+UdQVQ7yu4JQR/5D63Bx Ih7OPK/vLDA8dx7GMeTgyJm8tgpyz6zzX44X X-Google-Smtp-Source: AGHT+IGQph/aTI9SwV3ZevkyUMqVKQXEvJZ3Iifib9ULeQhXZLu/cCQWKYXhSPFDiOuygeg8xdWEFHRANdtM X-Received: by 2002:a05:6602:1646:b0:85b:3e32:9afb with SMTP id ca18e2360f4ac-867636c3b27mr2045399439f.14.1747116250374; Mon, 12 May 2025 23:04:10 -0700 (PDT) Received: from postal.iol.unh.edu (postal.iol.unh.edu. [2606:4100:3880:1234::84]) by smtp-relay.gmail.com with ESMTPS id ca18e2360f4ac-867639b680dsm45447639f.31.2025.05.12.23.04.10 (version=TLS1_2 cipher=ECDHE-ECDSA-AES128-GCM-SHA256 bits=128/128); Mon, 12 May 2025 23:04:10 -0700 (PDT) X-Relaying-Domain: iol.unh.edu Date: Mon, 12 May 2025 23:04:10 -0700 (PDT) Message-ID: <6822e0da.050a0220.11860a.8140SMTPIN_ADDED_MISSING@mx.google.com> Received: from [172.21.0.8] (unknown [172.18.0.240]) by postal.iol.unh.edu (Postfix) with ESMTP id D9E8B6052471; Tue, 13 May 2025 02:04:09 -0400 (EDT) Subject: |FAILURE| [GIT MASTER] 4401486b5e30d43a134f80f9802f60b5f43e74a8 From: dpdklab@iol.unh.edu To: Test Report Cc: dpdk-test-reports@iol.unh.edu, Xueming Li , Christian Ehrhardt , Kevin Traynor , Luca Boccassi Content-Type: text/plain X-BeenThere: test-report@dpdk.org X-Mailman-Version: 2.1.29 Precedence: list List-Id: automatic DPDK test reports List-Unsubscribe: , List-Archive: List-Post: List-Help: List-Subscribe: , Errors-To: test-report-bounces@dpdk.org _Testing issues_ Branch: tags/v22.11 4401486b5e30d43a134f80f9802f60b5f43e74a8 --> testing issues Upstream job id: Generic-Unit-Test-DPDK#337323 Test environment and result as below: +---------------------+----------------+ | Environment | dpdk_unit_test | +=====================+================+ | Debian 12 | FAIL | +---------------------+----------------+ | Fedora 40 (Clang) | FAIL | +---------------------+----------------+ | CentOS Stream 9 | FAIL | +---------------------+----------------+ | Fedora 40 | FAIL | +---------------------+----------------+ | CentOS Stream 10 | FAIL | +---------------------+----------------+ | Ubuntu 20.04 | PASS | +---------------------+----------------+ | RHEL9 | PEND | +---------------------+----------------+ | Fedora 41 (Clang) | PEND | +---------------------+----------------+ | Fedora 41 | FAIL | +---------------------+----------------+ | Ubuntu 24.04 | PEND | +---------------------+----------------+ | Ubuntu 22.04 | PEND | +---------------------+----------------+ | RHEL8 | PEND | +---------------------+----------------+ | Windows Server 2022 | FAIL | +---------------------+----------------+ ==== Unit test summary for Windows Server 2022 (dpdk_unit_test): ==== Failed to get the unit test results. Displaying the unit test results is not supported for some environments, such as our aarch32 testing, where meson is not used to run the tests. Download the logs available on our CI site. ==== End log output ==== Debian 12 Kernel: Depends on container host Compiler: gcc (Debian 12.2.0-14) 12.2.0 Fedora 40 (Clang) Kernel: Depends on container host Compiler: clang 18.1.8 (Fedora 18.1.8-1.fc40) CentOS Stream 9 Kernel: Depends on container host Compiler: gcc 11.5.0 20240719 (Red Hat 11.5.0-2) Fedora 40 Kernel: Depends on container host Compiler: gcc 14.2.1 20240912 (Red Hat 14.2.1-3) CentOS Stream 10 Kernel: Depends on container host Compiler: gcc 14.2.1 20241104 (Red Hat 14.2.1-6) Ubuntu 20.04 Kernel: Depends on container host Compiler: gcc (Ubuntu 9.4.0-1ubuntu1~20.04.2) 9.4.0 RHEL9 Kernel: Depends on container host Compiler: gcc 11.5.0 20240719 (Red Hat 11.5.0-2) Fedora 41 (Clang) Kernel: Depends on container host Compiler: clang 19.1.5 (Fedora 19.1.5-1.fc41) Fedora 41 Kernel: Depends on container host Compiler: gcc 14.2.1 20240912 (Red Hat 14.2.1-3) Ubuntu 24.04 Kernel: Depends on container host Compiler: gcc (Ubuntu 13.3.0-6ubuntu2~24.04) 13.3.0 Ubuntu 22.04 Kernel: Depends on container host Compiler: gcc (Ubuntu 11.4.0-1ubuntu1~22.04) 11.4.0 RHEL8 Kernel: Depends on container host Compiler: gcc 8.5.0 20210514 (Red Hat 8.5.0-22) Windows Server 2022 Kernel: 10.0.20348.2031 Compiler: clang 15.0.7, gcc 14.1.0 (MinGW), and MSVC VS 19.39.33521 To view detailed results, visit: https://lab.dpdk.org/results/dashboard/tarballs/33513/ UNH-IOL DPDK Community Lab To manage your email subscriptions, visit: https://lab.dpdk.org/results/dashboard/preferences/subscriptions/