From mboxrd@z Thu Jan 1 00:00:00 1970 Return-Path: Received: from mails.dpdk.org (mails.dpdk.org [217.70.189.124]) by inbox.dpdk.org (Postfix) with ESMTP id 2D8B246732 for ; Tue, 13 May 2025 08:21:51 +0200 (CEST) Received: from mails.dpdk.org (localhost [127.0.0.1]) by mails.dpdk.org (Postfix) with ESMTP id EC27A4026C; Tue, 13 May 2025 08:21:50 +0200 (CEST) Received: from mail-pl1-f225.google.com (mail-pl1-f225.google.com [209.85.214.225]) by mails.dpdk.org (Postfix) with ESMTP id 99ACA4025F for ; Tue, 13 May 2025 08:21:49 +0200 (CEST) Received: by mail-pl1-f225.google.com with SMTP id d9443c01a7336-22e70a9c6bdso73263225ad.3 for ; Mon, 12 May 2025 23:21:49 -0700 (PDT) DKIM-Signature: v=1; a=rsa-sha256; c=relaxed/relaxed; d=iol.unh.edu; s=unh-iol; t=1747117309; x=1747722109; darn=dpdk.org; h=cc:to:from:subject:message-id:date:from:to:cc:subject:date :message-id:reply-to; bh=9AVbxnx+wRWy9qhUpijwnHg6nUm+n7qbLWTeP9QonMo=; b=MZLUBaFOfSqZFIGqLlYxD/58SFPS7MqbiEyaM/eTCdIP1PT3zUcijBuHK7cuFMsCKU 315hyXTO4sr9NL1HKHOG354/22aSfclj09UurXoVeeg0ZOBHxVlj3vwSHxko1PtjLtmi +bIzb6XsrLq/kkyDf5tFipbHj5MDlv1byxtqU= X-Google-DKIM-Signature: v=1; a=rsa-sha256; c=relaxed/relaxed; d=1e100.net; s=20230601; t=1747117309; x=1747722109; h=cc:to:from:subject:message-id:date:x-gm-message-state:from:to:cc :subject:date:message-id:reply-to; bh=9AVbxnx+wRWy9qhUpijwnHg6nUm+n7qbLWTeP9QonMo=; b=ssBR5hBUrjeJI0L5TyLVlzbulXFPqBOC7oqHSoTdgBRhyXNNKwmIly792BzrMbAvUr 9h0WJeBKxriLakXKCwVt/TDTfax9nm+NKixz90cyoQLXTVJbuQCIX1MC4hnAiHoYpnlN Tq7p5cO8DL0V/NFbhqW0sYVLjhM9DvpmCsg2cVh9kURJ3yyt3nXjIHxAg+GqMdq3YtNn kVE+zhI4jeeULjXwxlnPwQKWjpZQykdpVHuDf6r3nD7YgLKS5hfcqzlDJP1rQRRpX6KR sYrR3hjk072HojEiFzcEkQTWt7EtOyByrDCX7ZcMz3jW4lMZbdhUL2CzNlB4F2v2RgWg ErCg== X-Gm-Message-State: AOJu0YxK5e6VnvdnbiREAsz1B45GpkAGh9BGthl3DvGt1hzat8jq95eZ 3d3Mxb6cZBXV9ZUlA95g1lcOexwJS1yGhDab1oGVX6H7TO0jiKlBgEca3JG5JdO/+vQP+CG0cr5 wDt+KSjfS7PBWjm2/HVQDrUpo0AVI3zO9PA4WssA95G2eM6Ki X-Gm-Gg: ASbGncsUq/ffsiG8uikkwpzxTc358Sz3sP0E0pCSeG6b3RWeC29zAg1soh78BOCGNfn BMuJZ+6/0e3zQnQ7l2J1Ug6yGblxOLQE9njRVh93/183DupUXi3AwWLnUtZ9XSIxa8Th0QT/0g0 WyijVRhvYfToF/zw1XqMIB5LXEHJAcRcBLNTPBwadFS5oMNMICpsIuJpuMpeFhqAPA3rCaIe+oq /ERiypPesTUgwh894E1iy6TEMvs1D3cV4tXQ96QgtBAFW4oKeFSzJNioynZgxuyalEQ76HQyARv 7JjjMPyFZ5XjSufcnxKFEWukJO9+1Vz60GkB X-Google-Smtp-Source: AGHT+IFMOZ2LKegT3tnOqnPaWl4tgeT+v2D5MZB2i1o9VJCP5ZlAzjvE8FUBN7BLioOwyaMKrZUtWEPb2eY+ X-Received: by 2002:a17:903:2349:b0:223:6744:bfb9 with SMTP id d9443c01a7336-22fc8e99130mr253938405ad.41.1747117308598; Mon, 12 May 2025 23:21:48 -0700 (PDT) Received: from postal.iol.unh.edu (postal.iol.unh.edu. [2606:4100:3880:1234::84]) by smtp-relay.gmail.com with ESMTPS id d9443c01a7336-22fc6f3170asm4696905ad.124.2025.05.12.23.21.48 (version=TLS1_2 cipher=ECDHE-ECDSA-AES128-GCM-SHA256 bits=128/128); Mon, 12 May 2025 23:21:48 -0700 (PDT) X-Relaying-Domain: iol.unh.edu Date: Mon, 12 May 2025 23:21:48 -0700 (PDT) Message-ID: <6822e4fc.170a0220.2e0c5.8480SMTPIN_ADDED_MISSING@mx.google.com> Received: from [172.21.0.5] (unknown [172.18.0.240]) by postal.iol.unh.edu (Postfix) with ESMTP id 0E80C6052471; Tue, 13 May 2025 02:21:48 -0400 (EDT) Subject: |FAILURE| [GIT MASTER] 4401486b5e30d43a134f80f9802f60b5f43e74a8 From: dpdklab@iol.unh.edu To: Test Report Cc: dpdk-test-reports@iol.unh.edu, Xueming Li , Christian Ehrhardt , Kevin Traynor , Luca Boccassi Content-Type: text/plain X-BeenThere: test-report@dpdk.org X-Mailman-Version: 2.1.29 Precedence: list List-Id: automatic DPDK test reports List-Unsubscribe: , List-Archive: List-Post: List-Help: List-Subscribe: , Errors-To: test-report-bounces@dpdk.org _Testing issues_ Branch: tags/v22.11 4401486b5e30d43a134f80f9802f60b5f43e74a8 --> testing issues Upstream job id: Generic-Unit-Test-DPDK#337326 Test environment and result as below: +---------------------+----------------+ | Environment | dpdk_unit_test | +=====================+================+ | Debian 12 | FAIL | +---------------------+----------------+ | Fedora 40 (Clang) | FAIL | +---------------------+----------------+ | CentOS Stream 9 | FAIL | +---------------------+----------------+ | Fedora 40 | FAIL | +---------------------+----------------+ | CentOS Stream 10 | FAIL | +---------------------+----------------+ | Ubuntu 20.04 | PASS | +---------------------+----------------+ | RHEL9 | FAIL | +---------------------+----------------+ | Fedora 41 (Clang) | FAIL | +---------------------+----------------+ | Fedora 41 | FAIL | +---------------------+----------------+ | Ubuntu 24.04 | PEND | +---------------------+----------------+ | Ubuntu 22.04 | PEND | +---------------------+----------------+ | RHEL8 | PEND | +---------------------+----------------+ | Windows Server 2022 | FAIL | +---------------------+----------------+ ==== Unit test summary for Windows Server 2022 (dpdk_unit_test): ==== Failed to get the unit test results. Displaying the unit test results is not supported for some environments, such as our aarch32 testing, where meson is not used to run the tests. Download the logs available on our CI site. ==== End log output ==== Debian 12 Kernel: Depends on container host Compiler: gcc (Debian 12.2.0-14) 12.2.0 Fedora 40 (Clang) Kernel: Depends on container host Compiler: clang 18.1.8 (Fedora 18.1.8-1.fc40) CentOS Stream 9 Kernel: Depends on container host Compiler: gcc 11.5.0 20240719 (Red Hat 11.5.0-2) Fedora 40 Kernel: Depends on container host Compiler: gcc 14.2.1 20240912 (Red Hat 14.2.1-3) CentOS Stream 10 Kernel: Depends on container host Compiler: gcc 14.2.1 20241104 (Red Hat 14.2.1-6) Ubuntu 20.04 Kernel: Depends on container host Compiler: gcc (Ubuntu 9.4.0-1ubuntu1~20.04.2) 9.4.0 RHEL9 Kernel: Depends on container host Compiler: gcc 11.5.0 20240719 (Red Hat 11.5.0-2) Fedora 41 (Clang) Kernel: Depends on container host Compiler: clang 19.1.5 (Fedora 19.1.5-1.fc41) Fedora 41 Kernel: Depends on container host Compiler: gcc 14.2.1 20240912 (Red Hat 14.2.1-3) Ubuntu 24.04 Kernel: Depends on container host Compiler: gcc (Ubuntu 13.3.0-6ubuntu2~24.04) 13.3.0 Ubuntu 22.04 Kernel: Depends on container host Compiler: gcc (Ubuntu 11.4.0-1ubuntu1~22.04) 11.4.0 RHEL8 Kernel: Depends on container host Compiler: gcc 8.5.0 20210514 (Red Hat 8.5.0-22) Windows Server 2022 Kernel: 10.0.20348.2031 Compiler: clang 15.0.7, gcc 14.1.0 (MinGW), and MSVC VS 19.39.33521 To view detailed results, visit: https://lab.dpdk.org/results/dashboard/tarballs/33513/ UNH-IOL DPDK Community Lab To manage your email subscriptions, visit: https://lab.dpdk.org/results/dashboard/preferences/subscriptions/