From: dpdklab@iol.unh.edu
To: Test Report <test-report@dpdk.org>
Cc: dpdk-test-reports@iol.unh.edu,
Bruce Richardson <bruce.richardson@intel.com>
Subject: |FAILURE| pw153427 [PATCH] [v2] build: automatically report minimum
Date: Tue, 13 May 2025 02:41:34 -0700 (PDT) [thread overview]
Message-ID: <682313ce.170a0220.29efdf.c375SMTPIN_ADDED_MISSING@mx.google.com> (raw)
In-Reply-To: <20250513085956.1670288-1-bruce.richardson@intel.com>
Test-Label: iol-unit-arm64-testing
Test-Status: FAILURE
http://dpdk.org/patch/153427
_Testing issues_
Submitter: Bruce Richardson <bruce.richardson@intel.com>
Date: Tuesday, May 13 2025 08:59:42
DPDK git baseline: Repo:dpdk
Branch: master
CommitID:2bf836de46d36a81f9321f947fbfce52b3180782
153427 --> testing issues
Upstream job id: Generic-Unit-Test-DPDK#337402
Test environment and result as below:
+------------------------+---------------------------+----------------+--------------+------------------------------+
| Environment | cryptodev_sw_zuc_autotest | dpdk_unit_test | lpm_autotest | cryptodev_sw_snow3g_autotest |
+========================+===========================+================+==============+==============================+
| Debian 12 (arm) | FAIL | PEND | SKIPPED | PEND |
+------------------------+---------------------------+----------------+--------------+------------------------------+
| Fedora 41 (ARM Clang) | SKIPPED | PEND | SKIPPED | SKIPPED |
+------------------------+---------------------------+----------------+--------------+------------------------------+
| CentOS Stream 9 (ARM) | SKIPPED | PEND | SKIPPED | SKIPPED |
+------------------------+---------------------------+----------------+--------------+------------------------------+
| Fedora 40 (ARM Clang) | SKIPPED | PEND | SKIPPED | SKIPPED |
+------------------------+---------------------------+----------------+--------------+------------------------------+
| Fedora 40 (ARM) | SKIPPED | PEND | SKIPPED | SKIPPED |
+------------------------+---------------------------+----------------+--------------+------------------------------+
| CentOS Stream 10 (ARM) | SKIPPED | PEND | SKIPPED | SKIPPED |
+------------------------+---------------------------+----------------+--------------+------------------------------+
| Fedora 41 (ARM) | SKIPPED | PEND | SKIPPED | SKIPPED |
+------------------------+---------------------------+----------------+--------------+------------------------------+
| Ubuntu 22.04 (ARM) | SKIPPED | PEND | SKIPPED | SKIPPED |
+------------------------+---------------------------+----------------+--------------+------------------------------+
| Ubuntu 24.04 (ARM) | SKIPPED | PEND | SKIPPED | SKIPPED |
+------------------------+---------------------------+----------------+--------------+------------------------------+
| RHEL9 (ARM) | SKIPPED | PEND | SKIPPED | SKIPPED |
+------------------------+---------------------------+----------------+--------------+------------------------------+
| Ubuntu 20.04 (ARM) | SKIPPED | PEND | SKIPPED | SKIPPED |
+------------------------+---------------------------+----------------+--------------+------------------------------+
| Ubuntu 20.04 ARM SVE | SKIPPED | SKIPPED | PEND | SKIPPED |
+------------------------+---------------------------+----------------+--------------+------------------------------+
==== 20 line log output for Debian 12 (arm) (cryptodev_sw_zuc_autotest): ====
[3665/3684] Compiling C object app/dpdk-test.p/test_test_table_ports.c.o
[3666/3684] Compiling C object app/dpdk-test.p/test_test_tailq.c.o
[3667/3684] Compiling C object app/dpdk-test.p/test_test_telemetry_data.c.o
[3668/3684] Compiling C object app/dpdk-test.p/test_test_table_tables.c.o
[3669/3684] Compiling C object app/dpdk-test.p/test_test_telemetry_json.c.o
[3670/3684] Compiling C object app/dpdk-test.p/test_test_thash.c.o
[3671/3684] Compiling C object app/dpdk-test.p/test_test_threads.c.o
[3672/3684] Compiling C object app/dpdk-test.p/test_test_ticketlock.c.o
[3673/3684] Compiling C object app/dpdk-test.p/test_test_thash_perf.c.o
[3674/3684] Compiling C object app/dpdk-test.p/test_test_timer.c.o
[3675/3684] Compiling C object app/dpdk-test.p/test_test_timer_perf.c.o
[3676/3684] Compiling C object app/dpdk-test.p/test_test_timer_racecond.c.o
[3677/3684] Compiling C object app/dpdk-test.p/test_test_timer_secondary.c.o
[3678/3684] Compiling C object app/dpdk-test.p/test_test_trace.c.o
[3679/3684] Compiling C object app/dpdk-test.p/test_test_trace_perf.c.o
[3680/3684] Compiling C object app/dpdk-test.p/test_test_vdev.c.o
[3681/3684] Compiling C object app/dpdk-test.p/test_test_version.c.o
[3682/3684] Compiling C object app/dpdk-test.p/test_virtual_pmd.c.o
[3683/3684] Compiling C object app/dpdk-test.p/test_test_trace_register.c.o
[3684/3684] Linking target app/dpdk-test
==== End log output ====
Debian 12 (arm)
Kernel: Depends on container host
Compiler: gcc (Debian 12.2.0-14) 12.2.0
Fedora 41 (ARM Clang)
Kernel: Depends on container host
Compiler: clang 19.1.5 (Fedora 19.1.5-1.fc41)
CentOS Stream 9 (ARM)
Kernel: Depends on container host
Compiler: gcc 11.5.0 20240719 (Red Hat 11.5.0-2)
Fedora 40 (ARM Clang)
Kernel: Depends on container host
Compiler: clang 18.1.8 (Fedora 18.1.8-1.fc40)
Fedora 40 (ARM)
Kernel: Depends on container host
Compiler: gcc 14.2.1 20240912 (Red Hat 14.2.1-3)
CentOS Stream 10 (ARM)
Kernel: Depends on container host
Compiler: gcc 14.2.1 20241104 (Red Hat 14.2.1-6)
Fedora 41 (ARM)
Kernel: Depends on container host
Compiler: gcc 14.2.1 20240912 (Red Hat 14.2.1-3)
Ubuntu 22.04 (ARM)
Kernel: Depends on container host
Compiler: gcc (Ubuntu 11.4.0-1ubuntu1~22.04) 11.4.0
Ubuntu 24.04 (ARM)
Kernel: Depends on container host
Compiler: gcc (Ubuntu 13.3.0-6ubuntu2~24.04) 13.3.0
RHEL9 (ARM)
Kernel: Depends on container host
Compiler: gcc 11.5.0 20240719 (Red Hat 11.5.0-2)
Ubuntu 20.04 (ARM)
Kernel: Depends on container host
Compiler: gcc (Ubuntu 9.4.0-1ubuntu1~20.04.2) 9.4.0
Ubuntu 20.04 ARM SVE
Kernel: Depends on container host
Compiler: gcc (Ubuntu 10.5.0-1ubuntu1~20.04) 10.5.0
To view detailed results, visit:
https://lab.dpdk.org/results/dashboard/patchsets/33162/
UNH-IOL DPDK Community Lab
To manage your email subscriptions, visit:
https://lab.dpdk.org/results/dashboard/preferences/subscriptions/
next prev parent reply other threads:[~2025-05-13 9:41 UTC|newest]
Thread overview: 33+ messages / expand[flat|nested] mbox.gz Atom feed top
[not found] <20250513085956.1670288-1-bruce.richardson@intel.com>
2025-05-13 8:32 ` |SUCCESS| pw153427 [PATCH v2] build: automatically report minimum meson version qemudev
2025-05-13 8:36 ` qemudev
2025-05-13 9:01 ` checkpatch
2025-05-13 9:36 ` |SUCCESS| pw153427 [PATCH] [v2] build: automatically report minimum dpdklab
2025-05-13 9:38 ` dpdklab
2025-05-13 9:39 ` |FAILURE| " dpdklab
2025-05-13 9:41 ` dpdklab [this message]
2025-05-13 9:43 ` |PENDING| " dpdklab
2025-05-13 9:47 ` |SUCCESS| " dpdklab
2025-05-13 9:50 ` dpdklab
2025-05-13 9:51 ` dpdklab
2025-05-13 9:53 ` dpdklab
2025-05-13 9:55 ` dpdklab
2025-05-13 9:57 ` |FAILURE| " dpdklab
2025-05-13 10:01 ` dpdklab
2025-05-13 10:03 ` |SUCCESS| " dpdklab
2025-05-13 10:03 ` |SUCCESS| pw153427 [PATCH v2] build: automatically report minimum meson version 0-day Robot
2025-05-13 10:04 ` |FAILURE| pw153427 [PATCH] [v2] build: automatically report minimum dpdklab
2025-05-13 10:05 ` dpdklab
2025-05-13 10:05 ` dpdklab
2025-05-13 10:05 ` |SUCCESS| " dpdklab
2025-05-13 10:09 ` |FAILURE| " dpdklab
2025-05-13 10:11 ` dpdklab
2025-05-13 10:19 ` |SUCCESS| " dpdklab
2025-05-13 10:19 ` dpdklab
2025-05-13 10:20 ` dpdklab
2025-05-13 10:20 ` dpdklab
2025-05-13 10:21 ` dpdklab
2025-05-13 10:27 ` |FAILURE| " dpdklab
2025-05-13 10:32 ` dpdklab
2025-05-13 10:44 ` |SUCCESS| " dpdklab
2025-05-13 10:52 ` dpdklab
2025-05-13 13:20 ` dpdklab
Reply instructions:
You may reply publicly to this message via plain-text email
using any one of the following methods:
* Save the following mbox file, import it into your mail client,
and reply-to-all from there: mbox
Avoid top-posting and favor interleaved quoting:
https://en.wikipedia.org/wiki/Posting_style#Interleaved_style
* Reply using the --to, --cc, and --in-reply-to
switches of git-send-email(1):
git send-email \
--in-reply-to=682313ce.170a0220.29efdf.c375SMTPIN_ADDED_MISSING@mx.google.com \
--to=dpdklab@iol.unh.edu \
--cc=bruce.richardson@intel.com \
--cc=dpdk-test-reports@iol.unh.edu \
--cc=test-report@dpdk.org \
/path/to/YOUR_REPLY
https://kernel.org/pub/software/scm/git/docs/git-send-email.html
* If your mail client supports setting the In-Reply-To header
via mailto: links, try the mailto: link
Be sure your reply has a Subject: header at the top and a blank line
before the message body.
This is a public inbox, see mirroring instructions
for how to clone and mirror all data and code used for this inbox;
as well as URLs for NNTP newsgroup(s).