From mboxrd@z Thu Jan 1 00:00:00 1970 Return-Path: Received: from mails.dpdk.org (mails.dpdk.org [217.70.189.124]) by inbox.dpdk.org (Postfix) with ESMTP id E963646734 for ; Tue, 13 May 2025 11:57:35 +0200 (CEST) Received: from mails.dpdk.org (localhost [127.0.0.1]) by mails.dpdk.org (Postfix) with ESMTP id C69194026C; Tue, 13 May 2025 11:57:35 +0200 (CEST) Received: from mail-qv1-f100.google.com (mail-qv1-f100.google.com [209.85.219.100]) by mails.dpdk.org (Postfix) with ESMTP id B9D2F4025F for ; Tue, 13 May 2025 11:57:33 +0200 (CEST) Received: by mail-qv1-f100.google.com with SMTP id 6a1803df08f44-6f2c45ecaffso56989796d6.2 for ; Tue, 13 May 2025 02:57:33 -0700 (PDT) DKIM-Signature: v=1; a=rsa-sha256; c=relaxed/relaxed; d=iol.unh.edu; s=unh-iol; t=1747130253; x=1747735053; darn=dpdk.org; h=references:in-reply-to:cc:to:from:subject:message-id:date:from:to :cc:subject:date:message-id:reply-to; bh=si80eKPH5g6oEQIgq6tLC5eYlgsuFLAacM7u9IB1A9s=; b=Xr9NG/foj0zedx4v5CX54N9QzAlqQ5+lJ0U5UKSrKzGqekXsA5+E9e1l+ldIssCykN XMOuNUheuSO0/7iylGiIpaqnLigNJ0+PeI6U1fr/HbKSeKlC2H1DISFW6Acir33zEnj/ yNMb1fYT+EwI8co8fttfYgysorkgYUx5CW0e8= X-Google-DKIM-Signature: v=1; a=rsa-sha256; c=relaxed/relaxed; d=1e100.net; s=20230601; t=1747130253; x=1747735053; h=references:in-reply-to:cc:to:from:subject:message-id:date :x-gm-message-state:from:to:cc:subject:date:message-id:reply-to; bh=si80eKPH5g6oEQIgq6tLC5eYlgsuFLAacM7u9IB1A9s=; b=XD7rRPYYNU9WU+vesY/3tMs+vYodHnHBFhrBdRRtgkSW1mTMoeca1kv4DJg6VEXI98 WB5PVtFI2yQYP/sKDdepiXmWAFeHuwqR1RUxpyTq9+D1GoaOmfdIQXYF70Y/GmHLUv1V Zp2dJCbNeKsrIMMxdsx0VgOfGhpNcMyHiud2Bx3Cxh+ZUv5bL4MHkNzyzS03GtiIQdGL xyNlUpAb7e75PbIZ5ryR+oWMsXYXD92ZAHRQYXYaagtZb5A3adXks00kMhmiewLw+gq0 hIFUParLFa+bwOIVtNqOliE276aVLyj6+JVoOpgnRBi36YmqC/dIp4UNUgtqgus3BFPk Gk7Q== X-Gm-Message-State: AOJu0YwkyOobqdcNcSBMD9hyGEyxBkasbdy1f4AYKZshkoZfKjgj/bZH viUqamE8Ok7Eesty3xjhNh13i4BInXSqCwIArisJF8GwkHiVrUAIAKrmn1ODpq2Xb4yv+CisA/9 B8ma1UWu68jKh3QxI0OP1QhM1/N7pdXHnXoqfHY1ZZU/KKxhlImfhxIrR X-Gm-Gg: ASbGncuAC5HJJLIvg4z63aZr9MeNJl+KFQ7vd8/f1JK6ZrcmXxQVIExUPGcrkCWxeY7 X61RjLK74t8dwWHariFoqOveSIcRQFE/xLmrmvcdgpQr2B1itpruNz8PBxriwGkzbMDkthEA2kq 2j0SFkbPQXDY4jy7GKXf5xCUnTvW1kjSNCRjaMWScx6ln470WB/svaoyeKn3VkHcBpLZkB80/oA WRdxa9ME7kL7UwAi5AnSznV/DFFZG2u2YxZ/yTDeEjwJP63XTIS0gBGP8yzrN2ur2+7/gb3W3ad 9T99TfCmjuYnv7xqFB8bKLbQOjFA1O4JYO0T X-Google-Smtp-Source: AGHT+IEI+UQkTroX4dWllBjKqSCOU13tM6fPaBY/qrvdIbdGpM+53bQbiv+jKXI6Waui17cDcHHf42BWFtpo X-Received: by 2002:a0c:ed2c:0:b0:6f4:c602:806e with SMTP id 6a1803df08f44-6f6e47aaa19mr203557976d6.13.1747130253024; Tue, 13 May 2025 02:57:33 -0700 (PDT) Received: from postal.iol.unh.edu (postal.iol.unh.edu. [2606:4100:3880:1234::84]) by smtp-relay.gmail.com with ESMTPS id 6a1803df08f44-6f6e3a0e4eesm5113276d6.32.2025.05.13.02.57.32 (version=TLS1_2 cipher=ECDHE-ECDSA-AES128-GCM-SHA256 bits=128/128); Tue, 13 May 2025 02:57:33 -0700 (PDT) X-Relaying-Domain: iol.unh.edu Date: Tue, 13 May 2025 02:57:33 -0700 (PDT) Message-ID: <6823178d.050a0220.d6885.b0b4SMTPIN_ADDED_MISSING@mx.google.com> Received: from [172.21.0.5] (unknown [172.18.0.240]) by postal.iol.unh.edu (Postfix) with ESMTP id B1EA06052471; Tue, 13 May 2025 05:57:32 -0400 (EDT) Subject: |FAILURE| pw153427 [PATCH] [v2] build: automatically report minimum From: dpdklab@iol.unh.edu To: Test Report Cc: dpdk-test-reports@iol.unh.edu, Bruce Richardson In-Reply-To: <20250513085956.1670288-1-bruce.richardson@intel.com> References: <20250513085956.1670288-1-bruce.richardson@intel.com> Content-Type: text/plain X-BeenThere: test-report@dpdk.org X-Mailman-Version: 2.1.29 Precedence: list List-Id: automatic DPDK test reports List-Unsubscribe: , List-Archive: List-Post: List-Help: List-Subscribe: , Errors-To: test-report-bounces@dpdk.org Test-Label: iol-unit-arm64-testing Test-Status: FAILURE http://dpdk.org/patch/153427 _Testing issues_ Submitter: Bruce Richardson Date: Tuesday, May 13 2025 08:59:42 DPDK git baseline: Repo:dpdk Branch: master CommitID:2bf836de46d36a81f9321f947fbfce52b3180782 153427 --> testing issues Upstream job id: Generic-Unit-Test-DPDK#337386 Test environment and result as below: +------------------------+---------------------------+----------------+--------------+------------------------------+ | Environment | cryptodev_sw_zuc_autotest | dpdk_unit_test | lpm_autotest | cryptodev_sw_snow3g_autotest | +========================+===========================+================+==============+==============================+ | Debian 12 (arm) | FAIL | PEND | SKIPPED | PEND | +------------------------+---------------------------+----------------+--------------+------------------------------+ | Fedora 41 (ARM Clang) | SKIPPED | PEND | SKIPPED | SKIPPED | +------------------------+---------------------------+----------------+--------------+------------------------------+ | CentOS Stream 9 (ARM) | SKIPPED | PASS | SKIPPED | SKIPPED | +------------------------+---------------------------+----------------+--------------+------------------------------+ | Fedora 40 (ARM Clang) | SKIPPED | PEND | SKIPPED | SKIPPED | +------------------------+---------------------------+----------------+--------------+------------------------------+ | Fedora 40 (ARM) | SKIPPED | PEND | SKIPPED | SKIPPED | +------------------------+---------------------------+----------------+--------------+------------------------------+ | CentOS Stream 10 (ARM) | SKIPPED | PEND | SKIPPED | SKIPPED | +------------------------+---------------------------+----------------+--------------+------------------------------+ | Fedora 41 (ARM) | SKIPPED | FAIL | SKIPPED | SKIPPED | +------------------------+---------------------------+----------------+--------------+------------------------------+ | Ubuntu 22.04 (ARM) | SKIPPED | PEND | SKIPPED | SKIPPED | +------------------------+---------------------------+----------------+--------------+------------------------------+ | Ubuntu 24.04 (ARM) | SKIPPED | PEND | SKIPPED | SKIPPED | +------------------------+---------------------------+----------------+--------------+------------------------------+ | RHEL9 (ARM) | SKIPPED | PEND | SKIPPED | SKIPPED | +------------------------+---------------------------+----------------+--------------+------------------------------+ | Ubuntu 20.04 (ARM) | SKIPPED | PEND | SKIPPED | SKIPPED | +------------------------+---------------------------+----------------+--------------+------------------------------+ | Ubuntu 20.04 ARM SVE | SKIPPED | SKIPPED | PEND | SKIPPED | +------------------------+---------------------------+----------------+--------------+------------------------------+ ==== Unit test summary for Fedora 41 (ARM) (dpdk_unit_test): ==== ninja: Entering directory `/home-local/jenkins-local/jenkins-agent/workspace/Generic-Unit-Test-DPDK/dpdk/build' ninja: no work to do. Ok: 0 Expected Fail: 0 Fail: 0 Unexpected Pass: 0 Skipped: 0 Timeout: 0 Full log written to /home-local/jenkins-local/jenkins-agent/workspace/Generic-Unit-Test-DPDK/dpdk/build/meson-logs/testlog.txt ==== End log output ==== Debian 12 (arm) Kernel: Depends on container host Compiler: gcc (Debian 12.2.0-14) 12.2.0 Fedora 41 (ARM Clang) Kernel: Depends on container host Compiler: clang 19.1.5 (Fedora 19.1.5-1.fc41) CentOS Stream 9 (ARM) Kernel: Depends on container host Compiler: gcc 11.5.0 20240719 (Red Hat 11.5.0-2) Fedora 40 (ARM Clang) Kernel: Depends on container host Compiler: clang 18.1.8 (Fedora 18.1.8-1.fc40) Fedora 40 (ARM) Kernel: Depends on container host Compiler: gcc 14.2.1 20240912 (Red Hat 14.2.1-3) CentOS Stream 10 (ARM) Kernel: Depends on container host Compiler: gcc 14.2.1 20241104 (Red Hat 14.2.1-6) Fedora 41 (ARM) Kernel: Depends on container host Compiler: gcc 14.2.1 20240912 (Red Hat 14.2.1-3) Ubuntu 22.04 (ARM) Kernel: Depends on container host Compiler: gcc (Ubuntu 11.4.0-1ubuntu1~22.04) 11.4.0 Ubuntu 24.04 (ARM) Kernel: Depends on container host Compiler: gcc (Ubuntu 13.3.0-6ubuntu2~24.04) 13.3.0 RHEL9 (ARM) Kernel: Depends on container host Compiler: gcc 11.5.0 20240719 (Red Hat 11.5.0-2) Ubuntu 20.04 (ARM) Kernel: Depends on container host Compiler: gcc (Ubuntu 9.4.0-1ubuntu1~20.04.2) 9.4.0 Ubuntu 20.04 ARM SVE Kernel: Depends on container host Compiler: gcc (Ubuntu 10.5.0-1ubuntu1~20.04) 10.5.0 To view detailed results, visit: https://lab.dpdk.org/results/dashboard/patchsets/33162/ UNH-IOL DPDK Community Lab To manage your email subscriptions, visit: https://lab.dpdk.org/results/dashboard/preferences/subscriptions/