From mboxrd@z Thu Jan 1 00:00:00 1970 Return-Path: Received: from mails.dpdk.org (mails.dpdk.org [217.70.189.124]) by inbox.dpdk.org (Postfix) with ESMTP id B7A1B46735 for ; Tue, 13 May 2025 12:01:48 +0200 (CEST) Received: from mails.dpdk.org (localhost [127.0.0.1]) by mails.dpdk.org (Postfix) with ESMTP id A02864026C; Tue, 13 May 2025 12:01:48 +0200 (CEST) Received: from mail-qk1-f227.google.com (mail-qk1-f227.google.com [209.85.222.227]) by mails.dpdk.org (Postfix) with ESMTP id 2ABF74025F for ; Tue, 13 May 2025 12:01:47 +0200 (CEST) Received: by mail-qk1-f227.google.com with SMTP id af79cd13be357-7c5a88b34a6so587775185a.3 for ; Tue, 13 May 2025 03:01:47 -0700 (PDT) DKIM-Signature: v=1; a=rsa-sha256; c=relaxed/relaxed; d=iol.unh.edu; s=unh-iol; t=1747130506; x=1747735306; darn=dpdk.org; h=references:in-reply-to:cc:to:from:subject:message-id:date:from:to :cc:subject:date:message-id:reply-to; bh=aJJtrQht+GbYlnPYfqLnd2iwRtFmemJTPmSvS9cpgbU=; b=JVCoDstlXlxQxCg/McEYDIcqdTBW1wqq81B1HIsYzmnDpxJ3BBJeyLE5b1m2DGCii8 d5SkTik6TLWvPxsUB3Uxy0NK9otMH2foQrSbEAs4JSCVJlCVMS2gj+Smv/UVyhSdPEqh 5+FdTnpS1vJvyzUT++KKf4jkbFhV1FObwvCUE= X-Google-DKIM-Signature: v=1; a=rsa-sha256; c=relaxed/relaxed; d=1e100.net; s=20230601; t=1747130506; x=1747735306; h=references:in-reply-to:cc:to:from:subject:message-id:date :x-gm-message-state:from:to:cc:subject:date:message-id:reply-to; bh=aJJtrQht+GbYlnPYfqLnd2iwRtFmemJTPmSvS9cpgbU=; b=uiGIxWullkzPVE2zq2JxkELZT09oBmcP1w3B0DRzRjlwx3d6ePDvp+jjocmgmZ6ykj tKcIUCtP2uS9W7abv9GmD2oMLoFoWo0+Tk2jffciTvpVnbQVygykBzr8Cxb1dZBSwXnp cg7l3KHA7pjcCDOzBlicJcvzQj8LIwNmP1emy2tdlZxD1FhTwu8xuha9jN5yxXAA0/WS a0iGLpWjnVg2gKGHiZB/3w1RifhyR0BcqQQxZE+pU2ZITX2tTAWqC/7MMD9jPsqpQJRq Edm7bvrwM9D0KKUszmOFvOfIMzFRbEGZnv7Ca+tcJByok/mdUD3vglLNAYbk5ENyTx+D chmA== X-Gm-Message-State: AOJu0YzqysfdKIFwmVpv2riBUsrYv1i8yla5fiv+MciyKVM28Kuo1LsX 2ylcpAuy0pwB2/5VgVtKafpbKE2tfauKIThJSNDPZKHd9bxG2vJsT0IIzMAHNkLbIBxzjdSAv2+ 71rvCBhhAV97/Yz6x0qIRawiKLF7WG5MCHR2uxhSt X-Gm-Gg: ASbGncs/eCLKEOdZtDukt29YYzcEBwog3csUkWJjQaR3dWdZ4sXpLnqbD5ZM/3rjVtD gcExfjcsVSzWqYWxUtnoG7QtaFIHnGOyjiK61mVEXKKzfLiwSf1l3WWmV82FW2ShRqkMcumR2nJ 5E1UD3PyMfwDvFkrI3eARYvmtBn1IzQ/91rY0whEjzDa4/DrDNLf9M8R7jW+4dsjsI3qaflirik rl4txAFfEDzclh0t6PuK7GpkUvQchthFIJHlgm1Z6+w+XBkpey0SXaMpqt4T3hMi3jJvjVJ9/g0 lZS0tpUDywNwgSOIsQq6WnhOYPgeEZYbV5LB/arKl/TMeS1ZPIwMav1SmcQ= X-Google-Smtp-Source: AGHT+IHy3tphwLtx1CpB1v96VLAklK8wiYbDaSJUtXxPDyEX/jXTMqPrfqc+gO94NXr6u3aOWSDHUDFXF9kn X-Received: by 2002:a05:6808:1ab2:b0:3f7:ccac:287f with SMTP id 5614622812f47-4037feb1e8cmr8129367b6e.27.1747130495622; Tue, 13 May 2025 03:01:35 -0700 (PDT) Received: from postal.iol.unh.edu (postal.iol.unh.edu. [132.177.123.84]) by smtp-relay.gmail.com with ESMTPS id 46e09a7af769-732264b135dsm287706a34.5.2025.05.13.03.01.35 (version=TLS1_2 cipher=ECDHE-ECDSA-AES128-GCM-SHA256 bits=128/128); Tue, 13 May 2025 03:01:35 -0700 (PDT) X-Relaying-Domain: iol.unh.edu Date: Tue, 13 May 2025 03:01:35 -0700 (PDT) Message-ID: <6823187f.050a0220.2fc9a7.eb9cSMTPIN_ADDED_MISSING@mx.google.com> Received: from [172.21.0.5] (unknown [172.18.0.240]) by postal.iol.unh.edu (Postfix) with ESMTP id 1058D6052471; Tue, 13 May 2025 06:01:35 -0400 (EDT) Subject: |FAILURE| pw153427 [PATCH] [v2] build: automatically report minimum From: dpdklab@iol.unh.edu To: Test Report Cc: dpdk-test-reports@iol.unh.edu, Bruce Richardson In-Reply-To: <20250513085956.1670288-1-bruce.richardson@intel.com> References: <20250513085956.1670288-1-bruce.richardson@intel.com> Content-Type: text/plain X-BeenThere: test-report@dpdk.org X-Mailman-Version: 2.1.29 Precedence: list List-Id: automatic DPDK test reports List-Unsubscribe: , List-Archive: List-Post: List-Help: List-Subscribe: , Errors-To: test-report-bounces@dpdk.org Test-Label: iol-unit-arm64-testing Test-Status: FAILURE http://dpdk.org/patch/153427 _Testing issues_ Submitter: Bruce Richardson Date: Tuesday, May 13 2025 08:59:42 DPDK git baseline: Repo:dpdk Branch: master CommitID:2bf836de46d36a81f9321f947fbfce52b3180782 153427 --> testing issues Upstream job id: Generic-Unit-Test-DPDK#337398 Test environment and result as below: +------------------------+---------------------------+----------------+--------------+------------------------------+ | Environment | cryptodev_sw_zuc_autotest | dpdk_unit_test | lpm_autotest | cryptodev_sw_snow3g_autotest | +========================+===========================+================+==============+==============================+ | Debian 12 (arm) | FAIL | PEND | SKIPPED | PEND | +------------------------+---------------------------+----------------+--------------+------------------------------+ | Fedora 41 (ARM Clang) | SKIPPED | FAIL | SKIPPED | SKIPPED | +------------------------+---------------------------+----------------+--------------+------------------------------+ | CentOS Stream 9 (ARM) | SKIPPED | PASS | SKIPPED | SKIPPED | +------------------------+---------------------------+----------------+--------------+------------------------------+ | Fedora 40 (ARM Clang) | SKIPPED | PEND | SKIPPED | SKIPPED | +------------------------+---------------------------+----------------+--------------+------------------------------+ | Fedora 40 (ARM) | SKIPPED | PEND | SKIPPED | SKIPPED | +------------------------+---------------------------+----------------+--------------+------------------------------+ | CentOS Stream 10 (ARM) | SKIPPED | PEND | SKIPPED | SKIPPED | +------------------------+---------------------------+----------------+--------------+------------------------------+ | Fedora 41 (ARM) | SKIPPED | FAIL | SKIPPED | SKIPPED | +------------------------+---------------------------+----------------+--------------+------------------------------+ | Ubuntu 22.04 (ARM) | SKIPPED | PEND | SKIPPED | SKIPPED | +------------------------+---------------------------+----------------+--------------+------------------------------+ | Ubuntu 24.04 (ARM) | SKIPPED | PEND | SKIPPED | SKIPPED | +------------------------+---------------------------+----------------+--------------+------------------------------+ | RHEL9 (ARM) | SKIPPED | PEND | SKIPPED | SKIPPED | +------------------------+---------------------------+----------------+--------------+------------------------------+ | Ubuntu 20.04 (ARM) | SKIPPED | PEND | SKIPPED | SKIPPED | +------------------------+---------------------------+----------------+--------------+------------------------------+ | Ubuntu 20.04 ARM SVE | SKIPPED | SKIPPED | PEND | SKIPPED | +------------------------+---------------------------+----------------+--------------+------------------------------+ ==== Unit test summary for Fedora 41 (ARM) (dpdk_unit_test): ==== ninja: Entering directory `/home-local/jenkins-local/jenkins-agent/workspace/Generic-Unit-Test-DPDK/dpdk/build' ninja: no work to do. Ok: 0 Expected Fail: 0 Fail: 0 Unexpected Pass: 0 Skipped: 0 Timeout: 0 Full log written to /home-local/jenkins-local/jenkins-agent/workspace/Generic-Unit-Test-DPDK/dpdk/build/meson-logs/testlog.txt ==== End log output ==== Debian 12 (arm) Kernel: Depends on container host Compiler: gcc (Debian 12.2.0-14) 12.2.0 Fedora 41 (ARM Clang) Kernel: Depends on container host Compiler: clang 19.1.5 (Fedora 19.1.5-1.fc41) CentOS Stream 9 (ARM) Kernel: Depends on container host Compiler: gcc 11.5.0 20240719 (Red Hat 11.5.0-2) Fedora 40 (ARM Clang) Kernel: Depends on container host Compiler: clang 18.1.8 (Fedora 18.1.8-1.fc40) Fedora 40 (ARM) Kernel: Depends on container host Compiler: gcc 14.2.1 20240912 (Red Hat 14.2.1-3) CentOS Stream 10 (ARM) Kernel: Depends on container host Compiler: gcc 14.2.1 20241104 (Red Hat 14.2.1-6) Fedora 41 (ARM) Kernel: Depends on container host Compiler: gcc 14.2.1 20240912 (Red Hat 14.2.1-3) Ubuntu 22.04 (ARM) Kernel: Depends on container host Compiler: gcc (Ubuntu 11.4.0-1ubuntu1~22.04) 11.4.0 Ubuntu 24.04 (ARM) Kernel: Depends on container host Compiler: gcc (Ubuntu 13.3.0-6ubuntu2~24.04) 13.3.0 RHEL9 (ARM) Kernel: Depends on container host Compiler: gcc 11.5.0 20240719 (Red Hat 11.5.0-2) Ubuntu 20.04 (ARM) Kernel: Depends on container host Compiler: gcc (Ubuntu 9.4.0-1ubuntu1~20.04.2) 9.4.0 Ubuntu 20.04 ARM SVE Kernel: Depends on container host Compiler: gcc (Ubuntu 10.5.0-1ubuntu1~20.04) 10.5.0 To view detailed results, visit: https://lab.dpdk.org/results/dashboard/patchsets/33162/ UNH-IOL DPDK Community Lab To manage your email subscriptions, visit: https://lab.dpdk.org/results/dashboard/preferences/subscriptions/