From mboxrd@z Thu Jan 1 00:00:00 1970 Return-Path: Received: from mails.dpdk.org (mails.dpdk.org [217.70.189.124]) by inbox.dpdk.org (Postfix) with ESMTP id 3FF5F46735 for ; Tue, 13 May 2025 12:05:27 +0200 (CEST) Received: from mails.dpdk.org (localhost [127.0.0.1]) by mails.dpdk.org (Postfix) with ESMTP id 3D3AC4026C; Tue, 13 May 2025 12:05:27 +0200 (CEST) Received: from mail-pf1-f225.google.com (mail-pf1-f225.google.com [209.85.210.225]) by mails.dpdk.org (Postfix) with ESMTP id E86E84025F for ; Tue, 13 May 2025 12:05:25 +0200 (CEST) Received: by mail-pf1-f225.google.com with SMTP id d2e1a72fcca58-7399838db7fso5245568b3a.0 for ; Tue, 13 May 2025 03:05:25 -0700 (PDT) DKIM-Signature: v=1; a=rsa-sha256; c=relaxed/relaxed; d=iol.unh.edu; s=unh-iol; t=1747130725; x=1747735525; darn=dpdk.org; h=references:in-reply-to:cc:to:from:subject:message-id:date:from:to :cc:subject:date:message-id:reply-to; bh=2+Q1D2P+4midplbVn5ZG7qnBS2GkPX2VMfZldsky3yU=; b=UKX3KK5bnsMtFOVKYI/sRvb8SWFoEcBvOb7ElK02Ax0GBoyrRO4nujARr7ZMGgf/S4 ZqUBnDRDXDoAe0j1LwwZ3zjC3k/sMZ5QO/CGNem1/lJz6aPK6PQiX8OumD8t4FvetFY6 mkXk9bDJU3o7Uo3Rl4uO1vN2xCBNTs8WmgFmo= X-Google-DKIM-Signature: v=1; a=rsa-sha256; c=relaxed/relaxed; d=1e100.net; s=20230601; t=1747130725; x=1747735525; h=references:in-reply-to:cc:to:from:subject:message-id:date :x-gm-message-state:from:to:cc:subject:date:message-id:reply-to; bh=2+Q1D2P+4midplbVn5ZG7qnBS2GkPX2VMfZldsky3yU=; b=keJ5xThXM0NlgElMWB+73L5ZBd3v0kFi7pUKklXyz83NmY4o741qrJsYplZNgx6Ctk zgSOBVAMJOdRx0wQG08X3QusGvDsBb3dtUXTEAZefG0+kl/eTdWEo4OMYvbb1oHbDJax QIfZoomZwfuPgK9j44yZfuKaHaqNEVYkZPcexo2R0OnhK9YEzWaWTI+wH+jWFqKap8MP dTPELXTzT1qiws2UlCiB4J0huWbnoaoHgoLJTstqO0NSWSOZkhV5B6pxEedqk+APrmv9 oVEe/emz4GnMjHtuPgKLxfay5gJ8PbHbB8lL7tMwaggP4SchJBLxSicJ1/111qZ8gLBE CuDQ== X-Gm-Message-State: AOJu0YwrJaJYt6oN2n1GiPjyjrxR20VVekpL5S3RX+3IIc9biabstQNm DmhmJ+zvp1nNdiJfGT3QIFdx+UJGtVONU2xfnDFpnPWiz86S9Y6h52FIdCTg2wDqtEef1up4Re1 XwmVpsr/0uKZXh0pbxFr+7N2MdjFY5T7pgA9uLD0A X-Gm-Gg: ASbGnctNZOj+0ufCGHg9omq6Lz/mxLVuq1K6CjputGT1Ys/9azdoMUhWKMbG8rzxHtL Yhk11Dth9lwQGw/1Q5HX8v9+wuZsxcPWYWc3A9rCbLf7V4pL8SWbG00mqChpt132DHWAhwzJnB6 SRXJDiqUFUuy/G+cmKunho635u9cPwM5rBHpN0VfGn88N27Uuo3UUlrtVO9aM8wT3eNknlYQpPP 9/ZZhvRz11CmkZI00NtEjezqUu+P5Jbdtr6gn59jxMgchNZ+tI2ZXYDvujEC0INp8T6LVVHCW7p 0HJhP1qpiInqSytSsoAsFkbYTQ5VRi57zrkg0p3NrL9Jm3QKjGIyu1hoaDQ= X-Google-Smtp-Source: AGHT+IEMb8atOa3jKzkbZ5MzZrcqHXzMFtyt21L3Incszn6f0k51E1yNfM/UZB5uPWmiSpeiQD8MdWhAnb2k X-Received: by 2002:a05:6a00:6115:b0:736:b3cb:5db with SMTP id d2e1a72fcca58-742791a6a0cmr3262472b3a.11.1747130724370; Tue, 13 May 2025 03:05:24 -0700 (PDT) Received: from postal.iol.unh.edu (postal.iol.unh.edu. [132.177.123.84]) by smtp-relay.gmail.com with ESMTPS id d2e1a72fcca58-74237726559sm526710b3a.6.2025.05.13.03.05.24 (version=TLS1_2 cipher=ECDHE-ECDSA-AES128-GCM-SHA256 bits=128/128); Tue, 13 May 2025 03:05:24 -0700 (PDT) X-Relaying-Domain: iol.unh.edu Date: Tue, 13 May 2025 03:05:24 -0700 (PDT) Message-ID: <68231964.050a0220.2ca6b3.cb4cSMTPIN_ADDED_MISSING@mx.google.com> Received: from [172.21.0.6] (unknown [172.18.0.240]) by postal.iol.unh.edu (Postfix) with ESMTP id 8547F6052471; Tue, 13 May 2025 06:05:23 -0400 (EDT) Subject: |FAILURE| pw153427 [PATCH] [v2] build: automatically report minimum From: dpdklab@iol.unh.edu To: Test Report Cc: dpdk-test-reports@iol.unh.edu, Bruce Richardson In-Reply-To: <20250513085956.1670288-1-bruce.richardson@intel.com> References: <20250513085956.1670288-1-bruce.richardson@intel.com> Content-Type: text/plain X-BeenThere: test-report@dpdk.org X-Mailman-Version: 2.1.29 Precedence: list List-Id: automatic DPDK test reports List-Unsubscribe: , List-Archive: List-Post: List-Help: List-Subscribe: , Errors-To: test-report-bounces@dpdk.org Test-Label: iol-unit-amd64-testing Test-Status: FAILURE http://dpdk.org/patch/153427 _Testing issues_ Submitter: Bruce Richardson Date: Tuesday, May 13 2025 08:59:42 DPDK git baseline: Repo:dpdk Branch: master CommitID:2bf836de46d36a81f9321f947fbfce52b3180782 153427 --> testing issues Upstream job id: Generic-Unit-Test-DPDK#337407 Test environment and result as below: +---------------------+----------------+ | Environment | dpdk_unit_test | +=====================+================+ | CentOS Stream 10 | FAIL | +---------------------+----------------+ | Fedora 41 | FAIL | +---------------------+----------------+ | Debian 12 | PEND | +---------------------+----------------+ | Fedora 40 | PEND | +---------------------+----------------+ | CentOS Stream 9 | PEND | +---------------------+----------------+ | Fedora 41 (Clang) | FAIL | +---------------------+----------------+ | Fedora 40 (Clang) | FAIL | +---------------------+----------------+ | RHEL8 | PEND | +---------------------+----------------+ | Ubuntu 22.04 | PASS | +---------------------+----------------+ | RHEL9 | PEND | +---------------------+----------------+ | Ubuntu 20.04 | PEND | +---------------------+----------------+ | Ubuntu 24.04 | PEND | +---------------------+----------------+ | Windows Server 2022 | PEND | +---------------------+----------------+ ==== Unit test summary for Fedora 40 (Clang) (dpdk_unit_test): ==== ninja: Entering directory `/root/workspace/Generic-Unit-Test-DPDK/dpdk/build' ninja: no work to do. Ok: 0 Expected Fail: 0 Fail: 0 Unexpected Pass: 0 Skipped: 0 Timeout: 0 Full log written to /root/workspace/Generic-Unit-Test-DPDK/dpdk/build/meson-logs/testlog.txt ==== End log output ==== CentOS Stream 10 Kernel: Depends on container host Compiler: gcc 14.2.1 20241104 (Red Hat 14.2.1-6) Fedora 41 Kernel: Depends on container host Compiler: gcc 14.2.1 20240912 (Red Hat 14.2.1-3) Debian 12 Kernel: Depends on container host Compiler: gcc (Debian 12.2.0-14) 12.2.0 Fedora 40 Kernel: Depends on container host Compiler: gcc 14.2.1 20240912 (Red Hat 14.2.1-3) CentOS Stream 9 Kernel: Depends on container host Compiler: gcc 11.5.0 20240719 (Red Hat 11.5.0-2) Fedora 41 (Clang) Kernel: Depends on container host Compiler: clang 19.1.5 (Fedora 19.1.5-1.fc41) Fedora 40 (Clang) Kernel: Depends on container host Compiler: clang 18.1.8 (Fedora 18.1.8-1.fc40) RHEL8 Kernel: Depends on container host Compiler: gcc 8.5.0 20210514 (Red Hat 8.5.0-22) Ubuntu 22.04 Kernel: Depends on container host Compiler: gcc (Ubuntu 11.4.0-1ubuntu1~22.04) 11.4.0 RHEL9 Kernel: Depends on container host Compiler: gcc 11.5.0 20240719 (Red Hat 11.5.0-2) Ubuntu 20.04 Kernel: Depends on container host Compiler: gcc (Ubuntu 9.4.0-1ubuntu1~20.04.2) 9.4.0 Ubuntu 24.04 Kernel: Depends on container host Compiler: gcc (Ubuntu 13.3.0-6ubuntu2~24.04) 13.3.0 Windows Server 2022 Kernel: 10.0.20348.2031 Compiler: clang 15.0.7, gcc 14.1.0 (MinGW), and MSVC VS 19.39.33521 To view detailed results, visit: https://lab.dpdk.org/results/dashboard/patchsets/33162/ UNH-IOL DPDK Community Lab To manage your email subscriptions, visit: https://lab.dpdk.org/results/dashboard/preferences/subscriptions/